{"id":56,"date":"2020-10-10T11:23:53","date_gmt":"2020-10-10T11:23:53","guid":{"rendered":"http:\/\/ee.mlfmonde.org\/zalau-michelin\/?page_id=56"},"modified":"2023-09-21T17:27:37","modified_gmt":"2023-09-21T17:27:37","slug":"college","status":"publish","type":"page","link":"https:\/\/ee.mlfmonde.org\/zalau-michelin\/college\/","title":{"rendered":"Coll\u00e8ge"},"content":{"rendered":"<p>Les \u00e9l\u00e8ves de coll\u00e8ge de la 6e \u00e0 la 3e sont accueillis et suivis par l&rsquo;\u00e9quipe p\u00e9dagogique.<\/p>\n<p>Ils suivent les cours nationaux d&rsquo;enseignement \u00e0 distance (CNED) en classe compl\u00e8te r\u00e9glement\u00e9e (toutes les mati\u00e8res sauf le sport).<\/p>\n<p>Les cours de sport ont lieu en immersion dans une classe roumaine.<\/p>\n<p>Les cours de langue (LV1 Anglais CNED et LV2 Espagnol CNED) sont assur\u00e9s par des professeurs recrut\u00e9s localement. Des cours de roumain peuvent en plus \u00eatre mis en place pour les \u00e9l\u00e8ves dont les familles le souhaitent ; des cours en immersion dans l&rsquo;\u00e9cole h\u00f4te peuvent aussi \u00eatre organis\u00e9s pour les \u00e9l\u00e8ves s&rsquo;exprimant couramment en roumain.<\/p>\n","protected":false},"excerpt":{"rendered":"<p>Les \u00e9l\u00e8ves de coll\u00e8ge de la 6e \u00e0 la 3e sont accueillis et suivis par l&rsquo;\u00e9quipe p\u00e9dagogique. Ils suivent les cours nationaux d&rsquo;enseignement \u00e0 distance (CNED) en classe compl\u00e8te r\u00e9glement\u00e9e (toutes les mati\u00e8res sauf le sport). Les cours de sport ont lieu en immersion dans une classe roumaine. Les cours de langue (LV1 Anglais CNED [&hellip;]<\/p>\n","protected":false},"author":155,"featured_media":0,"parent":0,"menu_order":0,"comment_status":"closed","ping_status":"closed","template":"","meta":{"_acf_changed":false,"footnotes":""},"class_list":["post-56","page","type-page","status-publish","czr-hentry"],"acf":[],"_links":{"self":[{"href":"https:\/\/ee.mlfmonde.org\/zalau-michelin\/wp-json\/wp\/v2\/pages\/56","targetHints":{"allow":["GET"]}}],"collection":[{"href":"https:\/\/ee.mlfmonde.org\/zalau-michelin\/wp-json\/wp\/v2\/pages"}],"about":[{"href":"https:\/\/ee.mlfmonde.org\/zalau-michelin\/wp-json\/wp\/v2\/types\/page"}],"author":[{"embeddable":true,"href":"https:\/\/ee.mlfmonde.org\/zalau-michelin\/wp-json\/wp\/v2\/users\/155"}],"replies":[{"embeddable":true,"href":"https:\/\/ee.mlfmonde.org\/zalau-michelin\/wp-json\/wp\/v2\/comments?post=56"}],"version-history":[{"count":9,"href":"https:\/\/ee.mlfmonde.org\/zalau-michelin\/wp-json\/wp\/v2\/pages\/56\/revisions"}],"predecessor-version":[{"id":2466,"href":"https:\/\/ee.mlfmonde.org\/zalau-michelin\/wp-json\/wp\/v2\/pages\/56\/revisions\/2466"}],"wp:attachment":[{"href":"https:\/\/ee.mlfmonde.org\/zalau-michelin\/wp-json\/wp\/v2\/media?parent=56"}],"curies":[{"name":"wp","href":"https:\/\/api.w.org\/{rel}","templated":true}]}}