{"id":15,"date":"2020-10-07T12:03:48","date_gmt":"2020-10-07T12:03:48","guid":{"rendered":"http:\/\/ee.mlfmonde.org\/zalau-michelin\/?page_id=15"},"modified":"2024-06-07T13:10:55","modified_gmt":"2024-06-07T13:10:55","slug":"documents-administratifs","status":"publish","type":"page","link":"https:\/\/ee.mlfmonde.org\/zalau-michelin\/documents-administratifs\/","title":{"rendered":"Documents administratifs"},"content":{"rendered":"<p><strong>Le calendrier scolaire 2023-2024<\/strong><\/p>\n<p><a href=\"http:\/\/ee.mlfmonde.org\/zalau-michelin\/wp-content\/uploads\/sites\/25\/2023\/06\/CALENDRIER-2023-2024.pdf\">CALENDRIER 2023-2024<\/a><\/p>\n<p><strong>Le r\u00e8glement int\u00e9rieur<\/strong><\/p>\n<p><a href=\"http:\/\/ee.mlfmonde.org\/zalau-michelin\/wp-content\/uploads\/sites\/25\/2023\/12\/RI-23-24.pdf\">RI &#8211; 23-24<\/a><\/p>\n<p><strong>Le projet d&rsquo;\u00e9tablissement<\/strong><\/p>\n<p><a href=\"http:\/\/ee.mlfmonde.org\/zalau-michelin\/wp-content\/uploads\/sites\/25\/2023\/11\/Projet-e\u0301tablissement_Ecole-Zalau-2023-2026.pdf\">Projet e\u0301tablissement_Ecole Zalau 2023-2026<\/a><\/p>\n<p><strong>Le Plan particulier de mise en suret\u00e9<\/strong><\/p>\n<p><a href=\"http:\/\/ee.mlfmonde.org\/zalau-michelin\/wp-content\/uploads\/sites\/25\/2022\/11\/PPMS.pdf\">PPMS<\/a><\/p>\n<p><strong>Les compte-rendus des conseils d&rsquo;\u00e9cole 2023-2024<\/strong><\/p>\n<p><a href=\"http:\/\/ee.mlfmonde.org\/zalau-michelin\/wp-content\/uploads\/sites\/25\/2023\/12\/CR-Conseil-de\u0301cole-1.pdf\">CR Conseil d&rsquo;e\u0301cole 1<\/a><\/p>\n<p><a href=\"http:\/\/ee.mlfmonde.org\/zalau-michelin\/wp-content\/uploads\/sites\/25\/2024\/03\/CR-Conseil-de\u0301cole-2.pdf\">CR Conseil d&rsquo;e\u0301cole 2<\/a><\/p>\n<p><a href=\"http:\/\/ee.mlfmonde.org\/zalau-michelin\/wp-content\/uploads\/sites\/25\/2024\/06\/CR-Conseil-de\u0301cole-3.pdf\">CR Conseil d&rsquo;e\u0301cole 3<\/a><\/p>\n","protected":false},"excerpt":{"rendered":"<p>Le calendrier scolaire 2023-2024 CALENDRIER 2023-2024 Le r\u00e8glement int\u00e9rieur RI &#8211; 23-24 Le projet d&rsquo;\u00e9tablissement Projet e\u0301tablissement_Ecole Zalau 2023-2026 Le Plan particulier de mise en suret\u00e9 PPMS Les compte-rendus des conseils d&rsquo;\u00e9cole 2023-2024 CR Conseil d&rsquo;e\u0301cole 1 CR Conseil d&rsquo;e\u0301cole 2 CR Conseil d&rsquo;e\u0301cole 3<\/p>\n","protected":false},"author":1,"featured_media":0,"parent":0,"menu_order":0,"comment_status":"closed","ping_status":"closed","template":"","meta":{"_acf_changed":false,"footnotes":""},"class_list":["post-15","page","type-page","status-publish","czr-hentry"],"acf":[],"_links":{"self":[{"href":"https:\/\/ee.mlfmonde.org\/zalau-michelin\/wp-json\/wp\/v2\/pages\/15","targetHints":{"allow":["GET"]}}],"collection":[{"href":"https:\/\/ee.mlfmonde.org\/zalau-michelin\/wp-json\/wp\/v2\/pages"}],"about":[{"href":"https:\/\/ee.mlfmonde.org\/zalau-michelin\/wp-json\/wp\/v2\/types\/page"}],"author":[{"embeddable":true,"href":"https:\/\/ee.mlfmonde.org\/zalau-michelin\/wp-json\/wp\/v2\/users\/1"}],"replies":[{"embeddable":true,"href":"https:\/\/ee.mlfmonde.org\/zalau-michelin\/wp-json\/wp\/v2\/comments?post=15"}],"version-history":[{"count":51,"href":"https:\/\/ee.mlfmonde.org\/zalau-michelin\/wp-json\/wp\/v2\/pages\/15\/revisions"}],"predecessor-version":[{"id":2684,"href":"https:\/\/ee.mlfmonde.org\/zalau-michelin\/wp-json\/wp\/v2\/pages\/15\/revisions\/2684"}],"wp:attachment":[{"href":"https:\/\/ee.mlfmonde.org\/zalau-michelin\/wp-json\/wp\/v2\/media?parent=15"}],"curies":[{"name":"wp","href":"https:\/\/api.w.org\/{rel}","templated":true}]}}