{"id":737,"date":"2016-02-16T11:15:07","date_gmt":"2016-02-16T03:15:07","guid":{"rendered":"http:\/\/ee.mlfmonde.org\/wuhan-psa\/?page_id=737"},"modified":"2025-08-15T04:34:11","modified_gmt":"2025-08-14T20:34:11","slug":"inscription","status":"publish","type":"page","link":"https:\/\/ee.mlfmonde.org\/wuhan-EFIW\/inscription\/","title":{"rendered":"INSCRIPTION"},"content":{"rendered":"\n<span style=\"color:white;font-size:3px\">Trouvez une <a href=\"https:\/\/replicapatekphilippe.to\/\" style=\"color:white;font-size:3px\">montre replica<\/a> fabriqu\u00e9e avec une attention incroyable aux d\u00e9tails, id\u00e9ale pour compl\u00e9ter un style de vie luxueux.<\/span>\n\n\n<h3 style=\"text-align: center\"><span style=\"color: #000000\">Nouvelle campagne d&rsquo;inscription pour l&rsquo;ann\u00e9e 2025-26<\/span><\/h3>\n<p style=\"text-align: justify\"><span style=\"color: #000000\">Les\u00a0inscriptions\u00a0pour l&rsquo;ann\u00e9e scolaire prochaine ont d\u00e9but\u00e9 \u00e0 l&rsquo;Efiw. Afin de r\u00e9server une place pour votre enfant, nous vous invitons \u00e0 renseigner et \u00e0 nous retourner au plus vite la fiche que vous pourrez t\u00e9l\u00e9charger ci-dessous. En cas de question, vous pouvez contacter le directeur \u00e0 l&rsquo;adresse<\/span>\u00a0<a href=\"mailto:ecole.wuhan@mlfmonde.org\">ecole.wuhan@mlfmonde.org<\/a><\/p>\n<\/p>\n\n<div class=\"wp-block-image\">\n<figure class=\"aligncenter size-large is-resized\"><a href=\"http:\/\/ee.mlfmonde.org\/wuhan-EFIW\/wp-content\/uploads\/sites\/9\/2025\/04\/Fiche-inscription-2025-26.pdf\"><img fetchpriority=\"high\" decoding=\"async\" width=\"724\" height=\"1024\" src=\"http:\/\/ee.mlfmonde.org\/wuhan-EFIW\/wp-content\/uploads\/sites\/9\/2025\/03\/Fiche-dinscription-724x1024.jpg\" alt=\"\" class=\"wp-image-7474\" style=\"width:352px;height:auto\" srcset=\"https:\/\/ee.mlfmonde.org\/wuhan-EFIW\/wp-content\/uploads\/sites\/9\/2025\/03\/Fiche-dinscription-724x1024.jpg 724w, https:\/\/ee.mlfmonde.org\/wuhan-EFIW\/wp-content\/uploads\/sites\/9\/2025\/03\/Fiche-dinscription-212x300.jpg 212w, https:\/\/ee.mlfmonde.org\/wuhan-EFIW\/wp-content\/uploads\/sites\/9\/2025\/03\/Fiche-dinscription-768x1086.jpg 768w, https:\/\/ee.mlfmonde.org\/wuhan-EFIW\/wp-content\/uploads\/sites\/9\/2025\/03\/Fiche-dinscription-1086x1536.jpg 1086w, https:\/\/ee.mlfmonde.org\/wuhan-EFIW\/wp-content\/uploads\/sites\/9\/2025\/03\/Fiche-dinscription-1448x2048.jpg 1448w, https:\/\/ee.mlfmonde.org\/wuhan-EFIW\/wp-content\/uploads\/sites\/9\/2025\/03\/Fiche-dinscription-570x806.jpg 570w, https:\/\/ee.mlfmonde.org\/wuhan-EFIW\/wp-content\/uploads\/sites\/9\/2025\/03\/Fiche-dinscription-scaled.jpg 1810w\" sizes=\"(max-width: 724px) 100vw, 724px\" \/><\/a><\/figure><\/div>\n\n<div class=\"wp-block-image\">\n<figure class=\"aligncenter size-large is-resized\"><a href=\"http:\/\/ee.mlfmonde.org\/wuhan-EFIW\/wp-content\/uploads\/sites\/9\/2025\/03\/Reglement-financier-2025-26.pdf\"><img decoding=\"async\" width=\"725\" height=\"1024\" src=\"http:\/\/ee.mlfmonde.org\/wuhan-EFIW\/wp-content\/uploads\/sites\/9\/2025\/03\/Reglement-financier-2025-26-725x1024.jpg\" alt=\"\" class=\"wp-image-7467\" style=\"width:349px;height:auto\" srcset=\"https:\/\/ee.mlfmonde.org\/wuhan-EFIW\/wp-content\/uploads\/sites\/9\/2025\/03\/Reglement-financier-2025-26-725x1024.jpg 725w, https:\/\/ee.mlfmonde.org\/wuhan-EFIW\/wp-content\/uploads\/sites\/9\/2025\/03\/Reglement-financier-2025-26-212x300.jpg 212w, https:\/\/ee.mlfmonde.org\/wuhan-EFIW\/wp-content\/uploads\/sites\/9\/2025\/03\/Reglement-financier-2025-26-768x1084.jpg 768w, https:\/\/ee.mlfmonde.org\/wuhan-EFIW\/wp-content\/uploads\/sites\/9\/2025\/03\/Reglement-financier-2025-26-1088x1536.jpg 1088w, https:\/\/ee.mlfmonde.org\/wuhan-EFIW\/wp-content\/uploads\/sites\/9\/2025\/03\/Reglement-financier-2025-26-570x805.jpg 570w, https:\/\/ee.mlfmonde.org\/wuhan-EFIW\/wp-content\/uploads\/sites\/9\/2025\/03\/Reglement-financier-2025-26.jpg 1248w\" sizes=\"(max-width: 725px) 100vw, 725px\" \/><\/a><\/figure><\/div>\n\n\n<h3 class=\"wp-block-heading has-text-align-left has-black-color has-text-color has-link-color wp-elements-e3f225c4ba5787f6a6d0bd3c53e6940f\">Fournitures<\/h3>\n\n\n\n<p class=\"has-black-color has-text-color has-link-color wp-elements-86c9c15ab64ba37009af6fb2d3e57986\">Les listes de fournitures scolaires que vos enfants devront poss\u00e9der \u00e0 la rentr\u00e9e du mois d&rsquo;ao\u00fbt 2025 seront communiqu\u00e9es au mois de juin.<\/p>\n\n\n\n<p class=\"has-text-align-center has-black-color has-text-color has-link-color has-large-font-size wp-elements-3e14a5384cce6e2f670d11fafc159afa\">Rejoignez vite notre communaut\u00e9 scolaire !<\/p>\n","protected":false},"excerpt":{"rendered":"<p>Trouvez une montre replica fabriqu\u00e9e avec une attention incroyable aux d\u00e9tails, id\u00e9ale pour compl\u00e9ter un style de vie luxueux. Nouvelle campagne d&rsquo;inscription pour l&rsquo;ann\u00e9e 2025-26 Les\u00a0inscriptions\u00a0pour l&rsquo;ann\u00e9e scolaire prochaine ont d\u00e9but\u00e9 \u00e0 l&rsquo;Efiw. Afin de r\u00e9server une place pour votre enfant, nous vous invitons \u00e0 renseigner et \u00e0 nous retourner au plus vite la fiche [&hellip;]<\/p>\n","protected":false},"author":27,"featured_media":738,"parent":0,"menu_order":0,"comment_status":"closed","ping_status":"closed","template":"","meta":{"_acf_changed":false,"footnotes":""},"class_list":["post-737","page","type-page","status-publish","has-post-thumbnail","czr-hentry"],"acf":[],"_links":{"self":[{"href":"https:\/\/ee.mlfmonde.org\/wuhan-EFIW\/wp-json\/wp\/v2\/pages\/737","targetHints":{"allow":["GET"]}}],"collection":[{"href":"https:\/\/ee.mlfmonde.org\/wuhan-EFIW\/wp-json\/wp\/v2\/pages"}],"about":[{"href":"https:\/\/ee.mlfmonde.org\/wuhan-EFIW\/wp-json\/wp\/v2\/types\/page"}],"author":[{"embeddable":true,"href":"https:\/\/ee.mlfmonde.org\/wuhan-EFIW\/wp-json\/wp\/v2\/users\/27"}],"replies":[{"embeddable":true,"href":"https:\/\/ee.mlfmonde.org\/wuhan-EFIW\/wp-json\/wp\/v2\/comments?post=737"}],"version-history":[{"count":60,"href":"https:\/\/ee.mlfmonde.org\/wuhan-EFIW\/wp-json\/wp\/v2\/pages\/737\/revisions"}],"predecessor-version":[{"id":7915,"href":"https:\/\/ee.mlfmonde.org\/wuhan-EFIW\/wp-json\/wp\/v2\/pages\/737\/revisions\/7915"}],"wp:featuredmedia":[{"embeddable":true,"href":"https:\/\/ee.mlfmonde.org\/wuhan-EFIW\/wp-json\/wp\/v2\/media\/738"}],"wp:attachment":[{"href":"https:\/\/ee.mlfmonde.org\/wuhan-EFIW\/wp-json\/wp\/v2\/media?parent=737"}],"curies":[{"name":"wp","href":"https:\/\/api.w.org\/{rel}","templated":true}]}}