{"id":5044,"date":"2020-09-28T08:46:10","date_gmt":"2020-09-28T00:46:10","guid":{"rendered":"http:\/\/ee.mlfmonde.org\/wuhan-EFIW\/?page_id=5044"},"modified":"2025-08-26T00:39:06","modified_gmt":"2025-08-25T16:39:06","slug":"protocole-sanitaire","status":"publish","type":"page","link":"https:\/\/ee.mlfmonde.org\/wuhan-EFIW\/administration\/protocole-sanitaire\/","title":{"rendered":"PROTOCOLE SANITAIRE"},"content":{"rendered":"<p><span style=\"color: #000000\">Depuis septembre 2020, l\u2019Efiw respecte un protocole sanitaire pour pouvoir accueillir ses \u00e9l\u00e8ves.<\/span><\/p>\n<p><span style=\"color: #000000\">Voici la version en cours depuis le 1er septembre 2021.<\/span><\/p>\n<p><a href=\"http:\/\/ee.mlfmonde.org\/wuhan-EFIW\/wp-content\/uploads\/sites\/9\/2021\/09\/Protocole-sanitaire-1-Sept-2021.pdf\"><img fetchpriority=\"high\" decoding=\"async\" class=\"wp-image-5922 aligncenter\" src=\"http:\/\/ee.mlfmonde.org\/wuhan-EFIW\/wp-content\/uploads\/sites\/9\/2021\/09\/Protocole-sanitaire-1-Sept-2021-1-731x1024.jpg\" alt=\"\" width=\"213\" height=\"300\" srcset=\"https:\/\/ee.mlfmonde.org\/wuhan-EFIW\/wp-content\/uploads\/sites\/9\/2021\/09\/Protocole-sanitaire-1-Sept-2021-1-214x300.jpg 214w, https:\/\/ee.mlfmonde.org\/wuhan-EFIW\/wp-content\/uploads\/sites\/9\/2021\/09\/Protocole-sanitaire-1-Sept-2021-1-570x799.jpg 570w, https:\/\/ee.mlfmonde.org\/wuhan-EFIW\/wp-content\/uploads\/sites\/9\/2021\/09\/Protocole-sanitaire-1-Sept-2021-1.jpg 1280w\" sizes=\"(max-width: 213px) 100vw, 213px\" \/><\/a><\/p>\n<p style=\"text-align: justify\"><span style=\"color: #000000\">NB : Les absences doivent toujours \u00eatre signal\u00e9es par \u00e9crit au directeur, \u00e0 l\u2019avance si elles sont pr\u00e9vues, le matin par courriel, par t\u00e9l\u00e9phone ou par texto avant la classe si elles sont impr\u00e9vues. Quel que soit le moyen choisi, cette action doit \u00eatre doubl\u00e9e par l\u2019envoi ou la remise d\u2019une fiche d\u2019absence li\u00e9e au protocole sanitaire. Vous trouverez cette fiche au lien suivant :<\/span><\/p>\n<p><a href=\"http:\/\/ee.mlfmonde.org\/wuhan-EFIW\/wp-content\/uploads\/sites\/9\/2021\/11\/Fiche-dabsence.pdf\"><img decoding=\"async\" class=\"size-medium wp-image-6041 aligncenter\" src=\"http:\/\/ee.mlfmonde.org\/wuhan-EFIW\/wp-content\/uploads\/sites\/9\/2021\/11\/Fiche-dabsence-213x300.jpg\" alt=\"\" width=\"213\" height=\"300\" srcset=\"https:\/\/ee.mlfmonde.org\/wuhan-EFIW\/wp-content\/uploads\/sites\/9\/2021\/11\/Fiche-dabsence-213x300.jpg 213w, https:\/\/ee.mlfmonde.org\/wuhan-EFIW\/wp-content\/uploads\/sites\/9\/2021\/11\/Fiche-dabsence-768x1081.jpg 768w, https:\/\/ee.mlfmonde.org\/wuhan-EFIW\/wp-content\/uploads\/sites\/9\/2021\/11\/Fiche-dabsence-727x1024.jpg 727w, https:\/\/ee.mlfmonde.org\/wuhan-EFIW\/wp-content\/uploads\/sites\/9\/2021\/11\/Fiche-dabsence-570x803.jpg 570w, https:\/\/ee.mlfmonde.org\/wuhan-EFIW\/wp-content\/uploads\/sites\/9\/2021\/11\/Fiche-dabsence.jpg 1260w\" sizes=\"(max-width: 213px) 100vw, 213px\" \/><\/a><\/p>\n<div>\n<p><a href=\"https:\/\/richiss.com\/\">situs toto<\/a><\/p>\n<\/div>\n<div>\n<p><a href=\"https:\/\/richiss.com\/\">slot88 resmi<\/a><\/p>\n<\/div>\n<div>\n<p><a href=\"https:\/\/richiss.com\/\">slot toto<\/a><\/p>\n<\/div>\n<div>\n<p><a href=\"https:\/\/ariesfashion.com\/\">sakaw39<\/a><\/p>\n<\/div>\n<div>\n<p><a href=\"https:\/\/sakaw39-1.com\/\">sakaw39<\/a><\/p>\n<\/div>\n<div>\n<p><a href=\"https:\/\/boswd.io\/\">boswd<\/a><\/p>\n<\/div>\n<div>\n<p><a href=\"https:\/\/boswdgame.com\">boswd<\/a><\/p>\n<\/div>\n<div>\n<p><a href=\"https:\/\/cantik77a.com\/\">cantik77<\/a><\/p>\n<\/div>\n<div>\n<p><a href=\"https:\/\/mascotasrus.com\/\">cantik77 login<\/a><\/p>\n<\/div>\n<div>\n<p><a href=\"https:\/\/sunugalinfos.com\/\">cantik77 alternatif<\/a><\/p>\n<\/div>\n<div>\n<p><a href=\"https:\/\/rig.edu.bt\/\">bolaemas99 login<\/a><\/p>\n<\/div>\n<div>\n<p><a href=\"https:\/\/bosswdjaya.click\/\">bosswd<\/a><\/p>\n<\/div>\n<div>\n<p><a href=\"https:\/\/bosswdprime.ink\/\">bosswd<\/a><\/p>\n<\/div>\n<div>\n<p><a href=\"https:\/\/bosswdprime.fit\/\">bosswd<\/a><\/p>\n<\/div>\n<div>\n<p><a href=\"https:\/\/bosswdprime.ink\/\">bosswd link<\/a><\/p>\n<\/div>\n<div>\n<p><a href=\"https:\/\/priambudi.com\/\">cantik77 slot alternative<\/a><\/p>\n<\/div>\n<div>\n<p><a href=\"https:\/\/tecidcreatives.com\/\">cantik77<\/a><\/p>\n<\/div>\n<div>\n<p><a href=\"https:\/\/joeshoeservicepa.com\">bosswd<\/a><\/p>\n<\/div>\n<div>\n<p><a href=\"https:\/\/joeshoeservicepa.com\">bosswd link alternatif<\/a><\/p>\n<\/div>\n<div>\n<p><a href=\"http:\/\/pittsburghprincessparty.com\/\">cantik77<\/a><\/p>\n<\/div>\n<div>\n<p><a href=\"https:\/\/antikor.brest.by\/blog-post\/\">bosswd<\/a><\/p>\n<\/div>\n<div>\n<p><a href=\"https:\/\/situsbe99.lol\/\">bolaemas99<\/a><\/p>\n<\/div>\n<div>\n<p><a href=\"https:\/\/big368c.com\/\">big368 alternatif<\/a><\/p>\n<\/div>\n<div>\n<p><a href=\"https:\/\/big368prime.com\/\">big368<\/a><\/p>\n<\/div>\n<div>\n<p><a href=\"https:\/\/cantik77main.fit\/\">cantik77<\/a><\/p>\n<\/div>\n<p><a href=\"https:\/\/big368login.com\/r\/big368reviewslot.html\">big368<\/a><\/p>\n<p>&nbsp;<\/p>\n","protected":false},"excerpt":{"rendered":"<p>Depuis septembre 2020, l\u2019Efiw respecte un protocole sanitaire pour pouvoir accueillir ses \u00e9l\u00e8ves. Voici la version en cours depuis le 1er septembre 2021. NB : Les absences doivent toujours \u00eatre signal\u00e9es par \u00e9crit au directeur, \u00e0 l\u2019avance si elles sont pr\u00e9vues, le matin par courriel, par t\u00e9l\u00e9phone ou par texto avant la classe si elles [&hellip;]<\/p>\n","protected":false},"author":96,"featured_media":0,"parent":11,"menu_order":0,"comment_status":"closed","ping_status":"closed","template":"","meta":{"_acf_changed":false,"footnotes":""},"class_list":["post-5044","page","type-page","status-publish","czr-hentry"],"acf":[],"_links":{"self":[{"href":"https:\/\/ee.mlfmonde.org\/wuhan-EFIW\/wp-json\/wp\/v2\/pages\/5044","targetHints":{"allow":["GET"]}}],"collection":[{"href":"https:\/\/ee.mlfmonde.org\/wuhan-EFIW\/wp-json\/wp\/v2\/pages"}],"about":[{"href":"https:\/\/ee.mlfmonde.org\/wuhan-EFIW\/wp-json\/wp\/v2\/types\/page"}],"author":[{"embeddable":true,"href":"https:\/\/ee.mlfmonde.org\/wuhan-EFIW\/wp-json\/wp\/v2\/users\/96"}],"replies":[{"embeddable":true,"href":"https:\/\/ee.mlfmonde.org\/wuhan-EFIW\/wp-json\/wp\/v2\/comments?post=5044"}],"version-history":[{"count":8,"href":"https:\/\/ee.mlfmonde.org\/wuhan-EFIW\/wp-json\/wp\/v2\/pages\/5044\/revisions"}],"predecessor-version":[{"id":7955,"href":"https:\/\/ee.mlfmonde.org\/wuhan-EFIW\/wp-json\/wp\/v2\/pages\/5044\/revisions\/7955"}],"up":[{"embeddable":true,"href":"https:\/\/ee.mlfmonde.org\/wuhan-EFIW\/wp-json\/wp\/v2\/pages\/11"}],"wp:attachment":[{"href":"https:\/\/ee.mlfmonde.org\/wuhan-EFIW\/wp-json\/wp\/v2\/media?parent=5044"}],"curies":[{"name":"wp","href":"https:\/\/api.w.org\/{rel}","templated":true}]}}