{"id":3644,"date":"2018-11-20T11:17:25","date_gmt":"2018-11-20T03:17:25","guid":{"rendered":"http:\/\/ee.mlfmonde.org\/wuhan-EFIW\/?page_id=3644"},"modified":"2024-11-11T10:06:36","modified_gmt":"2024-11-11T02:06:36","slug":"protocole-pollution","status":"publish","type":"page","link":"https:\/\/ee.mlfmonde.org\/wuhan-EFIW\/protocole-pollution\/","title":{"rendered":"PROTOCOLE POLLUTION"},"content":{"rendered":"<div style=\"text-align: justify\"><span style=\"color: #000000\">Les habitants de Wuhan sont soumis \u00e0 des taux de pollution de l&rsquo;air pouvant \u00eatre tr\u00e8s importants. L&rsquo;Efiw, par souci de pr\u00e9server la sant\u00e9 des enfants qui lui sont confi\u00e9s, a \u00e9tabli un \u00ab\u00a0Protocole de protection en cas de pic de pollution\u00a0\u00bb qu&rsquo;elle applique rigoureusement.<\/span><\/div>\n<div style=\"text-align: justify\"><\/div>\n<div style=\"text-align: justify\"><span style=\"color: #000000\">Vous pourrez le d\u00e9couvrir en cliquant sur l&rsquo;image ci-dessous.<\/span><\/div>\n<div><a href=\"http:\/\/ee.mlfmonde.org\/wuhan-EFIW\/wp-content\/uploads\/sites\/9\/2021\/11\/protocole_pollution_NOV2021-2.pdf\"><img fetchpriority=\"high\" decoding=\"async\" class=\" wp-image-6015 aligncenter\" src=\"http:\/\/ee.mlfmonde.org\/wuhan-EFIW\/wp-content\/uploads\/sites\/9\/2021\/11\/protocole_pollution_NOV2021-2-1-1024x508.jpg\" alt=\"\" width=\"514\" height=\"255\" srcset=\"https:\/\/ee.mlfmonde.org\/wuhan-EFIW\/wp-content\/uploads\/sites\/9\/2021\/11\/protocole_pollution_NOV2021-2-1-1024x508.jpg 1024w, https:\/\/ee.mlfmonde.org\/wuhan-EFIW\/wp-content\/uploads\/sites\/9\/2021\/11\/protocole_pollution_NOV2021-2-1-300x149.jpg 300w, https:\/\/ee.mlfmonde.org\/wuhan-EFIW\/wp-content\/uploads\/sites\/9\/2021\/11\/protocole_pollution_NOV2021-2-1-768x381.jpg 768w, https:\/\/ee.mlfmonde.org\/wuhan-EFIW\/wp-content\/uploads\/sites\/9\/2021\/11\/protocole_pollution_NOV2021-2-1-570x283.jpg 570w, https:\/\/ee.mlfmonde.org\/wuhan-EFIW\/wp-content\/uploads\/sites\/9\/2021\/11\/protocole_pollution_NOV2021-2-1.jpg 1214w\" sizes=\"(max-width: 514px) 100vw, 514px\" \/><\/a><\/div>\n","protected":false},"excerpt":{"rendered":"<p>Les habitants de Wuhan sont soumis \u00e0 des taux de pollution de l&rsquo;air pouvant \u00eatre tr\u00e8s importants. L&rsquo;Efiw, par souci de pr\u00e9server la sant\u00e9 des enfants qui lui sont confi\u00e9s, a \u00e9tabli un \u00ab\u00a0Protocole de protection en cas de pic de pollution\u00a0\u00bb qu&rsquo;elle applique rigoureusement. Vous pourrez le d\u00e9couvrir en cliquant sur l&rsquo;image ci-dessous.<\/p>\n","protected":false},"author":96,"featured_media":0,"parent":0,"menu_order":0,"comment_status":"closed","ping_status":"closed","template":"","meta":{"_acf_changed":false,"footnotes":""},"class_list":["post-3644","page","type-page","status-publish","czr-hentry"],"acf":[],"_links":{"self":[{"href":"https:\/\/ee.mlfmonde.org\/wuhan-EFIW\/wp-json\/wp\/v2\/pages\/3644","targetHints":{"allow":["GET"]}}],"collection":[{"href":"https:\/\/ee.mlfmonde.org\/wuhan-EFIW\/wp-json\/wp\/v2\/pages"}],"about":[{"href":"https:\/\/ee.mlfmonde.org\/wuhan-EFIW\/wp-json\/wp\/v2\/types\/page"}],"author":[{"embeddable":true,"href":"https:\/\/ee.mlfmonde.org\/wuhan-EFIW\/wp-json\/wp\/v2\/users\/96"}],"replies":[{"embeddable":true,"href":"https:\/\/ee.mlfmonde.org\/wuhan-EFIW\/wp-json\/wp\/v2\/comments?post=3644"}],"version-history":[{"count":7,"href":"https:\/\/ee.mlfmonde.org\/wuhan-EFIW\/wp-json\/wp\/v2\/pages\/3644\/revisions"}],"predecessor-version":[{"id":7267,"href":"https:\/\/ee.mlfmonde.org\/wuhan-EFIW\/wp-json\/wp\/v2\/pages\/3644\/revisions\/7267"}],"wp:attachment":[{"href":"https:\/\/ee.mlfmonde.org\/wuhan-EFIW\/wp-json\/wp\/v2\/media?parent=3644"}],"curies":[{"name":"wp","href":"https:\/\/api.w.org\/{rel}","templated":true}]}}