{"id":135,"date":"2015-11-28T09:37:12","date_gmt":"2015-11-28T01:37:12","guid":{"rendered":"http:\/\/ee.mlfmonde.org\/wuhan-psa\/?page_id=135"},"modified":"2021-09-23T16:52:46","modified_gmt":"2021-09-23T08:52:46","slug":"mlf","status":"publish","type":"page","link":"https:\/\/ee.mlfmonde.org\/wuhan-EFIW\/etablissement\/mlf\/","title":{"rendered":"La Mlf"},"content":{"rendered":"<h1 style=\"text-align: center\"><strong><span style=\"color: #000000\">La Mission La\u00efque Fran\u00e7aise<\/span>\u00a0<a href=\"http:\/\/www.mlfmonde.org\/\" target=\"_blank\" rel=\"noopener\"><img decoding=\"async\" class=\"alignnone wp-image-26\" src=\"http:\/\/ee.mlfmonde.org\/wuhan-psa\/wp-content\/uploads\/sites\/9\/2016\/LOGOS\/new_logo.png\" alt=\"La MLF\" width=\"117\" height=\"117\" srcset=\"https:\/\/ee.mlfmonde.org\/wuhan-EFIW\/wp-content\/uploads\/sites\/9\/2016\/LOGOS\/new_logo.png 700w, https:\/\/ee.mlfmonde.org\/wuhan-EFIW\/wp-content\/uploads\/sites\/9\/2016\/LOGOS\/new_logo-150x150.png 150w, https:\/\/ee.mlfmonde.org\/wuhan-EFIW\/wp-content\/uploads\/sites\/9\/2016\/LOGOS\/new_logo-300x300.png 300w\" sizes=\"(max-width: 117px) 100vw, 117px\" \/><\/a><\/strong><\/h1>\n<p style=\"text-align: justify\"><span style=\"color: #000000\">Association \u00e0 but non lucratif reconnue d\u2019utilit\u00e9 publique\u00a0depuis 1907, la Mission la\u00efque fran\u00e7aise (Mlf) est \u00e0 la t\u00eate d\u2019un r\u00e9seau de 108\u00a0\u00e9tablissements d\u2019enseignement fran\u00e7ais \u00e0 l\u2019\u00e9tranger scolarisant plus de\u00a061 000 \u00e9l\u00e8ves.\u00a0<\/span><\/p>\n<div style=\"width: 1140px;\" class=\"wp-video\"><!--[if lt IE 9]><script>document.createElement('video');<\/script><![endif]-->\n<video class=\"wp-video-shortcode\" id=\"video-135-1\" width=\"1140\" height=\"641\" preload=\"metadata\" controls=\"controls\"><source type=\"video\/mp4\" src=\"http:\/\/ee.mlfmonde.org\/wuhan-EFIW\/wp-content\/uploads\/sites\/9\/2021\/09\/Motion-Mlf-2021.mp4?_=1\" \/><a href=\"http:\/\/ee.mlfmonde.org\/wuhan-EFIW\/wp-content\/uploads\/sites\/9\/2021\/09\/Motion-Mlf-2021.mp4\">http:\/\/ee.mlfmonde.org\/wuhan-EFIW\/wp-content\/uploads\/sites\/9\/2021\/09\/Motion-Mlf-2021.mp4<\/a><\/video><\/div>\n<p style=\"text-align: justify\"><span style=\"color: #000000\">L\u2019Ecole fran\u00e7aise internationale de Wuhan (Efiw) fait partie du r\u00e9seau des \u00e9coles d\u2019entreprises de la\u00a0Mlf.<\/span><\/p>\n<p style=\"text-align: justify\">\n","protected":false},"excerpt":{"rendered":"<p>La Mission La\u00efque Fran\u00e7aise\u00a0 Association \u00e0 but non lucratif reconnue d\u2019utilit\u00e9 publique\u00a0depuis 1907, la Mission la\u00efque fran\u00e7aise (Mlf) est \u00e0 la t\u00eate d\u2019un r\u00e9seau de 108\u00a0\u00e9tablissements d\u2019enseignement fran\u00e7ais \u00e0 l\u2019\u00e9tranger scolarisant plus de\u00a061 000 \u00e9l\u00e8ves.\u00a0 L\u2019Ecole fran\u00e7aise internationale de Wuhan (Efiw) fait partie du r\u00e9seau des \u00e9coles d\u2019entreprises de la\u00a0Mlf.<\/p>\n","protected":false},"author":28,"featured_media":0,"parent":138,"menu_order":0,"comment_status":"closed","ping_status":"closed","template":"","meta":{"_acf_changed":false,"footnotes":""},"class_list":["post-135","page","type-page","status-publish","czr-hentry"],"acf":[],"_links":{"self":[{"href":"https:\/\/ee.mlfmonde.org\/wuhan-EFIW\/wp-json\/wp\/v2\/pages\/135","targetHints":{"allow":["GET"]}}],"collection":[{"href":"https:\/\/ee.mlfmonde.org\/wuhan-EFIW\/wp-json\/wp\/v2\/pages"}],"about":[{"href":"https:\/\/ee.mlfmonde.org\/wuhan-EFIW\/wp-json\/wp\/v2\/types\/page"}],"author":[{"embeddable":true,"href":"https:\/\/ee.mlfmonde.org\/wuhan-EFIW\/wp-json\/wp\/v2\/users\/28"}],"replies":[{"embeddable":true,"href":"https:\/\/ee.mlfmonde.org\/wuhan-EFIW\/wp-json\/wp\/v2\/comments?post=135"}],"version-history":[{"count":16,"href":"https:\/\/ee.mlfmonde.org\/wuhan-EFIW\/wp-json\/wp\/v2\/pages\/135\/revisions"}],"predecessor-version":[{"id":5928,"href":"https:\/\/ee.mlfmonde.org\/wuhan-EFIW\/wp-json\/wp\/v2\/pages\/135\/revisions\/5928"}],"up":[{"embeddable":true,"href":"https:\/\/ee.mlfmonde.org\/wuhan-EFIW\/wp-json\/wp\/v2\/pages\/138"}],"wp:attachment":[{"href":"https:\/\/ee.mlfmonde.org\/wuhan-EFIW\/wp-json\/wp\/v2\/media?parent=135"}],"curies":[{"name":"wp","href":"https:\/\/api.w.org\/{rel}","templated":true}]}}