{"id":5503,"date":"2017-09-12T14:28:28","date_gmt":"2017-09-12T14:28:28","guid":{"rendered":"http:\/\/ee.mlfmonde.org\/stavanger-lycee-francais\/?page_id=5503"},"modified":"2017-09-12T16:08:12","modified_gmt":"2017-09-12T16:08:12","slug":"selection-speciale-litterature-pour-les-collegiens-pour-la-rentree-2017-cycle-3-6eme","status":"publish","type":"page","link":"https:\/\/ee.mlfmonde.org\/stavanger-lycee-francais\/selection-speciale-litterature-pour-les-collegiens-pour-la-rentree-2017-cycle-3-6eme\/","title":{"rendered":"6\u00e8mes litt\u00e9rature"},"content":{"rendered":"<p>&nbsp;<\/p>\n<p>S\u00e9lection sp\u00e9ciale \u00ab Litt\u00e9rature pour les coll\u00e9giens \u00bb pour la rentr\u00e9e 2017, cycle 3 (6\u00e8me)<\/p>\n<p><a href=\"http:\/\/ee.mlfmonde.org\/stavanger-lycee-francais\/wp-content\/uploads\/sites\/7\/2017\/09\/Selection2016_litterature_cycle3_nov_2016_657305.pdf\" target=\"_blank\" rel=\"noopener\">S\u00e9lection2016_litt\u00e9rature_cycle3_nov_2016<\/a><\/p>\n","protected":false},"excerpt":{"rendered":"<p>&nbsp; S\u00e9lection sp\u00e9ciale \u00ab Litt\u00e9rature pour les coll\u00e9giens \u00bb pour la rentr\u00e9e 2017, cycle 3 (6\u00e8me) S\u00e9lection2016_litt\u00e9rature_cycle3_nov_2016<\/p>\n","protected":false},"author":11,"featured_media":0,"parent":0,"menu_order":0,"comment_status":"closed","ping_status":"closed","template":"","meta":{"_acf_changed":false,"footnotes":""},"class_list":["post-5503","page","type-page","status-publish","czr-hentry"],"acf":[],"_links":{"self":[{"href":"https:\/\/ee.mlfmonde.org\/stavanger-lycee-francais\/wp-json\/wp\/v2\/pages\/5503","targetHints":{"allow":["GET"]}}],"collection":[{"href":"https:\/\/ee.mlfmonde.org\/stavanger-lycee-francais\/wp-json\/wp\/v2\/pages"}],"about":[{"href":"https:\/\/ee.mlfmonde.org\/stavanger-lycee-francais\/wp-json\/wp\/v2\/types\/page"}],"author":[{"embeddable":true,"href":"https:\/\/ee.mlfmonde.org\/stavanger-lycee-francais\/wp-json\/wp\/v2\/users\/11"}],"replies":[{"embeddable":true,"href":"https:\/\/ee.mlfmonde.org\/stavanger-lycee-francais\/wp-json\/wp\/v2\/comments?post=5503"}],"version-history":[{"count":2,"href":"https:\/\/ee.mlfmonde.org\/stavanger-lycee-francais\/wp-json\/wp\/v2\/pages\/5503\/revisions"}],"predecessor-version":[{"id":5507,"href":"https:\/\/ee.mlfmonde.org\/stavanger-lycee-francais\/wp-json\/wp\/v2\/pages\/5503\/revisions\/5507"}],"wp:attachment":[{"href":"https:\/\/ee.mlfmonde.org\/stavanger-lycee-francais\/wp-json\/wp\/v2\/media?parent=5503"}],"curies":[{"name":"wp","href":"https:\/\/api.w.org\/{rel}","templated":true}]}}