{"id":1689,"date":"2016-11-09T16:19:47","date_gmt":"2016-11-09T16:19:47","guid":{"rendered":"http:\/\/ee.mlfmonde.org\/stavanger-lycee-francais\/?page_id=1689"},"modified":"2018-06-12T12:17:29","modified_gmt":"2018-06-12T12:17:29","slug":"cambridge","status":"publish","type":"page","link":"https:\/\/ee.mlfmonde.org\/stavanger-lycee-francais\/cambridge\/","title":{"rendered":"L&rsquo;examen du Cambridge English Certificate au LFS"},"content":{"rendered":"<p>Jeudi 7, vendredi 8 et mardi 12 juin, un grand nombre d&rsquo;\u00e9l\u00e8ves de notre \u00e9cole ont pass\u00e9 les examens de langue anglaise organis\u00e9s par Cambridge English.<\/p>\n<p>Du CE1 \u00e0 la seconde (voire une enseignante), du YLE Starters au First Certificate, de A1- \u00e0 C1, il y en avait pour tous les go\u00fbts!<\/p>\n<p>&nbsp;<\/p>\n<p>Vivement les r\u00e9sultats!<\/p>\n<p>&nbsp;<\/p>\n<p>&nbsp;<\/p>\n<p>Les r\u00e9actions \u00e0 chaud :<\/p>\n<p>Au niveau du temps, je trouve que c&rsquo;\u00e9tait parfait et bien calcul\u00e9.<\/p>\n<p>C&rsquo;\u00e9tait amusant!<\/p>\n<p>C&rsquo;\u00e9tait assez facile!<\/p>\n<p>C&rsquo;\u00e9tait simple, il fallait \u00eatre concentr\u00e9 pour ne pas se tromper.<\/p>\n<p>C&rsquo;\u00e9tait cool, le plus facile \u00e9tait le <em>Speaking<\/em>.<\/p>\n<p>C&rsquo;\u00e9tait hyper bien, \u00e0 part pour le <em>Speaking<\/em> o\u00f9 je n&rsquo;aime pas \u00eatre dans un groupe de trois.<\/p>\n<p>C&rsquo;\u00e9tait plus simple que je ne le pensais.<\/p>\n<p>C&rsquo;\u00e9tait stressant au d\u00e9but parce qu&rsquo;on ne connaissait pas les examinateurs.<\/p>\n<p>C&rsquo;\u00e9tait un peu ennuyant.<\/p>\n<p>Ca c&rsquo;est bien pass\u00e9 mais le <em>Writing <\/em>prenait beaucoup de temps donc il fallait bien g\u00e9rer le temps.<\/p>\n<p>Ca fatigue!<\/p>\n<p>J&rsquo;ai ador\u00e9!<\/p>\n<p>J&rsquo;ai bien aim\u00e9 le <em>Speaking<\/em> mais l&rsquo;oral me stresse car ils \u00e9valuent chaque chose que tu dis, mais les sujets propos\u00e9s m&rsquo;int\u00e9ressaient beaucoup.<\/p>\n<p>J&rsquo;aime bien puisque tu apprends quel est ton niveau d&rsquo;anglais.<\/p>\n<p>J&rsquo;avais peur!<\/p>\n<p>J&rsquo;\u00e9tais concentr\u00e9.<\/p>\n<p>J&rsquo;\u00e9tais nerveux, je ne voulais pas faire d&rsquo;erreurs.<\/p>\n<p>Je croyais que je n&rsquo;allais pas r\u00e9ussir, mais j&rsquo;ai quand m\u00eame r\u00e9ussi!<\/p>\n<p>Je l&rsquo;ai trouv\u00e9 facile, les gens \u00e9taient sympas et les examens n&rsquo;\u00e9taient pas trop longs.<\/p>\n<p>Je pensais que ce serait plus difficile!<\/p>\n<p>Je pense que c&rsquo;\u00e9tait bien et que c&rsquo;\u00e9tait assez facile. J&rsquo;esp\u00e8re le refaire l&rsquo;ann\u00e9e prochaine.<\/p>\n<p>L&rsquo;ambiance \u00e9tait sympa, tous les \u00e9l\u00e8ves se soutenaient afin de bien r\u00e9ussir leurs examens. J&rsquo;esp\u00e8re que tout s&rsquo;est bien pass\u00e9 et que j&rsquo;ai valid\u00e9 mon P.E.T.!<\/p>\n<p>L&rsquo;examinatrice \u00e9tait rigolote pour nous mettre \u00e0 l&rsquo;aise.<\/p>\n<p>La dame \u00e9tait gentille!<\/p>\n<p>Le <em>Reading\/Writing<\/em> \u00e9tait plus facile que le <em>Listening\/Speaking<\/em>.<\/p>\n<p>Le <em>Speaking<\/em> \u00e9tait le plus facile car il n&rsquo;y avait pas de chronom\u00e8tre.<\/p>\n<p>Le <em>Speaking<\/em> s&rsquo;est bien d\u00e9roul\u00e9, les examinateurs n&rsquo;\u00e9taient pas trop stricts, donc j&rsquo;\u00e9tais moins stress\u00e9e.<\/p>\n<p>Les examinateurs \u00e9taient tr\u00e8s sympathiques, j&rsquo;ai beaucoup aim\u00e9 car j&rsquo;ai trouv\u00e9 l&rsquo;examen super. Il n&rsquo;\u00e9tait ni trop dur ni trop facile.<\/p>\n<p>Mes examens se sont bien pass\u00e9s. A l&rsquo;oral comme \u00e0 l&rsquo;\u00e9crit et \u00e0 l&rsquo;\u00e9coute, j&rsquo;ai toujours tout compris. Je pense avoir bien r\u00e9ussi!<\/p>\n<p>Super, les examinateurs \u00e9taient sympas. Le <em>Speaking <\/em>\u00e9tait la partie la plus difficile. J&rsquo;ai ador\u00e9 l&rsquo;horloge qui \u00e9tait au tableau durant le <em>Reading <\/em>et <em>Writing<\/em>.<\/p>\n\n\t\t<style type=\"text\/css\">\n\t\t\t#gallery-1 {\n\t\t\t\tmargin: auto;\n\t\t\t}\n\t\t\t#gallery-1 .gallery-item {\n\t\t\t\tfloat: left;\n\t\t\t\tmargin-top: 10px;\n\t\t\t\ttext-align: center;\n\t\t\t\twidth: 33%;\n\t\t\t}\n\t\t\t#gallery-1 img {\n\t\t\t\tborder: 2px solid #cfcfcf;\n\t\t\t}\n\t\t\t#gallery-1 .gallery-caption {\n\t\t\t\tmargin-left: 0;\n\t\t\t}\n\t\t\t\/* see gallery_shortcode() in wp-includes\/media.php *\/\n\t\t<\/style>\n\t\t<div id='gallery-1' class='gallery galleryid-1689 gallery-columns-3 gallery-size-large'><dl class='gallery-item'>\n\t\t\t<dt class='gallery-icon landscape'>\n\t\t\t\t<a href='https:\/\/ee.mlfmonde.org\/stavanger-lycee-francais\/cambridge\/img_5589-modifier\/'><img fetchpriority=\"high\" decoding=\"async\" width=\"1024\" height=\"768\" src=\"https:\/\/ee.mlfmonde.org\/stavanger-lycee-francais\/wp-content\/uploads\/sites\/7\/2018\/06\/IMG_5589-Modifier-1024x768.jpg\" class=\"attachment-large size-large\" alt=\"\" srcset=\"https:\/\/ee.mlfmonde.org\/stavanger-lycee-francais\/wp-content\/uploads\/sites\/7\/2018\/06\/IMG_5589-Modifier-1024x768.jpg 1024w, https:\/\/ee.mlfmonde.org\/stavanger-lycee-francais\/wp-content\/uploads\/sites\/7\/2018\/06\/IMG_5589-Modifier-300x225.jpg 300w, https:\/\/ee.mlfmonde.org\/stavanger-lycee-francais\/wp-content\/uploads\/sites\/7\/2018\/06\/IMG_5589-Modifier-768x576.jpg 768w, https:\/\/ee.mlfmonde.org\/stavanger-lycee-francais\/wp-content\/uploads\/sites\/7\/2018\/06\/IMG_5589-Modifier.jpg 1200w\" sizes=\"(max-width: 1024px) 100vw, 1024px\" \/><\/a>\n\t\t\t<\/dt><\/dl><dl class='gallery-item'>\n\t\t\t<dt class='gallery-icon landscape'>\n\t\t\t\t<a href='https:\/\/ee.mlfmonde.org\/stavanger-lycee-francais\/cambridge\/img_5591-modifier\/'><img decoding=\"async\" width=\"1024\" height=\"768\" src=\"https:\/\/ee.mlfmonde.org\/stavanger-lycee-francais\/wp-content\/uploads\/sites\/7\/2018\/06\/IMG_5591-Modifier-1024x768.jpg\" class=\"attachment-large size-large\" alt=\"\" srcset=\"https:\/\/ee.mlfmonde.org\/stavanger-lycee-francais\/wp-content\/uploads\/sites\/7\/2018\/06\/IMG_5591-Modifier-1024x768.jpg 1024w, https:\/\/ee.mlfmonde.org\/stavanger-lycee-francais\/wp-content\/uploads\/sites\/7\/2018\/06\/IMG_5591-Modifier-300x225.jpg 300w, https:\/\/ee.mlfmonde.org\/stavanger-lycee-francais\/wp-content\/uploads\/sites\/7\/2018\/06\/IMG_5591-Modifier-768x576.jpg 768w, https:\/\/ee.mlfmonde.org\/stavanger-lycee-francais\/wp-content\/uploads\/sites\/7\/2018\/06\/IMG_5591-Modifier.jpg 1200w\" sizes=\"(max-width: 1024px) 100vw, 1024px\" \/><\/a>\n\t\t\t<\/dt><\/dl><dl class='gallery-item'>\n\t\t\t<dt class='gallery-icon landscape'>\n\t\t\t\t<a href='https:\/\/ee.mlfmonde.org\/stavanger-lycee-francais\/cambridge\/img_5593-modifier\/'><img decoding=\"async\" width=\"1024\" height=\"768\" src=\"https:\/\/ee.mlfmonde.org\/stavanger-lycee-francais\/wp-content\/uploads\/sites\/7\/2018\/06\/IMG_5593-Modifier-1024x768.jpg\" class=\"attachment-large size-large\" alt=\"\" srcset=\"https:\/\/ee.mlfmonde.org\/stavanger-lycee-francais\/wp-content\/uploads\/sites\/7\/2018\/06\/IMG_5593-Modifier-1024x768.jpg 1024w, https:\/\/ee.mlfmonde.org\/stavanger-lycee-francais\/wp-content\/uploads\/sites\/7\/2018\/06\/IMG_5593-Modifier-300x225.jpg 300w, https:\/\/ee.mlfmonde.org\/stavanger-lycee-francais\/wp-content\/uploads\/sites\/7\/2018\/06\/IMG_5593-Modifier-768x576.jpg 768w, https:\/\/ee.mlfmonde.org\/stavanger-lycee-francais\/wp-content\/uploads\/sites\/7\/2018\/06\/IMG_5593-Modifier.jpg 1200w\" sizes=\"(max-width: 1024px) 100vw, 1024px\" \/><\/a>\n\t\t\t<\/dt><\/dl><br style=\"clear: both\" \/><dl class='gallery-item'>\n\t\t\t<dt class='gallery-icon landscape'>\n\t\t\t\t<a href='https:\/\/ee.mlfmonde.org\/stavanger-lycee-francais\/cambridge\/img_5595-modifier\/'><img loading=\"lazy\" decoding=\"async\" width=\"1024\" height=\"768\" src=\"https:\/\/ee.mlfmonde.org\/stavanger-lycee-francais\/wp-content\/uploads\/sites\/7\/2018\/06\/IMG_5595-Modifier-1024x768.jpg\" class=\"attachment-large size-large\" alt=\"\" srcset=\"https:\/\/ee.mlfmonde.org\/stavanger-lycee-francais\/wp-content\/uploads\/sites\/7\/2018\/06\/IMG_5595-Modifier-1024x768.jpg 1024w, https:\/\/ee.mlfmonde.org\/stavanger-lycee-francais\/wp-content\/uploads\/sites\/7\/2018\/06\/IMG_5595-Modifier-300x225.jpg 300w, https:\/\/ee.mlfmonde.org\/stavanger-lycee-francais\/wp-content\/uploads\/sites\/7\/2018\/06\/IMG_5595-Modifier-768x576.jpg 768w, https:\/\/ee.mlfmonde.org\/stavanger-lycee-francais\/wp-content\/uploads\/sites\/7\/2018\/06\/IMG_5595-Modifier.jpg 1200w\" sizes=\"(max-width: 1024px) 100vw, 1024px\" \/><\/a>\n\t\t\t<\/dt><\/dl><dl class='gallery-item'>\n\t\t\t<dt class='gallery-icon landscape'>\n\t\t\t\t<a href='https:\/\/ee.mlfmonde.org\/stavanger-lycee-francais\/cambridge\/img_5598-modifier\/'><img loading=\"lazy\" decoding=\"async\" width=\"1024\" height=\"768\" src=\"https:\/\/ee.mlfmonde.org\/stavanger-lycee-francais\/wp-content\/uploads\/sites\/7\/2018\/06\/IMG_5598-Modifier-1024x768.jpg\" class=\"attachment-large size-large\" alt=\"\" srcset=\"https:\/\/ee.mlfmonde.org\/stavanger-lycee-francais\/wp-content\/uploads\/sites\/7\/2018\/06\/IMG_5598-Modifier-1024x768.jpg 1024w, https:\/\/ee.mlfmonde.org\/stavanger-lycee-francais\/wp-content\/uploads\/sites\/7\/2018\/06\/IMG_5598-Modifier-300x225.jpg 300w, https:\/\/ee.mlfmonde.org\/stavanger-lycee-francais\/wp-content\/uploads\/sites\/7\/2018\/06\/IMG_5598-Modifier-768x576.jpg 768w, https:\/\/ee.mlfmonde.org\/stavanger-lycee-francais\/wp-content\/uploads\/sites\/7\/2018\/06\/IMG_5598-Modifier.jpg 1200w\" sizes=\"(max-width: 1024px) 100vw, 1024px\" \/><\/a>\n\t\t\t<\/dt><\/dl><dl class='gallery-item'>\n\t\t\t<dt class='gallery-icon landscape'>\n\t\t\t\t<a href='https:\/\/ee.mlfmonde.org\/stavanger-lycee-francais\/cambridge\/img_5619-modifier\/'><img loading=\"lazy\" decoding=\"async\" width=\"1024\" height=\"768\" src=\"https:\/\/ee.mlfmonde.org\/stavanger-lycee-francais\/wp-content\/uploads\/sites\/7\/2018\/06\/IMG_5619-Modifier-1024x768.jpg\" class=\"attachment-large size-large\" alt=\"\" srcset=\"https:\/\/ee.mlfmonde.org\/stavanger-lycee-francais\/wp-content\/uploads\/sites\/7\/2018\/06\/IMG_5619-Modifier-1024x768.jpg 1024w, https:\/\/ee.mlfmonde.org\/stavanger-lycee-francais\/wp-content\/uploads\/sites\/7\/2018\/06\/IMG_5619-Modifier-300x225.jpg 300w, https:\/\/ee.mlfmonde.org\/stavanger-lycee-francais\/wp-content\/uploads\/sites\/7\/2018\/06\/IMG_5619-Modifier-768x576.jpg 768w, https:\/\/ee.mlfmonde.org\/stavanger-lycee-francais\/wp-content\/uploads\/sites\/7\/2018\/06\/IMG_5619-Modifier.jpg 1200w\" sizes=\"(max-width: 1024px) 100vw, 1024px\" \/><\/a>\n\t\t\t<\/dt><\/dl><br style=\"clear: both\" \/>\n\t\t<\/div>\n\n<p>&nbsp;<\/p>\n","protected":false},"excerpt":{"rendered":"<p>Jeudi 7, vendredi 8 et mardi 12 juin, un grand nombre d&rsquo;\u00e9l\u00e8ves de notre \u00e9cole ont pass\u00e9 les examens de langue anglaise organis\u00e9s par Cambridge English. Du CE1 \u00e0 la seconde (voire une enseignante), du YLE Starters au First Certificate, de A1- \u00e0 C1, il y en avait pour tous les go\u00fbts! &nbsp; Vivement les [&hellip;]<\/p>\n","protected":false},"author":11,"featured_media":9390,"parent":0,"menu_order":0,"comment_status":"closed","ping_status":"closed","template":"","meta":{"_acf_changed":false,"footnotes":""},"class_list":["post-1689","page","type-page","status-publish","has-post-thumbnail","czr-hentry"],"acf":[],"_links":{"self":[{"href":"https:\/\/ee.mlfmonde.org\/stavanger-lycee-francais\/wp-json\/wp\/v2\/pages\/1689","targetHints":{"allow":["GET"]}}],"collection":[{"href":"https:\/\/ee.mlfmonde.org\/stavanger-lycee-francais\/wp-json\/wp\/v2\/pages"}],"about":[{"href":"https:\/\/ee.mlfmonde.org\/stavanger-lycee-francais\/wp-json\/wp\/v2\/types\/page"}],"author":[{"embeddable":true,"href":"https:\/\/ee.mlfmonde.org\/stavanger-lycee-francais\/wp-json\/wp\/v2\/users\/11"}],"replies":[{"embeddable":true,"href":"https:\/\/ee.mlfmonde.org\/stavanger-lycee-francais\/wp-json\/wp\/v2\/comments?post=1689"}],"version-history":[{"count":4,"href":"https:\/\/ee.mlfmonde.org\/stavanger-lycee-francais\/wp-json\/wp\/v2\/pages\/1689\/revisions"}],"predecessor-version":[{"id":9389,"href":"https:\/\/ee.mlfmonde.org\/stavanger-lycee-francais\/wp-json\/wp\/v2\/pages\/1689\/revisions\/9389"}],"wp:featuredmedia":[{"embeddable":true,"href":"https:\/\/ee.mlfmonde.org\/stavanger-lycee-francais\/wp-json\/wp\/v2\/media\/9390"}],"wp:attachment":[{"href":"https:\/\/ee.mlfmonde.org\/stavanger-lycee-francais\/wp-json\/wp\/v2\/media?parent=1689"}],"curies":[{"name":"wp","href":"https:\/\/api.w.org\/{rel}","templated":true}]}}