{"id":148,"date":"2017-11-09T01:26:59","date_gmt":"2017-11-09T01:26:59","guid":{"rendered":"http:\/\/ee.mlfmonde.org\/sacheon-airbus\/?page_id=148"},"modified":"2023-08-21T01:13:42","modified_gmt":"2023-08-21T01:13:42","slug":"projet-detablissement","status":"publish","type":"page","link":"https:\/\/ee.mlfmonde.org\/sacheon-airbus\/projet-detablissement\/","title":{"rendered":"Projet d&rsquo;\u00e9tablissement."},"content":{"rendered":"<p><strong>\u00a0\u00a0\u00a0\u00a0\u00a0 PROJET D\u2019ETABLISSEMENT DE L\u2019ECOLE AIRBUS-MLF DE SACHEON<\/strong><\/p>\n<p>Ann\u00e9es 2022-2025<\/p>\n<p>&nbsp;<\/p>\n<p><strong><u>Axe 1<\/u><\/strong><strong>\u00a0 Int\u00e9grer l\u2019\u00e9cole fran\u00e7aise dans une \u00e9cole internationale\u00a0et mettre en place un syst\u00e8me hybride.<\/strong><\/p>\n<p><strong><u>Objectifs\u00a0:<\/u><\/strong><\/p>\n<p>&#8211; \u00e9tablir une communication fructueuse et des \u00e9changes avec la direction et les enseignants\u00a0 de GIFS \u00a0\u00a0afin de faire conna\u00eetre le syst\u00e8me hybride aupr\u00e8s des partenaires et de mieux assurer le suivi des \u00e9l\u00e8ves.<\/p>\n<p>&#8211; favoriser une int\u00e9gration rapide des \u00e9l\u00e8ves dans le syst\u00e8me am\u00e9ricain afin qu\u2019ils puissent profiter au plus vite des cours enseign\u00e9s en classe anglophone.<\/p>\n<p><strong><u>Axe 2<\/u><\/strong><strong>\u00a0 Dynamiser l\u2019enseignement par le CNED<\/strong><\/p>\n<p><strong><u>Objectifs<\/u><\/strong><\/p>\n<p>-Mettre en place un emploi du temps qui permette de cr\u00e9er des \u00e9changes entre les diff\u00e9rents niveaux et d\u2019offrir un enseignement direct et performant.<\/p>\n<p>&#8211; Saisir les petits effectifs comme une chance pour offrir un enseignement individualis\u00e9 et performant.<\/p>\n<p>&#8211; D\u00e9gager un temps hebdomadaire pour dynamiser l\u2019enseignement avec le CNED en variant les approches p\u00e9dagogiques, aussi bien \u00e0 l\u2019oral qu\u2019\u00e0 l\u2019\u00e9crit, d\u00e8s que cela est possible\u00a0: affichages, carnets de lecture, expos\u00e9s, brevet blanc.<\/p>\n<p><strong>&#8211; <\/strong>Mettre en place des \u00e9changes avec le LIX de S\u00e9oul et participer aux projets des EE du r\u00e9seau MLF.<\/p>\n<p><strong><u>Axe 3<\/u><\/strong><strong>\u00a0 Ma\u00eetriser la langue fran\u00e7aise pour bien \u00e9crire, s\u2019exprimer, et communiquer<\/strong><\/p>\n<p>L\u2019isolement et l\u2019immersion dans le syst\u00e8me anglophone rendent cet axe prioritaire\u00a0: les\u00a0 \u00e9l\u00e8ves doivent d\u00e9velopper et consolider leur ma\u00eetrise du fran\u00e7ais.<\/p>\n<p><strong><u>Objectifs<\/u><\/strong><\/p>\n<p>&#8211; Ecrire en fran\u00e7ais<\/p>\n<p>&#8211; S\u2019exprimer clairement, savoir donner une explication en fran\u00e7ais<\/p>\n<p>&#8211; Construire des projets autour de la langue fran\u00e7aise<\/p>\n<p>&#8211; Conna\u00eetre le patrimoine fran\u00e7ais<\/p>\n<p>&nbsp;<\/p>\n<p><strong>\u00a0Projet d&rsquo;\u00e9tablissement d\u00e9taill\u00e9 en PJ :\u00a0<\/strong><\/p>\n<p><a href=\"http:\/\/ee.mlfmonde.org\/sacheon-airbus\/wp-content\/uploads\/sites\/22\/2023\/08\/Pojet-d\u00e9tablissement-2022-2025.pdf\">Pojet d&rsquo;\u00e9tablissement 2022-2025<\/a><\/p>\n<p><strong>\u00a0<\/strong><\/p>\n<p><strong>\u00a0<\/strong><\/p>\n<p>&nbsp;<\/p>\n","protected":false},"excerpt":{"rendered":"<p>\u00a0\u00a0\u00a0\u00a0\u00a0 PROJET D\u2019ETABLISSEMENT DE L\u2019ECOLE AIRBUS-MLF DE SACHEON Ann\u00e9es 2022-2025 &nbsp; Axe 1\u00a0 Int\u00e9grer l\u2019\u00e9cole fran\u00e7aise dans une \u00e9cole internationale\u00a0et mettre en place un syst\u00e8me hybride. Objectifs\u00a0: &#8211; \u00e9tablir une communication fructueuse et des \u00e9changes avec la direction et les enseignants\u00a0 de GIFS \u00a0\u00a0afin de faire conna\u00eetre le syst\u00e8me hybride aupr\u00e8s des partenaires et de [&hellip;]<\/p>\n","protected":false},"author":130,"featured_media":0,"parent":0,"menu_order":0,"comment_status":"closed","ping_status":"closed","template":"","meta":{"_acf_changed":false,"footnotes":""},"class_list":["post-148","page","type-page","status-publish","czr-hentry"],"acf":[],"_links":{"self":[{"href":"https:\/\/ee.mlfmonde.org\/sacheon-airbus\/wp-json\/wp\/v2\/pages\/148","targetHints":{"allow":["GET"]}}],"collection":[{"href":"https:\/\/ee.mlfmonde.org\/sacheon-airbus\/wp-json\/wp\/v2\/pages"}],"about":[{"href":"https:\/\/ee.mlfmonde.org\/sacheon-airbus\/wp-json\/wp\/v2\/types\/page"}],"author":[{"embeddable":true,"href":"https:\/\/ee.mlfmonde.org\/sacheon-airbus\/wp-json\/wp\/v2\/users\/130"}],"replies":[{"embeddable":true,"href":"https:\/\/ee.mlfmonde.org\/sacheon-airbus\/wp-json\/wp\/v2\/comments?post=148"}],"version-history":[{"count":3,"href":"https:\/\/ee.mlfmonde.org\/sacheon-airbus\/wp-json\/wp\/v2\/pages\/148\/revisions"}],"predecessor-version":[{"id":760,"href":"https:\/\/ee.mlfmonde.org\/sacheon-airbus\/wp-json\/wp\/v2\/pages\/148\/revisions\/760"}],"wp:attachment":[{"href":"https:\/\/ee.mlfmonde.org\/sacheon-airbus\/wp-json\/wp\/v2\/media?parent=148"}],"curies":[{"name":"wp","href":"https:\/\/api.w.org\/{rel}","templated":true}]}}