{"id":140,"date":"2017-11-09T01:07:02","date_gmt":"2017-11-09T01:07:02","guid":{"rendered":"http:\/\/ee.mlfmonde.org\/sacheon-airbus\/?page_id=140"},"modified":"2017-11-09T01:07:02","modified_gmt":"2017-11-09T01:07:02","slug":"reglement-scolaire","status":"publish","type":"page","link":"https:\/\/ee.mlfmonde.org\/sacheon-airbus\/reglement-scolaire\/","title":{"rendered":"R\u00e8glement scolaire"},"content":{"rendered":"<p><strong>R\u00e8glement int\u00e9rieur de l\u2019\u00e9cole fran\u00e7aise Airbus-MLF de Sacheon<\/strong><strong>.<\/strong><\/p>\n<p>En compl\u00e9ment du r\u00e8glement int\u00e9rieur de l\u2019\u00e9cole internationale de Gyeongnam ( GIFS)<\/p>\n<p>&nbsp;<\/p>\n<p><strong>Fr\u00e9quentation et obligation scolaire<\/strong><\/p>\n<p>La pr\u00e9sence des \u00e9l\u00e8ves inscrits est obligatoire. Les classes fonctionnent du lundi au vendredi, de 8h30 \u00e0 15h25, \u00e0 l\u2019\u00e9cole internationale Gyeongnam. \u00a0La surveillance des \u00e9l\u00e8ves est assur\u00e9e \u00e0 l\u2019ouverture des portails, \u00e0 partir de 8h15 et se termine \u00e0 15h30. Les parents des \u00e9l\u00e8ves des classes \u00e9l\u00e9mentaires et primaires ou les personnes habilit\u00e9es n\u2019utilisant pas le transport scolaire d\u00e9posent l\u2019enfant au portail et le reprennent au portail.<\/p>\n<p><strong>Absences et retards<\/strong><\/p>\n<p>Toute absence doit \u00eatre signal\u00e9e le jour m\u00eame (par t\u00e9l\u00e9phone avant 8h30 ou par message oral donn\u00e9 par un autre adulte ou un enfant). Un certificat m\u00e9dical est demand\u00e9 au retour d\u2019une maladie contagieuse. Pour des raisons exceptionnelles (orthophonie, visite m\u00e9dicale sp\u00e9cialis\u00e9e\u2026) l\u2019enfant est autoris\u00e9 \u00e0 quitter la classe durant les heures scolaires, sous la responsabilit\u00e9 de l\u2019adulte responsable qui le prend en charge \u00e0 la porte de la classe, apr\u00e8s avoir averti l\u2019enseignant par \u00e9crit en pr\u00e9cisant le motif et les heures de d\u00e9part et de retour. Des absences non justifi\u00e9es ou des retards r\u00e9p\u00e9t\u00e9s entra\u00eenent un signalement au directeur.<\/p>\n<p><strong>Assiduit\u00e9<\/strong><\/p>\n<p>La pr\u00e9sence \u00e0 tous les cours dispens\u00e9s dans la classe est obligatoire, conform\u00e9ment aux instructions du Minist\u00e8re de l\u2019\u00c9ducation Nationale.<\/p>\n<p><strong>Restauration scolaire<\/strong><\/p>\n<p>Les \u00e9l\u00e8ves, du \u00a0CE1 au lyc\u00e9e, acc\u00e8dent au restaurant scolaire et sont pris en charge par du personnel recrut\u00e9 par l\u2019\u00e9tablissement ; ils utilisent le libre service et sont plac\u00e9s sous la surveillance du personnel du secondaire ou du primaire.<\/p>\n<p><strong>Respect du travail demand\u00e9<\/strong><\/p>\n<p>Les \u00e9l\u00e8ves sont tenus d&rsquo;apprendre les le\u00e7ons, d&rsquo;effectuer les recherches n\u00e9cessaires et d&rsquo;ex\u00e9cuter les devoirs et exercices dans les d\u00e9lais impos\u00e9s. Ils devront \u00e9galement participer \u00e0 la totalit\u00e9 des enseignements dans les trois disciplines obligatoires\u00a0: fran\u00e7ais, math\u00e9matiques et histoire-g\u00e9ographie. De m\u00eame ils apporteront le mat\u00e9riel n\u00e9cessaire pour suivre les cours g\u00e9n\u00e9raux dans de bonnes conditions (manuels scolaires, calculettes, feuilles de copie, stylos&#8230;)<\/p>\n<p>&nbsp;<\/p>\n<p>&nbsp;<\/p>\n<p><strong>Calendrier<\/strong><\/p>\n<p>Le calendrier scolaire est celui de l\u2019\u00e9cole internationale GIFS. Le respect de ce calendrier est imp\u00e9ratif dans la mesure o\u00f9 les programmes et \u00e9valuations sont planifi\u00e9s sur toute la dur\u00e9e de la p\u00e9riode de travail.<\/p>\n<p>&nbsp;<\/p>\n<p><strong>Hygi\u00e8ne et sant\u00e9<\/strong><\/p>\n<p>Une tenue correcte est exig\u00e9e pour tous les \u00e9l\u00e8ves inscrits \u00e0 l\u2019\u00e9cole. Le port de l\u2019uniforme est obligatoire. Des chaussures adapt\u00e9es aux activit\u00e9s physiques et sportives, ainsi qu\u2019aux jeux d\u2019enfants lors des r\u00e9cr\u00e9ations, sont souhait\u00e9es. Pour une meilleure hygi\u00e8ne alimentaire, en classe de fran\u00e7ais, l\u2019enfant est autoris\u00e9 \u00e0 apporter \u00e0 l\u2019\u00e9cole uniquement une petite brique de lait ou de jus de fruits, ou des fruits frais. Aucun autre go\u00fbter ne sera accept\u00e9. Toute maladie contagieuse doit \u00eatre signal\u00e9e ; il en va de m\u00eame pour la pr\u00e9sence des poux. Les parents pr\u00e9viendront l\u2019\u00e9cole et assureront la d\u00e9sinfection des v\u00eatements et de la literie afin d\u2019\u00e9viter la propagation. Pour tout probl\u00e8me de sant\u00e9 grave, les responsables sont imm\u00e9diatement avertis aux num\u00e9ros d\u2019urgence qu\u2019ils ont communiqu\u00e9s \u00e0 l\u2019\u00e9cole.<\/p>\n<p><strong>Relations parents\/enseignants<\/strong><\/p>\n<p>Une r\u00e9union d\u2019information pour les parents est pr\u00e9vue dans le premier mois qui suit la rentr\u00e9e scolaire. D\u2019autres peuvent \u00eatre programm\u00e9es, \u00e0 l\u2019initiative de l\u2019enseignant et du directeur, pour des projets ou des probl\u00e8mes particuliers. Tout parent qui souhaite rencontrer un enseignant sollicite un rendez-vous. Un enseignant, en accord avec le directeur, peut proposer une rencontre aux parents, concernant le travail ou le comportement de l\u2019enfant. Les cahiers journaliers sont aussi transmis r\u00e9guli\u00e8rement aux parents pour \u00eatre vis\u00e9s.<\/p>\n<p><strong>Comportement<\/strong><\/p>\n<p>Les \u00e9l\u00e8ves doivent apprendre \u00e0 vivre ensemble, dans le respect des uns et des autres. Toute violence physique ou verbale (injures et gros mots) est \u00e0 proscrire. Les manquements au r\u00e8glement int\u00e9rieur, et en particulier toute atteinte \u00e0 l\u2019int\u00e9grit\u00e9 physique et morale des autres \u00e9l\u00e8ves ou des adultes, peuvent donner lieu \u00e0 des r\u00e9primandes et des punitions qui sont port\u00e9es \u00e0 la connaissance des familles. Tout objet qui ne sert pas les activit\u00e9s de classe est interdit (en particulier, les objets dangereux, les jouets, les objets de valeur). Par ailleurs, l\u2019utilisation des t\u00e9l\u00e9phones portables est \u00e9galement interdite. L\u2019\u00e9cole ne sera pas responsable en cas de vol.<\/p>\n<p>&nbsp;<\/p>\n<p>Tous les \u00e9l\u00e8ves et repr\u00e9sentants l\u00e9gaux reconnaissent avoir lu le pr\u00e9sent r\u00e8glement \u00a0int\u00e9rieur et s&rsquo;engagent \u00e0 le respecter par leur signature.<\/p>\n<p>&nbsp;<\/p>\n<p>&nbsp;<\/p>\n","protected":false},"excerpt":{"rendered":"<p>R\u00e8glement int\u00e9rieur de l\u2019\u00e9cole fran\u00e7aise Airbus-MLF de Sacheon. En compl\u00e9ment du r\u00e8glement int\u00e9rieur de l\u2019\u00e9cole internationale de Gyeongnam ( GIFS) &nbsp; Fr\u00e9quentation et obligation scolaire La pr\u00e9sence des \u00e9l\u00e8ves inscrits est obligatoire. Les classes fonctionnent du lundi au vendredi, de 8h30 \u00e0 15h25, \u00e0 l\u2019\u00e9cole internationale Gyeongnam. \u00a0La surveillance des \u00e9l\u00e8ves est assur\u00e9e \u00e0 l\u2019ouverture [&hellip;]<\/p>\n","protected":false},"author":130,"featured_media":0,"parent":0,"menu_order":0,"comment_status":"closed","ping_status":"closed","template":"","meta":{"_acf_changed":false,"footnotes":""},"class_list":["post-140","page","type-page","status-publish","czr-hentry"],"acf":[],"_links":{"self":[{"href":"https:\/\/ee.mlfmonde.org\/sacheon-airbus\/wp-json\/wp\/v2\/pages\/140","targetHints":{"allow":["GET"]}}],"collection":[{"href":"https:\/\/ee.mlfmonde.org\/sacheon-airbus\/wp-json\/wp\/v2\/pages"}],"about":[{"href":"https:\/\/ee.mlfmonde.org\/sacheon-airbus\/wp-json\/wp\/v2\/types\/page"}],"author":[{"embeddable":true,"href":"https:\/\/ee.mlfmonde.org\/sacheon-airbus\/wp-json\/wp\/v2\/users\/130"}],"replies":[{"embeddable":true,"href":"https:\/\/ee.mlfmonde.org\/sacheon-airbus\/wp-json\/wp\/v2\/comments?post=140"}],"version-history":[{"count":1,"href":"https:\/\/ee.mlfmonde.org\/sacheon-airbus\/wp-json\/wp\/v2\/pages\/140\/revisions"}],"predecessor-version":[{"id":141,"href":"https:\/\/ee.mlfmonde.org\/sacheon-airbus\/wp-json\/wp\/v2\/pages\/140\/revisions\/141"}],"wp:attachment":[{"href":"https:\/\/ee.mlfmonde.org\/sacheon-airbus\/wp-json\/wp\/v2\/media?parent=140"}],"curies":[{"name":"wp","href":"https:\/\/api.w.org\/{rel}","templated":true}]}}