{"id":11,"date":"2017-10-26T08:26:14","date_gmt":"2017-10-26T08:26:14","guid":{"rendered":"http:\/\/ee.mlfmonde.org\/sacheon-airbus\/?page_id=11"},"modified":"2023-08-17T01:50:16","modified_gmt":"2023-08-17T01:50:16","slug":"presentation-de-lecole","status":"publish","type":"page","link":"https:\/\/ee.mlfmonde.org\/sacheon-airbus\/presentation-de-lecole\/","title":{"rendered":"Pr\u00e9sentation de l&rsquo;\u00e9cole"},"content":{"rendered":"<p>L\u2019\u00e9cole fran\u00e7aise Airbus-MLF de Sacheon est int\u00e9gr\u00e9e \u00e0 la Gyeongnam International Foreign School ( GIFS ). Elle scolarise les enfants des expatri\u00e9s de l\u2019entreprise Airbus.<\/p>\n<p>Les \u00e9l\u00e8ves suivent une scolarit\u00e9 hybride. Ils sont inscrits \u00e0 GIFS et suivent la plupart des mati\u00e8res enseign\u00e9es par des professeurs anglophones. Pour valider le cursus fran\u00e7ais, ils sont inscrits au CNED section scolarit\u00e9 internationale. Ainsi les math\u00e9matiques, l\u2019histoire-g\u00e9ographie et le fran\u00e7ais leur sont enseign\u00e9s en langue fran\u00e7aise par un professeur certifi\u00e9 de l\u2019\u00e9ducation nationale. Les bulletins scolaires sont int\u00e9gr\u00e9s \u00e0 ceux de GIFS. Les \u00e9l\u00e8ves disposent donc d\u2019un enseignement international tout en conservant l\u2019apprentissage des fondamentaux en fran\u00e7ais.<\/p>\n<p>L\u2019\u00e9cole pr\u00e9pare les \u00e9l\u00e8ves aux diff\u00e9rents examens nationaux\u00a0: DNB et \u00e9preuves anticip\u00e9es de premi\u00e8re. De nombreuses activit\u00e9s p\u00e9ri-scolaires sont \u00e0 leur disposition \u00e0 GIFS et \u00e0 l\u2019\u00e9cole fran\u00e7aise.<\/p>\n","protected":false},"excerpt":{"rendered":"<p>L\u2019\u00e9cole fran\u00e7aise Airbus-MLF de Sacheon est int\u00e9gr\u00e9e \u00e0 la Gyeongnam International Foreign School ( GIFS ). Elle scolarise les enfants des expatri\u00e9s de l\u2019entreprise Airbus. Les \u00e9l\u00e8ves suivent une scolarit\u00e9 hybride. Ils sont inscrits \u00e0 GIFS et suivent la plupart des mati\u00e8res enseign\u00e9es par des professeurs anglophones. Pour valider le cursus fran\u00e7ais, ils sont inscrits [&hellip;]<\/p>\n","protected":false},"author":1,"featured_media":0,"parent":0,"menu_order":0,"comment_status":"closed","ping_status":"closed","template":"","meta":{"_acf_changed":false,"footnotes":""},"class_list":["post-11","page","type-page","status-publish","czr-hentry"],"acf":[],"_links":{"self":[{"href":"https:\/\/ee.mlfmonde.org\/sacheon-airbus\/wp-json\/wp\/v2\/pages\/11","targetHints":{"allow":["GET"]}}],"collection":[{"href":"https:\/\/ee.mlfmonde.org\/sacheon-airbus\/wp-json\/wp\/v2\/pages"}],"about":[{"href":"https:\/\/ee.mlfmonde.org\/sacheon-airbus\/wp-json\/wp\/v2\/types\/page"}],"author":[{"embeddable":true,"href":"https:\/\/ee.mlfmonde.org\/sacheon-airbus\/wp-json\/wp\/v2\/users\/1"}],"replies":[{"embeddable":true,"href":"https:\/\/ee.mlfmonde.org\/sacheon-airbus\/wp-json\/wp\/v2\/comments?post=11"}],"version-history":[{"count":4,"href":"https:\/\/ee.mlfmonde.org\/sacheon-airbus\/wp-json\/wp\/v2\/pages\/11\/revisions"}],"predecessor-version":[{"id":556,"href":"https:\/\/ee.mlfmonde.org\/sacheon-airbus\/wp-json\/wp\/v2\/pages\/11\/revisions\/556"}],"wp:attachment":[{"href":"https:\/\/ee.mlfmonde.org\/sacheon-airbus\/wp-json\/wp\/v2\/media?parent=11"}],"curies":[{"name":"wp","href":"https:\/\/api.w.org\/{rel}","templated":true}]}}