{"id":105,"date":"2017-11-08T04:58:23","date_gmt":"2017-11-08T04:58:23","guid":{"rendered":"http:\/\/ee.mlfmonde.org\/sacheon-airbus\/?page_id=105"},"modified":"2023-08-17T02:08:07","modified_gmt":"2023-08-17T02:08:07","slug":"lequipe-enseignante","status":"publish","type":"page","link":"https:\/\/ee.mlfmonde.org\/sacheon-airbus\/lequipe-enseignante\/","title":{"rendered":"L&rsquo;\u00e9quipe enseignante"},"content":{"rendered":"<p>Florent Dubreuil, directeur, professeur des \u00e9coles et professeur de fran\u00e7ais-HG. Titulaire de l&rsquo;\u00e9ducation nationale.<\/p>\n<p>Classes pour l&rsquo;ann\u00e9e scolaire 2022-2023 : CP-CE1-CM1-CM2<\/p>\n<p>Classes pour l&rsquo;ann\u00e9es scolaire 2023-2024 :\u00a0 Moyenne Section-CE1-CM2<\/p>\n<p>&nbsp;<\/p>\n","protected":false},"excerpt":{"rendered":"<p>Florent Dubreuil, directeur, professeur des \u00e9coles et professeur de fran\u00e7ais-HG. Titulaire de l&rsquo;\u00e9ducation nationale. Classes pour l&rsquo;ann\u00e9e scolaire 2022-2023 : CP-CE1-CM1-CM2 Classes pour l&rsquo;ann\u00e9es scolaire 2023-2024 :\u00a0 Moyenne Section-CE1-CM2 &nbsp;<\/p>\n","protected":false},"author":130,"featured_media":0,"parent":0,"menu_order":0,"comment_status":"closed","ping_status":"closed","template":"","meta":{"_acf_changed":false,"footnotes":""},"class_list":["post-105","page","type-page","status-publish","czr-hentry"],"acf":[],"_links":{"self":[{"href":"https:\/\/ee.mlfmonde.org\/sacheon-airbus\/wp-json\/wp\/v2\/pages\/105","targetHints":{"allow":["GET"]}}],"collection":[{"href":"https:\/\/ee.mlfmonde.org\/sacheon-airbus\/wp-json\/wp\/v2\/pages"}],"about":[{"href":"https:\/\/ee.mlfmonde.org\/sacheon-airbus\/wp-json\/wp\/v2\/types\/page"}],"author":[{"embeddable":true,"href":"https:\/\/ee.mlfmonde.org\/sacheon-airbus\/wp-json\/wp\/v2\/users\/130"}],"replies":[{"embeddable":true,"href":"https:\/\/ee.mlfmonde.org\/sacheon-airbus\/wp-json\/wp\/v2\/comments?post=105"}],"version-history":[{"count":5,"href":"https:\/\/ee.mlfmonde.org\/sacheon-airbus\/wp-json\/wp\/v2\/pages\/105\/revisions"}],"predecessor-version":[{"id":757,"href":"https:\/\/ee.mlfmonde.org\/sacheon-airbus\/wp-json\/wp\/v2\/pages\/105\/revisions\/757"}],"wp:attachment":[{"href":"https:\/\/ee.mlfmonde.org\/sacheon-airbus\/wp-json\/wp\/v2\/media?parent=105"}],"curies":[{"name":"wp","href":"https:\/\/api.w.org\/{rel}","templated":true}]}}