{"id":4873,"date":"2020-09-17T14:10:21","date_gmt":"2020-09-17T12:10:21","guid":{"rendered":"http:\/\/ee.mlfmonde.org\/rauma-areva\/?page_id=4873"},"modified":"2021-03-07T13:00:04","modified_gmt":"2021-03-07T11:00:04","slug":"ecole-primaire-homologuee","status":"publish","type":"page","link":"https:\/\/ee.mlfmonde.org\/rauma-areva\/ecole-primaire-homologuee\/","title":{"rendered":"Ecole primaire homologu\u00e9e"},"content":{"rendered":"<p style=\"text-align: center\"><strong>Les programmes de l&rsquo;\u00e9cole maternelle :<\/strong><\/p>\n<p style=\"text-align: center\"><a href=\"https:\/\/eduscol.education.fr\/cid103171\/ecole-maternelle.html#lien3\" target=\"_blank\" rel=\"noopener\">https:\/\/eduscol.education.fr\/cid103171\/ecole-maternelle.html#lien3<\/a><\/p>\n<p style=\"text-align: center\"><strong>Les programmes de l&rsquo;\u00e9cole \u00e9l\u00e9mentaire :<\/strong><\/p>\n<p style=\"text-align: center\"><a href=\"https:\/\/www.education.gouv.fr\/programmes-et-horaires-l-ecole-elementaire-9011\" target=\"_blank\" rel=\"noopener\">https:\/\/www.education.gouv.fr\/programmes-et-horaires-l-ecole-elementaire-9011<\/a><\/p>\n<p>&nbsp;<\/p>\n<p style=\"text-align: center\"><a href=\"http:\/\/ee.mlfmonde.org\/rauma-areva\/wp-content\/uploads\/sites\/3\/2020\/10\/logo-MENJS.png\"><img decoding=\"async\" class=\"alignnone size-full wp-image-4909 aligncenter\" src=\"http:\/\/ee.mlfmonde.org\/rauma-areva\/wp-content\/uploads\/sites\/3\/2020\/10\/logo-MENJS.png\" alt=\"\" width=\"200\" height=\"158\" \/><\/a><\/p>\n<p style=\"text-align: center\">\n","protected":false},"excerpt":{"rendered":"<p>Les programmes de l&rsquo;\u00e9cole maternelle : https:\/\/eduscol.education.fr\/cid103171\/ecole-maternelle.html#lien3 Les programmes de l&rsquo;\u00e9cole \u00e9l\u00e9mentaire : https:\/\/www.education.gouv.fr\/programmes-et-horaires-l-ecole-elementaire-9011 &nbsp;<\/p>\n","protected":false},"author":5,"featured_media":0,"parent":0,"menu_order":0,"comment_status":"closed","ping_status":"closed","template":"","meta":{"_acf_changed":false,"footnotes":""},"class_list":["post-4873","page","type-page","status-publish","czr-hentry"],"acf":[],"_links":{"self":[{"href":"https:\/\/ee.mlfmonde.org\/rauma-areva\/wp-json\/wp\/v2\/pages\/4873","targetHints":{"allow":["GET"]}}],"collection":[{"href":"https:\/\/ee.mlfmonde.org\/rauma-areva\/wp-json\/wp\/v2\/pages"}],"about":[{"href":"https:\/\/ee.mlfmonde.org\/rauma-areva\/wp-json\/wp\/v2\/types\/page"}],"author":[{"embeddable":true,"href":"https:\/\/ee.mlfmonde.org\/rauma-areva\/wp-json\/wp\/v2\/users\/5"}],"replies":[{"embeddable":true,"href":"https:\/\/ee.mlfmonde.org\/rauma-areva\/wp-json\/wp\/v2\/comments?post=4873"}],"version-history":[{"count":5,"href":"https:\/\/ee.mlfmonde.org\/rauma-areva\/wp-json\/wp\/v2\/pages\/4873\/revisions"}],"predecessor-version":[{"id":5322,"href":"https:\/\/ee.mlfmonde.org\/rauma-areva\/wp-json\/wp\/v2\/pages\/4873\/revisions\/5322"}],"wp:attachment":[{"href":"https:\/\/ee.mlfmonde.org\/rauma-areva\/wp-json\/wp\/v2\/media?parent=4873"}],"curies":[{"name":"wp","href":"https:\/\/api.w.org\/{rel}","templated":true}]}}