{"id":322,"date":"2015-10-13T14:07:27","date_gmt":"2015-10-13T11:07:27","guid":{"rendered":"http:\/\/ee.mlfmonde.org\/rauma-areva\/?page_id=322"},"modified":"2015-10-13T14:24:48","modified_gmt":"2015-10-13T11:24:48","slug":"akseli-gallen-kallela","status":"publish","type":"page","link":"https:\/\/ee.mlfmonde.org\/rauma-areva\/akseli-gallen-kallela\/","title":{"rendered":"Akseli Gallen-Kallela"},"content":{"rendered":"<h3 class=\"spip\" style=\"text-align: center\"><strong>Akseli Gallen-Kallela \u00ab\u00a0La premi\u00e8re le\u00e7on\u00a0\u00bb<\/strong><\/h3>\n<p><a href=\"http:\/\/ee.mlfmonde.org\/rauma-areva\/wp-content\/uploads\/sites\/3\/2015\/10\/Akseli-Gallen-Kallela-\u00ab-La-premi\u00e8re-le\u00e7on-\u00bb.jpg\"><img fetchpriority=\"high\" decoding=\"async\" class=\"alignnone size-medium wp-image-323 aligncenter\" src=\"http:\/\/ee.mlfmonde.org\/rauma-areva\/wp-content\/uploads\/sites\/3\/2015\/10\/Akseli-Gallen-Kallela-\u00ab-La-premi\u00e8re-le\u00e7on-\u00bb-251x300.jpg\" alt=\"Akseli Gallen-Kallela \u00ab La premi\u00e8re le\u00e7on \u00bb\" width=\"251\" height=\"300\" srcset=\"https:\/\/ee.mlfmonde.org\/rauma-areva\/wp-content\/uploads\/sites\/3\/2015\/10\/Akseli-Gallen-Kallela-\u00ab-La-premi\u00e8re-le\u00e7on-\u00bb-251x300.jpg 251w, https:\/\/ee.mlfmonde.org\/rauma-areva\/wp-content\/uploads\/sites\/3\/2015\/10\/Akseli-Gallen-Kallela-\u00ab-La-premi\u00e8re-le\u00e7on-\u00bb.jpg 300w\" sizes=\"(max-width: 251px) 100vw, 251px\" \/><\/a><\/p>\n<p style=\"text-align: justify\">Akseli Gallen-Kallela, peintre finlandais n\u00e9 \u00e0 Pori en 1865 et mort \u00e0 Stockholm en Su\u00e8de au retour d\u2019un voyage en 1931, est originaire d\u2019une famille riche est cultiv\u00e9e. Il a \u00e9tudi\u00e9 l\u2019art \u00e0 Paris et a aussi voyag\u00e9 dans d\u2019autres pays d\u2019Europe.<\/p>\n<p style=\"text-align: justify\">Akseli Gallen-Kallela aimait voyager partout en Finlande et visiter les petites maisons \u00e0 la campagne. Souvent il habitait dans des maisons modestes et dans ses peintures il voulait repr\u00e9senter la vie simple.<\/p>\n<p style=\"text-align: justify\">Au centre de la Finlande, dans le village de Keuruu, il a peint une petite fille avec son grand-p\u00e8re dans les ann\u00e9es 1880. La peinture s\u2019appelle<strong>\u00ab\u00a0Ensi opetus\u00a0\u00bb (La premi\u00e8re le\u00e7on)<\/strong>. La fille lit un livre et le grand-p\u00e8re tresse un filet. A cette \u00e9poque tous les enfants n\u2019avaient pas la possibilit\u00e9 d\u2019aller \u00e0 l\u2019\u00e9cole et il y avait aussi des adultes qui ne savaient pas lire. Heureusement cette petite fille a un grand-p\u00e8re qui peut lui apprendre. Quelquefois c\u2019\u00e9tait tout le contraire\u00a0: les enfants apprenaient \u00e0 lire aux adultes.<\/p>\n<p style=\"text-align: justify\">La maison de la famille est petite, modeste et sombre parce que il n\u2019y avait pas encore d\u2019\u00e9lectricit\u00e9. A la campagne les membres de la famille devaient pr\u00e9parer tout eux-m\u00eames\u00a0: les outils, les v\u00eatements, les meubles et les b\u00e2timents. Toute la famille devait travailler dur pour pourvoir \u00e0 ses besoins.<\/p>\n","protected":false},"excerpt":{"rendered":"<p>Akseli Gallen-Kallela \u00ab\u00a0La premi\u00e8re le\u00e7on\u00a0\u00bb Akseli Gallen-Kallela, peintre finlandais n\u00e9 \u00e0 Pori en 1865 et mort \u00e0 Stockholm en Su\u00e8de au retour d\u2019un voyage en 1931, est originaire d\u2019une famille riche est cultiv\u00e9e. Il a \u00e9tudi\u00e9 l\u2019art \u00e0 Paris et a aussi voyag\u00e9 dans d\u2019autres pays d\u2019Europe. Akseli Gallen-Kallela aimait voyager partout en Finlande et [&hellip;]<\/p>\n","protected":false},"author":5,"featured_media":0,"parent":0,"menu_order":0,"comment_status":"closed","ping_status":"closed","template":"","meta":{"_acf_changed":false,"footnotes":""},"class_list":["post-322","page","type-page","status-publish","czr-hentry"],"acf":[],"_links":{"self":[{"href":"https:\/\/ee.mlfmonde.org\/rauma-areva\/wp-json\/wp\/v2\/pages\/322","targetHints":{"allow":["GET"]}}],"collection":[{"href":"https:\/\/ee.mlfmonde.org\/rauma-areva\/wp-json\/wp\/v2\/pages"}],"about":[{"href":"https:\/\/ee.mlfmonde.org\/rauma-areva\/wp-json\/wp\/v2\/types\/page"}],"author":[{"embeddable":true,"href":"https:\/\/ee.mlfmonde.org\/rauma-areva\/wp-json\/wp\/v2\/users\/5"}],"replies":[{"embeddable":true,"href":"https:\/\/ee.mlfmonde.org\/rauma-areva\/wp-json\/wp\/v2\/comments?post=322"}],"version-history":[{"count":2,"href":"https:\/\/ee.mlfmonde.org\/rauma-areva\/wp-json\/wp\/v2\/pages\/322\/revisions"}],"predecessor-version":[{"id":336,"href":"https:\/\/ee.mlfmonde.org\/rauma-areva\/wp-json\/wp\/v2\/pages\/322\/revisions\/336"}],"wp:attachment":[{"href":"https:\/\/ee.mlfmonde.org\/rauma-areva\/wp-json\/wp\/v2\/media?parent=322"}],"curies":[{"name":"wp","href":"https:\/\/api.w.org\/{rel}","templated":true}]}}

<h3 class="spip" style="text-align: center"><strong>Akseli Gallen-Kallela « La première leçon »</strong></h3>
<p><a href="http://ee.mlfmonde.org/rauma-areva/wp-content/uploads/sites/3/2015/10/Akseli-Gallen-Kallela-«-La-première-leçon-».jpg"><img fetchpriority="high" decoding="async" class="alignnone size-medium wp-image-323 aligncenter" src="http://ee.mlfmonde.org/rauma-areva/wp-content/uploads/sites/3/2015/10/Akseli-Gallen-Kallela-«-La-première-leçon-»-251x300.jpg" alt="Akseli Gallen-Kallela « La première leçon »" width="251" height="300" srcset="https://ee.mlfmonde.org/rauma-areva/wp-content/uploads/sites/3/2015/10/Akseli-Gallen-Kallela-«-La-première-leçon-»-251x300.jpg 251w, https://ee.mlfmonde.org/rauma-areva/wp-content/uploads/sites/3/2015/10/Akseli-Gallen-Kallela-«-La-première-leçon-».jpg 300w" sizes="(max-width: 251px) 100vw, 251px" /></a></p>
<p style="text-align: justify">Akseli Gallen-Kallela, peintre finlandais né à Pori en 1865 et mort à Stockholm en Suède au retour d’un voyage en 1931, est originaire d’une famille riche est cultivée. Il a étudié l’art à Paris et a aussi voyagé dans d’autres pays d’Europe.</p>
<p style="text-align: justify">Akseli Gallen-Kallela aimait voyager partout en Finlande et visiter les petites maisons à la campagne. Souvent il habitait dans des maisons modestes et dans ses peintures il voulait représenter la vie simple.</p>
<p style="text-align: justify">Au centre de la Finlande, dans le village de Keuruu, il a peint une petite fille avec son grand-père dans les années 1880. La peinture s’appelle<strong>« Ensi opetus » (La première leçon)</strong>. La fille lit un livre et le grand-père tresse un filet. A cette époque tous les enfants n’avaient pas la possibilité d’aller à l’école et il y avait aussi des adultes qui ne savaient pas lire. Heureusement cette petite fille a un grand-père qui peut lui apprendre. Quelquefois c’était tout le contraire : les enfants apprenaient à lire aux adultes.</p>
<p style="text-align: justify">La maison de la famille est petite, modeste et sombre parce que il n’y avait pas encore d’électricité. A la campagne les membres de la famille devaient préparer tout eux-mêmes : les outils, les vêtements, les meubles et les bâtiments. Toute la famille devait travailler dur pour pourvoir à ses besoins.</p>

<p>Akseli Gallen-Kallela « La première leçon » Akseli Gallen-Kallela, peintre finlandais né à Pori en 1865 et mort à Stockholm en Suède au retour d’un voyage en 1931, est originaire d’une famille riche est cultivée. Il a étudié l’art à Paris et a aussi voyagé dans d’autres pays d’Europe. Akseli Gallen-Kallela aimait voyager partout en Finlande et [&hellip;]</p>
