{"id":131,"date":"2015-09-28T14:25:40","date_gmt":"2015-09-28T11:25:40","guid":{"rendered":"http:\/\/ee.mlfmonde.org\/rauma-areva\/?page_id=131"},"modified":"2024-06-12T17:08:10","modified_gmt":"2024-06-12T15:08:10","slug":"reglement-interieur","status":"publish","type":"page","link":"https:\/\/ee.mlfmonde.org\/rauma-areva\/reglement-interieur\/","title":{"rendered":"R\u00e8glement int\u00e9rieur"},"content":{"rendered":"<p>Voici notre r\u00e8glement int\u00e9rieur :<\/p>\n<p><a href=\"http:\/\/ee.mlfmonde.org\/rauma-areva\/wp-content\/uploads\/sites\/3\/2024\/06\/R\u00e8glement-scolaire-22-23.pdf\" target=\"_blank\" rel=\"noopener\">R\u00e8glement scolaire<\/a><\/p>\n","protected":false},"excerpt":{"rendered":"<p>Voici notre r\u00e8glement int\u00e9rieur : R\u00e8glement scolaire<\/p>\n","protected":false},"author":5,"featured_media":0,"parent":0,"menu_order":0,"comment_status":"closed","ping_status":"closed","template":"","meta":{"_acf_changed":false,"footnotes":""},"class_list":["post-131","page","type-page","status-publish","czr-hentry"],"acf":[],"_links":{"self":[{"href":"https:\/\/ee.mlfmonde.org\/rauma-areva\/wp-json\/wp\/v2\/pages\/131","targetHints":{"allow":["GET"]}}],"collection":[{"href":"https:\/\/ee.mlfmonde.org\/rauma-areva\/wp-json\/wp\/v2\/pages"}],"about":[{"href":"https:\/\/ee.mlfmonde.org\/rauma-areva\/wp-json\/wp\/v2\/types\/page"}],"author":[{"embeddable":true,"href":"https:\/\/ee.mlfmonde.org\/rauma-areva\/wp-json\/wp\/v2\/users\/5"}],"replies":[{"embeddable":true,"href":"https:\/\/ee.mlfmonde.org\/rauma-areva\/wp-json\/wp\/v2\/comments?post=131"}],"version-history":[{"count":13,"href":"https:\/\/ee.mlfmonde.org\/rauma-areva\/wp-json\/wp\/v2\/pages\/131\/revisions"}],"predecessor-version":[{"id":8508,"href":"https:\/\/ee.mlfmonde.org\/rauma-areva\/wp-json\/wp\/v2\/pages\/131\/revisions\/8508"}],"wp:attachment":[{"href":"https:\/\/ee.mlfmonde.org\/rauma-areva\/wp-json\/wp\/v2\/media?parent=131"}],"curies":[{"name":"wp","href":"https:\/\/api.w.org\/{rel}","templated":true}]}}