{"id":109,"date":"2015-09-22T10:38:43","date_gmt":"2015-09-22T07:38:43","guid":{"rendered":"http:\/\/ee.mlfmonde.org\/rauma-areva\/?page_id=109"},"modified":"2024-06-13T11:04:36","modified_gmt":"2024-06-13T09:04:36","slug":"fournitures-scolaires","status":"publish","type":"page","link":"https:\/\/ee.mlfmonde.org\/rauma-areva\/fournitures-scolaires\/","title":{"rendered":"Fournitures scolaires"},"content":{"rendered":"<p>Veuillez trouver ci-dessous les diff\u00e9rentes listes de fournitures des \u00e9l\u00e8ves pour la rentr\u00e9e d&rsquo;ao\u00fbt 2023 :<\/p>\n<p><a href=\"http:\/\/ee.mlfmonde.org\/rauma-areva\/wp-content\/uploads\/sites\/3\/2024\/06\/fournitures-scolaires-GS-2024-2025.pdf\" target=\"_blank\" rel=\"noopener\">GS &#8211; Liste de fournitures scolaires 2024-2025<\/a><\/p>\n<p><a href=\"http:\/\/ee.mlfmonde.org\/rauma-areva\/wp-content\/uploads\/sites\/3\/2024\/06\/fournitures-scolaires-CE1-CE2-CM1-2024-2025.pdf\" target=\"_blank\" rel=\"noopener\">CE1 CE2 CM1 &#8211; Liste de fournitures scolaires 2024-2025<\/a><\/p>\n<p><a href=\"http:\/\/ee.mlfmonde.org\/rauma-areva\/wp-content\/uploads\/sites\/3\/2024\/06\/Coll\u00e8ge-Liste-de-fournitures-scolaires-2024.pdf\" target=\"_blank\" rel=\"noopener\">Coll\u00e8ge &#8211; Liste de fournitures scolaires 2024-2025<\/a><\/p>\n<p>&nbsp;<\/p>\n<p>&nbsp;<\/p>\n<p>&nbsp;<\/p>\n<p>&nbsp;<\/p>\n","protected":false},"excerpt":{"rendered":"<p>Veuillez trouver ci-dessous les diff\u00e9rentes listes de fournitures des \u00e9l\u00e8ves pour la rentr\u00e9e d&rsquo;ao\u00fbt 2023 : GS &#8211; Liste de fournitures scolaires 2024-2025 CE1 CE2 CM1 &#8211; Liste de fournitures scolaires 2024-2025 Coll\u00e8ge &#8211; Liste de fournitures scolaires 2024-2025 &nbsp; &nbsp; &nbsp; &nbsp;<\/p>\n","protected":false},"author":5,"featured_media":0,"parent":0,"menu_order":0,"comment_status":"closed","ping_status":"closed","template":"","meta":{"_acf_changed":false,"footnotes":""},"class_list":["post-109","page","type-page","status-publish","czr-hentry"],"acf":[],"_links":{"self":[{"href":"https:\/\/ee.mlfmonde.org\/rauma-areva\/wp-json\/wp\/v2\/pages\/109","targetHints":{"allow":["GET"]}}],"collection":[{"href":"https:\/\/ee.mlfmonde.org\/rauma-areva\/wp-json\/wp\/v2\/pages"}],"about":[{"href":"https:\/\/ee.mlfmonde.org\/rauma-areva\/wp-json\/wp\/v2\/types\/page"}],"author":[{"embeddable":true,"href":"https:\/\/ee.mlfmonde.org\/rauma-areva\/wp-json\/wp\/v2\/users\/5"}],"replies":[{"embeddable":true,"href":"https:\/\/ee.mlfmonde.org\/rauma-areva\/wp-json\/wp\/v2\/comments?post=109"}],"version-history":[{"count":32,"href":"https:\/\/ee.mlfmonde.org\/rauma-areva\/wp-json\/wp\/v2\/pages\/109\/revisions"}],"predecessor-version":[{"id":8518,"href":"https:\/\/ee.mlfmonde.org\/rauma-areva\/wp-json\/wp\/v2\/pages\/109\/revisions\/8518"}],"wp:attachment":[{"href":"https:\/\/ee.mlfmonde.org\/rauma-areva\/wp-json\/wp\/v2\/media?parent=109"}],"curies":[{"name":"wp","href":"https:\/\/api.w.org\/{rel}","templated":true}]}}