{"id":583,"date":"2019-02-01T14:23:43","date_gmt":"2019-02-01T14:23:43","guid":{"rendered":"http:\/\/ee.mlfmonde.org\/port-harcourt-total\/?page_id=583"},"modified":"2019-09-13T14:14:01","modified_gmt":"2019-09-13T14:14:01","slug":"dossier-dinscription","status":"publish","type":"page","link":"https:\/\/ee.mlfmonde.org\/port-harcourt-total\/dossier-dinscription\/","title":{"rendered":"Dossier d&rsquo;inscription"},"content":{"rendered":"<p>1 &#8211;<a href=\"http:\/\/ee.mlfmonde.org\/port-harcourt-total\/wp-content\/uploads\/sites\/14\/2019\/09\/1-Liste-des-pi\u00e8ces-\u00e0-fournir-2019-2020.pdf\">Liste des pi\u00e8ces \u00e0 fournir<\/a><\/p>\n<p>2- <a href=\"http:\/\/ee.mlfmonde.org\/port-harcourt-total\/wp-content\/uploads\/sites\/14\/2019\/09\/2-Fiche-de-renseignements-2019-2020.pdf\">Fiche de renseignements 2019-2020<\/a><\/p>\n<p>3- <a href=\"http:\/\/ee.mlfmonde.org\/port-harcourt-total\/wp-content\/uploads\/sites\/14\/2019\/09\/3-Fiche-sant\u00e9-2019-2020.pdf\">Fiche sant\u00e9 2019-2020<\/a><\/p>\n<p>4- <a href=\"http:\/\/ee.mlfmonde.org\/port-harcourt-total\/wp-content\/uploads\/sites\/14\/2019\/09\/4-R\u00e8glement-int\u00e9rieur-2019-2020-avec-accus\u00e9-de-r\u00e9ception.pdf\">R\u00e8glement int\u00e9rieur avec accus\u00e9 de r\u00e9ception<\/a><\/p>\n<p>5- <a href=\"http:\/\/ee.mlfmonde.org\/port-harcourt-total\/wp-content\/uploads\/sites\/14\/2019\/09\/5-R\u00e8glement-cantine-scolaire-2019-2020-avec-accus\u00e9-de-r\u00e9ception.pdf\">R\u00e8glement cantine scolaire 2019-2020, avec accus\u00e9 de r\u00e9ception<\/a><\/p>\n<p>6- <a href=\"http:\/\/ee.mlfmonde.org\/port-harcourt-total\/wp-content\/uploads\/sites\/14\/2019\/09\/6-D\u00e9charge-de-responsabilit\u00e9-pause-m\u00e9ridienne-2019-2020.pdf\">D\u00e9charge de responsabilit\u00e9<\/a><\/p>\n<p>7- <a href=\"http:\/\/ee.mlfmonde.org\/port-harcourt-total\/wp-content\/uploads\/sites\/14\/2019\/09\/7-Autorisation-de-sortie-2019-2020.pdf\">Autorisation de sortie 2019-2020<\/a><\/p>\n<p>8- <a href=\"http:\/\/ee.mlfmonde.org\/port-harcourt-total\/wp-content\/uploads\/sites\/14\/2019\/09\/8-Autorisation-photos-vid\u00e9os-documents-sonores-2019-2020.pdf\">Autorisation parentale pour la publication de documents sonores 2019-2020<\/a><\/p>\n","protected":false},"excerpt":{"rendered":"<p>1 &#8211;Liste des pi\u00e8ces \u00e0 fournir 2- Fiche de renseignements 2019-2020 3- Fiche sant\u00e9 2019-2020 4- R\u00e8glement int\u00e9rieur avec accus\u00e9 de r\u00e9ception 5- R\u00e8glement cantine scolaire 2019-2020, avec accus\u00e9 de r\u00e9ception 6- D\u00e9charge de responsabilit\u00e9 7- Autorisation de sortie 2019-2020 8- Autorisation parentale pour la publication de documents sonores 2019-2020<\/p>\n","protected":false},"author":122,"featured_media":1585,"parent":0,"menu_order":0,"comment_status":"closed","ping_status":"closed","template":"","meta":{"_acf_changed":false,"footnotes":""},"class_list":["post-583","page","type-page","status-publish","has-post-thumbnail","czr-hentry"],"acf":[],"_links":{"self":[{"href":"https:\/\/ee.mlfmonde.org\/port-harcourt-total\/wp-json\/wp\/v2\/pages\/583","targetHints":{"allow":["GET"]}}],"collection":[{"href":"https:\/\/ee.mlfmonde.org\/port-harcourt-total\/wp-json\/wp\/v2\/pages"}],"about":[{"href":"https:\/\/ee.mlfmonde.org\/port-harcourt-total\/wp-json\/wp\/v2\/types\/page"}],"author":[{"embeddable":true,"href":"https:\/\/ee.mlfmonde.org\/port-harcourt-total\/wp-json\/wp\/v2\/users\/122"}],"replies":[{"embeddable":true,"href":"https:\/\/ee.mlfmonde.org\/port-harcourt-total\/wp-json\/wp\/v2\/comments?post=583"}],"version-history":[{"count":13,"href":"https:\/\/ee.mlfmonde.org\/port-harcourt-total\/wp-json\/wp\/v2\/pages\/583\/revisions"}],"predecessor-version":[{"id":1620,"href":"https:\/\/ee.mlfmonde.org\/port-harcourt-total\/wp-json\/wp\/v2\/pages\/583\/revisions\/1620"}],"wp:featuredmedia":[{"embeddable":true,"href":"https:\/\/ee.mlfmonde.org\/port-harcourt-total\/wp-json\/wp\/v2\/media\/1585"}],"wp:attachment":[{"href":"https:\/\/ee.mlfmonde.org\/port-harcourt-total\/wp-json\/wp\/v2\/media?parent=583"}],"curies":[{"name":"wp","href":"https:\/\/api.w.org\/{rel}","templated":true}]}}