{"id":582,"date":"2020-03-13T10:23:42","date_gmt":"2020-03-13T09:23:42","guid":{"rendered":"http:\/\/ee.mlfmonde.org\/port-harcourt-total\/?page_id=582"},"modified":"2020-03-13T13:50:24","modified_gmt":"2020-03-13T12:50:24","slug":"calendrier-scolaire","status":"publish","type":"page","link":"https:\/\/ee.mlfmonde.org\/port-harcourt-total\/calendrier-scolaire\/","title":{"rendered":"Calendrier scolaire"},"content":{"rendered":"<p><a href=\"http:\/\/ee.mlfmonde.org\/port-harcourt-total\/wp-content\/uploads\/sites\/14\/2019\/02\/Calendrier-scolaire-2018-2019-1.pdf\">Calendrier scolaire 2018-2019<\/a><\/p>\n<p><a href=\"http:\/\/ee.mlfmonde.org\/port-harcourt-total\/wp-content\/uploads\/sites\/14\/2019\/03\/Calendrier-des-semaines-A-B.pdf\">Calendrier des semaines A-B, ann\u00e9e scolaire 2018-2019<\/a><\/p>\n<p><a href=\"http:\/\/ee.mlfmonde.org\/port-harcourt-total\/wp-content\/uploads\/sites\/14\/2019\/04\/Calendrier-scolaire-2019-2020.pdf\">Calendrier scolaire 2019-2020<\/a><\/p>\n<p style=\"text-align: center\">Rentr\u00e9e des enseignants: le lundi 2 septembre 2019.<\/p>\n<p style=\"text-align: center\">Rentr\u00e9e des \u00e9l\u00e8ves: le mardi 3 septembre 2019.<\/p>\n<p><a href=\"http:\/\/ee.mlfmonde.org\/port-harcourt-total\/wp-content\/uploads\/sites\/14\/2019\/04\/Calendrier-semaines-A-B-2019-2020.pdf\">Calendrier des semaines A-B, ann\u00e9e scolaire 2019-2020<\/a><\/p>\n<p><a href=\"http:\/\/ee.mlfmonde.org\/port-harcourt-total\/wp-content\/uploads\/sites\/14\/2019\/04\/Cong\u00e9s-scolaires-2019-2020.pdf\">Cong\u00e9s scolaires 2019-2020<\/a><\/p>\n<p><a href=\"http:\/\/ee.mlfmonde.org\/port-harcourt-total\/wp-content\/uploads\/sites\/14\/2019\/06\/Agenda-1er-trimestre-2019-2020-site-parents.pdf\">Agenda du premier trimestre 2019 &#8211; 2020<\/a><\/p>\n<p><a href=\"http:\/\/ee.mlfmonde.org\/port-harcourt-total\/wp-content\/uploads\/sites\/14\/2020\/02\/Calendrier-scolaire-2020-2021-PHC.pdf\">Calendrier scolaire 2020-2021<\/a><\/p>\n<p><a href=\"http:\/\/ee.mlfmonde.org\/port-harcourt-total\/wp-content\/uploads\/sites\/14\/2020\/03\/Agenda-2\u00e8me-trimestre-2019-2020-V02.docx\">Agenda 2\u00e8me trimestre 2019-2020 <\/a><\/p>\n<p><a href=\"http:\/\/ee.mlfmonde.org\/port-harcourt-total\/wp-content\/uploads\/sites\/14\/2020\/03\/Agenda-3\u00e8me-trimestre-2019-2020-V02.docx\">Agenda 3\u00e8me trimestre 2019-2020<\/a><\/p>\n<p>&nbsp;<\/p>\n","protected":false},"excerpt":{"rendered":"<p>Calendrier scolaire 2018-2019 Calendrier des semaines A-B, ann\u00e9e scolaire 2018-2019 Calendrier scolaire 2019-2020 Rentr\u00e9e des enseignants: le lundi 2 septembre 2019. Rentr\u00e9e des \u00e9l\u00e8ves: le mardi 3 septembre 2019. Calendrier des semaines A-B, ann\u00e9e scolaire 2019-2020 Cong\u00e9s scolaires 2019-2020 Agenda du premier trimestre 2019 &#8211; 2020 Calendrier scolaire 2020-2021 Agenda 2\u00e8me trimestre 2019-2020 Agenda 3\u00e8me [&hellip;]<\/p>\n","protected":false},"author":122,"featured_media":0,"parent":0,"menu_order":0,"comment_status":"closed","ping_status":"closed","template":"","meta":{"_acf_changed":false,"footnotes":""},"class_list":["post-582","page","type-page","status-publish","czr-hentry"],"acf":[],"_links":{"self":[{"href":"https:\/\/ee.mlfmonde.org\/port-harcourt-total\/wp-json\/wp\/v2\/pages\/582","targetHints":{"allow":["GET"]}}],"collection":[{"href":"https:\/\/ee.mlfmonde.org\/port-harcourt-total\/wp-json\/wp\/v2\/pages"}],"about":[{"href":"https:\/\/ee.mlfmonde.org\/port-harcourt-total\/wp-json\/wp\/v2\/types\/page"}],"author":[{"embeddable":true,"href":"https:\/\/ee.mlfmonde.org\/port-harcourt-total\/wp-json\/wp\/v2\/users\/122"}],"replies":[{"embeddable":true,"href":"https:\/\/ee.mlfmonde.org\/port-harcourt-total\/wp-json\/wp\/v2\/comments?post=582"}],"version-history":[{"count":24,"href":"https:\/\/ee.mlfmonde.org\/port-harcourt-total\/wp-json\/wp\/v2\/pages\/582\/revisions"}],"predecessor-version":[{"id":2046,"href":"https:\/\/ee.mlfmonde.org\/port-harcourt-total\/wp-json\/wp\/v2\/pages\/582\/revisions\/2046"}],"wp:attachment":[{"href":"https:\/\/ee.mlfmonde.org\/port-harcourt-total\/wp-json\/wp\/v2\/media?parent=582"}],"curies":[{"name":"wp","href":"https:\/\/api.w.org\/{rel}","templated":true}]}}