{"id":560,"date":"2019-02-01T14:17:25","date_gmt":"2019-02-01T14:17:25","guid":{"rendered":"http:\/\/ee.mlfmonde.org\/port-harcourt-total\/?page_id=560"},"modified":"2019-06-19T17:31:16","modified_gmt":"2019-06-19T17:31:16","slug":"activites-communes","status":"publish","type":"page","link":"https:\/\/ee.mlfmonde.org\/port-harcourt-total\/activites-communes\/","title":{"rendered":"Activit\u00e9s communes"},"content":{"rendered":"<ul>\n<li>Les activit\u00e9s en collaboration avec la m\u00e9diath\u00e8que.<\/li>\n<li>La <a href=\"http:\/\/ee.mlfmonde.org\/port-harcourt-total\/activites-communes\/webradio\/\">Webradio<\/a>, outil d&rsquo;apprentissage unique, qui tout au long de l&rsquo;ann\u00e9e, met en \u0153uvre de multiples comp\u00e9tences \u00e0 tout \u00e2ge:\u00a0 recherche, lecture,\u00a0 r\u00e9daction, \u00e9criture et expression orale.<\/li>\n<li>La formation \u00e0 la s\u00e9curit\u00e9.<\/li>\n<li>La journ\u00e9e du Nig\u00e9ria \u00e0 l&rsquo;occasion de la f\u00eate de l&rsquo;ind\u00e9pendance.<\/li>\n<li>Le spectacle de No\u00ebl avec nos voisins de Shell.<\/li>\n<li>Le carnaval 2019.<\/li>\n<li>La f\u00eate de fin d&rsquo;ann\u00e9e.<\/li>\n<li>La grande lessive <a href=\"http:\/\/ee.mlfmonde.org\/port-harcourt-total\/grande-lessive-doctobre-2018\/\">d&rsquo;octobre 2018, \u00ab\u00a0des fils et des liens\u00a0\u00bb.<\/a><\/li>\n<li>La grande lessive <a href=\"http:\/\/ee.mlfmonde.org\/port-harcourt-total\/grande-lessive-mai-2019\/\">de mai 2019, \u00ab\u00a0de la couleur\u00a0\u00bb!<\/a><\/li>\n<li><a href=\"http:\/\/ee.mlfmonde.org\/port-harcourt-total\/journee-sportive-shell-total\/\">Les rencontres inter sportives Shell\/Total<\/a> le vendredi 31 mai 2019.<\/li>\n<li><a href=\"http:\/\/ee.mlfmonde.org\/port-harcourt-total\/forum-des-sciences-juin-2019\/\">Forum des sciences<\/a> le vendredi 7 juin 2019.<\/li>\n<li><a href=\"http:\/\/ee.mlfmonde.org\/port-harcourt-total\/recueil-de-poesies-illustrees-gs-cp\/\">Recueil de po\u00e9sies<\/a> r\u00e9alis\u00e9 de concert par les cycles 1 et 2 &#8211; mai &#8211; juin 2019.<\/li>\n<\/ul>\n","protected":false},"excerpt":{"rendered":"<p>Les activit\u00e9s en collaboration avec la m\u00e9diath\u00e8que. La Webradio, outil d&rsquo;apprentissage unique, qui tout au long de l&rsquo;ann\u00e9e, met en \u0153uvre de multiples comp\u00e9tences \u00e0 tout \u00e2ge:\u00a0 recherche, lecture,\u00a0 r\u00e9daction, \u00e9criture et expression orale. La formation \u00e0 la s\u00e9curit\u00e9. La journ\u00e9e du Nig\u00e9ria \u00e0 l&rsquo;occasion de la f\u00eate de l&rsquo;ind\u00e9pendance. Le spectacle de No\u00ebl avec [&hellip;]<\/p>\n","protected":false},"author":122,"featured_media":0,"parent":0,"menu_order":0,"comment_status":"closed","ping_status":"closed","template":"","meta":{"_acf_changed":false,"footnotes":""},"class_list":["post-560","page","type-page","status-publish","czr-hentry"],"acf":[],"_links":{"self":[{"href":"https:\/\/ee.mlfmonde.org\/port-harcourt-total\/wp-json\/wp\/v2\/pages\/560","targetHints":{"allow":["GET"]}}],"collection":[{"href":"https:\/\/ee.mlfmonde.org\/port-harcourt-total\/wp-json\/wp\/v2\/pages"}],"about":[{"href":"https:\/\/ee.mlfmonde.org\/port-harcourt-total\/wp-json\/wp\/v2\/types\/page"}],"author":[{"embeddable":true,"href":"https:\/\/ee.mlfmonde.org\/port-harcourt-total\/wp-json\/wp\/v2\/users\/122"}],"replies":[{"embeddable":true,"href":"https:\/\/ee.mlfmonde.org\/port-harcourt-total\/wp-json\/wp\/v2\/comments?post=560"}],"version-history":[{"count":31,"href":"https:\/\/ee.mlfmonde.org\/port-harcourt-total\/wp-json\/wp\/v2\/pages\/560\/revisions"}],"predecessor-version":[{"id":1552,"href":"https:\/\/ee.mlfmonde.org\/port-harcourt-total\/wp-json\/wp\/v2\/pages\/560\/revisions\/1552"}],"wp:attachment":[{"href":"https:\/\/ee.mlfmonde.org\/port-harcourt-total\/wp-json\/wp\/v2\/media?parent=560"}],"curies":[{"name":"wp","href":"https:\/\/api.w.org\/{rel}","templated":true}]}}