{"id":1410,"date":"2019-05-27T14:49:08","date_gmt":"2019-05-27T14:49:08","guid":{"rendered":"http:\/\/ee.mlfmonde.org\/port-harcourt-total\/?page_id=1410"},"modified":"2019-05-27T15:07:07","modified_gmt":"2019-05-27T15:07:07","slug":"travaux-en-sciences","status":"publish","type":"page","link":"https:\/\/ee.mlfmonde.org\/port-harcourt-total\/travaux-en-sciences\/","title":{"rendered":"Travaux en sciences"},"content":{"rendered":"<p>Voici les diff\u00e9rents travaux r\u00e9alis\u00e9s en sciences avec les \u00e9l\u00e8ves du coll\u00e8ge:<\/p>\n<p>Expos\u00e9s de sciences\u00a0 <a href=\"http:\/\/ee.mlfmonde.org\/port-harcourt-total\/exposes-de-sciences\/\">second trimestre<\/a><\/p>\n<p><a href=\"http:\/\/ee.mlfmonde.org\/port-harcourt-total\/activites-sciences-et-technologie-en-college\/\">Activit\u00e9s sciences et technologies 5\u00b0 et 4\u00b0\u00a0<\/a><\/p>\n<p><a href=\"http:\/\/ee.mlfmonde.org\/port-harcourt-total\/activites-sciences-et-technologie-en-college\/\">Activit\u00e9s sciences et technologies en 6\u00b0<\/a><\/p>\n","protected":false},"excerpt":{"rendered":"<p>Voici les diff\u00e9rents travaux r\u00e9alis\u00e9s en sciences avec les \u00e9l\u00e8ves du coll\u00e8ge: Expos\u00e9s de sciences\u00a0 second trimestre Activit\u00e9s sciences et technologies 5\u00b0 et 4\u00b0\u00a0 Activit\u00e9s sciences et technologies en 6\u00b0<\/p>\n","protected":false},"author":145,"featured_media":0,"parent":0,"menu_order":0,"comment_status":"closed","ping_status":"closed","template":"","meta":{"_acf_changed":false,"footnotes":""},"class_list":["post-1410","page","type-page","status-publish","czr-hentry"],"acf":[],"_links":{"self":[{"href":"https:\/\/ee.mlfmonde.org\/port-harcourt-total\/wp-json\/wp\/v2\/pages\/1410","targetHints":{"allow":["GET"]}}],"collection":[{"href":"https:\/\/ee.mlfmonde.org\/port-harcourt-total\/wp-json\/wp\/v2\/pages"}],"about":[{"href":"https:\/\/ee.mlfmonde.org\/port-harcourt-total\/wp-json\/wp\/v2\/types\/page"}],"author":[{"embeddable":true,"href":"https:\/\/ee.mlfmonde.org\/port-harcourt-total\/wp-json\/wp\/v2\/users\/145"}],"replies":[{"embeddable":true,"href":"https:\/\/ee.mlfmonde.org\/port-harcourt-total\/wp-json\/wp\/v2\/comments?post=1410"}],"version-history":[{"count":7,"href":"https:\/\/ee.mlfmonde.org\/port-harcourt-total\/wp-json\/wp\/v2\/pages\/1410\/revisions"}],"predecessor-version":[{"id":1423,"href":"https:\/\/ee.mlfmonde.org\/port-harcourt-total\/wp-json\/wp\/v2\/pages\/1410\/revisions\/1423"}],"wp:attachment":[{"href":"https:\/\/ee.mlfmonde.org\/port-harcourt-total\/wp-json\/wp\/v2\/media?parent=1410"}],"curies":[{"name":"wp","href":"https:\/\/api.w.org\/{rel}","templated":true}]}}