{"id":38,"date":"2016-02-29T07:10:53","date_gmt":"2016-02-29T07:10:53","guid":{"rendered":"http:\/\/ee.mlfmonde.org\/moanda-comilog\/?page_id=38"},"modified":"2016-02-29T07:15:48","modified_gmt":"2016-02-29T07:15:48","slug":"horaires-de-lecole","status":"publish","type":"page","link":"https:\/\/ee.mlfmonde.org\/moanda-comilog\/lecole-en-bref\/horaires-de-lecole","title":{"rendered":"Horaires de l&rsquo;\u00e9cole"},"content":{"rendered":"<p><span style=\"text-decoration: underline\"><span style=\"font-size: 14pt;line-height: 107%;font-family: 'Comic Sans MS';color: #002060\">Horaires de l\u2019\u00e9cole<\/span><\/span><\/p>\n<p style=\"margin-bottom: 3pt;line-height: normal\"><i><span style=\"font-size: 12pt;font-family: 'Comic Sans MS';color: #385723\">Lundi \u2013 mardi \u2013 jeudi \u2013 vendredi<\/span><\/i><\/p>\n<table style=\"border-collapse: collapse\" border=\"1\" cellspacing=\"0\" cellpadding=\"0\">\n<tbody>\n<tr>\n<td style=\"width: 162.8pt;border: 1pt solid windowtext;padding: 0cm 5.4pt\" valign=\"top\" width=\"217\">\n<p style=\"margin-bottom: 0.0001pt;line-height: normal\"><i><span style=\"font-size: 12pt;font-family: 'Comic Sans MS';color: #7030a0\">D\u00e9but des cours<\/span><\/i><\/p>\n<\/td>\n<td style=\"width: 120.45pt;border-width: 1pt 1pt 1pt medium;border-style: solid solid solid none;border-color: windowtext windowtext windowtext -moz-use-text-color;padding: 0cm 5.4pt\" valign=\"top\" width=\"161\">\n<p style=\"margin-bottom: 0.0001pt;line-height: normal\"><span style=\"font-size: 12pt;font-family: 'Comic Sans MS';color: red\">7h30<\/span><\/p>\n<\/td>\n<\/tr>\n<tr>\n<td style=\"width: 162.8pt;border-right: 1pt solid windowtext;border-width: medium 1pt 1pt;border-style: none solid solid;border-color: -moz-use-text-color windowtext windowtext;padding: 0cm 5.4pt\" valign=\"top\" width=\"217\">\n<p style=\"margin-bottom: 0.0001pt;line-height: normal\"><i><span style=\"font-size: 12pt;font-family: 'Comic Sans MS';color: #7030a0\">\u00a0\u00a0\u00a0\u00a0\u00a0\u00a0 R\u00e9cr\u00e9ation<\/span><\/i><\/p>\n<\/td>\n<td style=\"width: 120.45pt;border-width: medium 1pt 1pt medium;border-style: none solid solid none;border-color: -moz-use-text-color windowtext windowtext -moz-use-text-color;padding: 0cm 5.4pt\" valign=\"top\" width=\"161\">\n<p style=\"margin-bottom: 0.0001pt;line-height: normal\"><span style=\"font-size: 12pt;font-family: 'Comic Sans MS';color: red\">9h30 \u00e0 9h55<\/span><\/p>\n<\/td>\n<\/tr>\n<tr>\n<td style=\"width: 162.8pt;border-right: 1pt solid windowtext;border-width: medium 1pt 1pt;border-style: none solid solid;border-color: -moz-use-text-color windowtext windowtext;padding: 0cm 5.4pt\" valign=\"top\" width=\"217\">\n<p style=\"margin-bottom: 0.0001pt;line-height: normal\"><i><span style=\"font-size: 12pt;font-family: 'Comic Sans MS';color: #7030a0\">Fin des cours de la matin\u00e9e<\/span><\/i><\/p>\n<\/td>\n<td style=\"width: 120.45pt;border-width: medium 1pt 1pt medium;border-style: none solid solid none;border-color: -moz-use-text-color windowtext windowtext -moz-use-text-color;padding: 0cm 5.4pt\" valign=\"top\" width=\"161\">\n<p style=\"margin-bottom: 0.0001pt;line-height: normal\"><span style=\"font-size: 12pt;font-family: 'Comic Sans MS';color: red\">11h30<\/span><\/p>\n<\/td>\n<\/tr>\n<tr>\n<td style=\"width: 162.8pt;border-right: 1pt solid windowtext;border-width: medium 1pt 1pt;border-style: none solid solid;border-color: -moz-use-text-color windowtext windowtext;padding: 0cm 5.4pt\" valign=\"top\" width=\"217\">\n<p style=\"margin-bottom: 0.0001pt;line-height: normal\"><i><span style=\"font-size: 12pt;font-family: 'Comic Sans MS';color: #7030a0\">Reprise des cours<\/span><\/i><\/p>\n<\/td>\n<td style=\"width: 120.45pt;border-width: medium 1pt 1pt medium;border-style: none solid solid none;border-color: -moz-use-text-color windowtext windowtext -moz-use-text-color;padding: 0cm 5.4pt\" valign=\"top\" width=\"161\">\n<p style=\"margin-bottom: 0.0001pt;line-height: normal\"><span style=\"font-size: 12pt;font-family: 'Comic Sans MS';color: red\">14h<\/span><\/p>\n<\/td>\n<\/tr>\n<tr>\n<td style=\"width: 162.8pt;border-right: 1pt solid windowtext;border-width: medium 1pt 1pt;border-style: none solid solid;border-color: -moz-use-text-color windowtext windowtext;padding: 0cm 5.4pt\" valign=\"top\" width=\"217\">\n<p style=\"margin-bottom: 0.0001pt;line-height: normal\"><i><span style=\"font-size: 12pt;font-family: 'Comic Sans MS';color: #7030a0\">Fin des cours<\/span><\/i><\/p>\n<\/td>\n<td style=\"width: 120.45pt;border-width: medium 1pt 1pt medium;border-style: none solid solid none;border-color: -moz-use-text-color windowtext windowtext -moz-use-text-color;padding: 0cm 5.4pt\" valign=\"top\" width=\"161\">\n<p style=\"margin-bottom: 0.0001pt;line-height: normal\"><span style=\"font-size: 12pt;font-family: 'Comic Sans MS';color: red\">16h<\/span><\/p>\n<\/td>\n<\/tr>\n<\/tbody>\n<\/table>\n<p style=\"margin-bottom: 3pt\"><span style=\"font-size: 12pt;font-family: 'Comic Sans MS'\">\u00a0<\/span><i><span style=\"font-size: 12pt;line-height: 107%;font-family: 'Comic Sans MS';color: #385723\">Mercredi matin<\/span><\/i><\/p>\n<table style=\"border-collapse: collapse\" border=\"1\" cellspacing=\"0\" cellpadding=\"0\">\n<tbody>\n<tr>\n<td style=\"width: 162.8pt;border: 1pt solid windowtext;padding: 0cm 5.4pt\" valign=\"top\" width=\"217\">\n<p style=\"margin-bottom: 0.0001pt;line-height: normal\"><i><span style=\"font-size: 12pt;font-family: 'Comic Sans MS';color: #7030a0\">Aide personnalis\u00e9e<\/span><\/i><\/p>\n<\/td>\n<td style=\"width: 120.45pt;border-width: 1pt 1pt 1pt medium;border-style: solid solid solid none;border-color: windowtext windowtext windowtext -moz-use-text-color;padding: 0cm 5.4pt\" valign=\"top\" width=\"161\">\n<p style=\"margin-bottom: 0.0001pt;line-height: normal\"><span style=\"font-size: 12pt;font-family: 'Comic Sans MS';color: red\">9h30 \u00e0 11h30<\/span><\/p>\n<\/td>\n<\/tr>\n<\/tbody>\n<\/table>\n","protected":false},"excerpt":{"rendered":"<p>Horaires de l\u2019\u00e9cole Lundi \u2013 mardi \u2013 jeudi \u2013 vendredi D\u00e9but des cours 7h30 \u00a0\u00a0\u00a0\u00a0\u00a0\u00a0 R\u00e9cr\u00e9ation 9h30 \u00e0 9h55 Fin des cours de la matin\u00e9e 11h30 Reprise des cours 14h Fin des cours 16h \u00a0Mercredi matin Aide personnalis\u00e9e 9h30 \u00e0 11h30<\/p>\n","protected":false},"author":59,"featured_media":0,"parent":10,"menu_order":0,"comment_status":"closed","ping_status":"closed","template":"","meta":{"_acf_changed":false,"footnotes":""},"class_list":["post-38","page","type-page","status-publish","czr-hentry"],"acf":[],"_links":{"self":[{"href":"https:\/\/ee.mlfmonde.org\/moanda-comilog\/wp-json\/wp\/v2\/pages\/38","targetHints":{"allow":["GET"]}}],"collection":[{"href":"https:\/\/ee.mlfmonde.org\/moanda-comilog\/wp-json\/wp\/v2\/pages"}],"about":[{"href":"https:\/\/ee.mlfmonde.org\/moanda-comilog\/wp-json\/wp\/v2\/types\/page"}],"author":[{"embeddable":true,"href":"https:\/\/ee.mlfmonde.org\/moanda-comilog\/wp-json\/wp\/v2\/users\/59"}],"replies":[{"embeddable":true,"href":"https:\/\/ee.mlfmonde.org\/moanda-comilog\/wp-json\/wp\/v2\/comments?post=38"}],"version-history":[{"count":2,"href":"https:\/\/ee.mlfmonde.org\/moanda-comilog\/wp-json\/wp\/v2\/pages\/38\/revisions"}],"predecessor-version":[{"id":40,"href":"https:\/\/ee.mlfmonde.org\/moanda-comilog\/wp-json\/wp\/v2\/pages\/38\/revisions\/40"}],"up":[{"embeddable":true,"href":"https:\/\/ee.mlfmonde.org\/moanda-comilog\/wp-json\/wp\/v2\/pages\/10"}],"wp:attachment":[{"href":"https:\/\/ee.mlfmonde.org\/moanda-comilog\/wp-json\/wp\/v2\/media?parent=38"}],"curies":[{"name":"wp","href":"https:\/\/api.w.org\/{rel}","templated":true}]}}