{"id":194,"date":"2016-02-29T16:08:48","date_gmt":"2016-02-29T16:08:48","guid":{"rendered":"http:\/\/ee.mlfmonde.org\/moanda-comilog\/?page_id=194"},"modified":"2016-02-29T16:08:48","modified_gmt":"2016-02-29T16:08:48","slug":"activites-et-projets","status":"publish","type":"page","link":"https:\/\/ee.mlfmonde.org\/moanda-comilog\/activites-et-projets","title":{"rendered":"Activit\u00e9s et projets"},"content":{"rendered":"<p><span style=\"font-size: 18pt\"><b><span style=\"color: red\">Activit\u00e9s et &nbsp;manifestations de l&rsquo;ann\u00e9e scolaire 2014\/2015<\/span><\/b><\/span><\/p>\n<p><span style=\"text-decoration: underline\"><span style=\"color: #000000\"><b>L\u2019Agenda des activit\u00e9s 2014\/2015<\/b><\/span><\/span><\/p>\n<ul>\n<li><span style=\"color: #000000\"><span style=\"color: #0000ff\">No\u00ebl des enfants<\/span>, a eu lieu en d\u00e9cembre 2014<\/span><\/li>\n<li><span style=\"color: #000000\"><span style=\"color: #0000ff\">Tournoi de Football<\/span>, a eu lieu en mars 2015 pour les classes de primaire<\/span><\/li>\n<li><span style=\"color: #000000\"><span style=\"color: #0000ff\">Journ\u00e9e Carnaval<\/span>, &nbsp;s&rsquo;est d\u00e9roul\u00e9 en f\u00e9vrier 2015<\/span><\/li>\n<li><span style=\"color: #000000\"><span style=\"color: #0000ff\">Sortie Pique-Nique et Jeux ext\u00e9rieurs au stade H\u00e9liconia<\/span>, en mai 2015<\/span><\/li>\n<li><span style=\"color: #000000\"><span style=\"color: #0000ff\">Loto Adultes et Enfants<\/span>, en mai 2015<\/span><\/li>\n<li><span style=\"color: #000000\"><span style=\"color: #0000ff\">Concours de p\u00eache \u00e0 Mounana<\/span>, en juin 2015<\/span><\/li>\n<li><span style=\"color: #000000\"><span style=\"color: #0000ff\">F\u00eate de fin d\u2019ann\u00e9e<\/span>&nbsp;fin juin 2015<\/span><\/li>\n<\/ul>\n<p><span style=\"color: #000000\"><b>&nbsp;<\/b><\/span><\/p>\n","protected":false},"excerpt":{"rendered":"<p>Activit\u00e9s et &nbsp;manifestations de l&rsquo;ann\u00e9e scolaire 2014\/2015 L\u2019Agenda des activit\u00e9s 2014\/2015 No\u00ebl des enfants, a eu lieu en d\u00e9cembre 2014 Tournoi de Football, a eu lieu en mars 2015 pour les classes de primaire Journ\u00e9e Carnaval, &nbsp;s&rsquo;est d\u00e9roul\u00e9 en f\u00e9vrier 2015 Sortie Pique-Nique et Jeux ext\u00e9rieurs au stade H\u00e9liconia, en mai 2015 Loto Adultes et [&hellip;]<\/p>\n","protected":false},"author":59,"featured_media":0,"parent":0,"menu_order":0,"comment_status":"closed","ping_status":"closed","template":"","meta":{"_acf_changed":false,"footnotes":""},"class_list":["post-194","page","type-page","status-publish","czr-hentry"],"acf":[],"_links":{"self":[{"href":"https:\/\/ee.mlfmonde.org\/moanda-comilog\/wp-json\/wp\/v2\/pages\/194","targetHints":{"allow":["GET"]}}],"collection":[{"href":"https:\/\/ee.mlfmonde.org\/moanda-comilog\/wp-json\/wp\/v2\/pages"}],"about":[{"href":"https:\/\/ee.mlfmonde.org\/moanda-comilog\/wp-json\/wp\/v2\/types\/page"}],"author":[{"embeddable":true,"href":"https:\/\/ee.mlfmonde.org\/moanda-comilog\/wp-json\/wp\/v2\/users\/59"}],"replies":[{"embeddable":true,"href":"https:\/\/ee.mlfmonde.org\/moanda-comilog\/wp-json\/wp\/v2\/comments?post=194"}],"version-history":[{"count":1,"href":"https:\/\/ee.mlfmonde.org\/moanda-comilog\/wp-json\/wp\/v2\/pages\/194\/revisions"}],"predecessor-version":[{"id":195,"href":"https:\/\/ee.mlfmonde.org\/moanda-comilog\/wp-json\/wp\/v2\/pages\/194\/revisions\/195"}],"wp:attachment":[{"href":"https:\/\/ee.mlfmonde.org\/moanda-comilog\/wp-json\/wp\/v2\/media?parent=194"}],"curies":[{"name":"wp","href":"https:\/\/api.w.org\/{rel}","templated":true}]}}