{"id":105,"date":"2016-02-29T08:20:06","date_gmt":"2016-02-29T08:20:06","guid":{"rendered":"http:\/\/ee.mlfmonde.org\/moanda-comilog\/?page_id=105"},"modified":"2020-05-04T09:10:17","modified_gmt":"2020-05-04T09:10:17","slug":"reglement-interieur","status":"publish","type":"page","link":"https:\/\/ee.mlfmonde.org\/moanda-comilog\/reglement-interieur","title":{"rendered":"R\u00e8glement int\u00e9rieur"},"content":{"rendered":"<p>Merci de cliquer sur le Lien pour lire le r\u00e8glement int\u00e9rieur de l&rsquo;\u00e9cole<\/p>\n<p style=\"margin-bottom: 0.0001pt;text-align: justify\"><a href=\"http:\/\/ee.mlfmonde.org\/moanda-comilog\/wp-content\/uploads\/sites\/10\/2020\/05\/R\u00e8glement-int\u00e9rieur.pdf\">R\u00e8glement int\u00e9rieur<\/a><\/p>\n<p style=\"margin-bottom: 0.0001pt;text-align: justify\"><span style=\"font-size: 14pt;line-height: 115%;font-family: 'Tahoma',sans-serif\">\u00a0<\/span><\/p>\n","protected":false},"excerpt":{"rendered":"<p>Merci de cliquer sur le Lien pour lire le r\u00e8glement int\u00e9rieur de l&rsquo;\u00e9cole R\u00e8glement int\u00e9rieur \u00a0<\/p>\n","protected":false},"author":59,"featured_media":0,"parent":0,"menu_order":0,"comment_status":"closed","ping_status":"closed","template":"","meta":{"_acf_changed":false,"footnotes":""},"class_list":["post-105","page","type-page","status-publish","czr-hentry"],"acf":[],"_links":{"self":[{"href":"https:\/\/ee.mlfmonde.org\/moanda-comilog\/wp-json\/wp\/v2\/pages\/105","targetHints":{"allow":["GET"]}}],"collection":[{"href":"https:\/\/ee.mlfmonde.org\/moanda-comilog\/wp-json\/wp\/v2\/pages"}],"about":[{"href":"https:\/\/ee.mlfmonde.org\/moanda-comilog\/wp-json\/wp\/v2\/types\/page"}],"author":[{"embeddable":true,"href":"https:\/\/ee.mlfmonde.org\/moanda-comilog\/wp-json\/wp\/v2\/users\/59"}],"replies":[{"embeddable":true,"href":"https:\/\/ee.mlfmonde.org\/moanda-comilog\/wp-json\/wp\/v2\/comments?post=105"}],"version-history":[{"count":9,"href":"https:\/\/ee.mlfmonde.org\/moanda-comilog\/wp-json\/wp\/v2\/pages\/105\/revisions"}],"predecessor-version":[{"id":1841,"href":"https:\/\/ee.mlfmonde.org\/moanda-comilog\/wp-json\/wp\/v2\/pages\/105\/revisions\/1841"}],"wp:attachment":[{"href":"https:\/\/ee.mlfmonde.org\/moanda-comilog\/wp-json\/wp\/v2\/media?parent=105"}],"curies":[{"name":"wp","href":"https:\/\/api.w.org\/{rel}","templated":true}]}}