{"id":103,"date":"2016-02-29T08:18:40","date_gmt":"2016-02-29T08:18:40","guid":{"rendered":"http:\/\/ee.mlfmonde.org\/moanda-comilog\/?page_id=103"},"modified":"2016-02-29T16:46:38","modified_gmt":"2016-02-29T16:46:38","slug":"visite-de-lecole","status":"publish","type":"page","link":"https:\/\/ee.mlfmonde.org\/moanda-comilog\/lecole-en-bref\/visite-de-lecole","title":{"rendered":"Visite de l&rsquo;\u00e9cole"},"content":{"rendered":"<p>Voici un petit aper\u00e7u de notre \u00e9cole&#8230; cliquez sur une image pour l&rsquo;agrandir<\/p>\n<div id=\"su_slider_69d66be041b28\" class=\"su-slider su-slider-centered su-slider-pages-yes su-slider-responsive-yes\" style=\"width:100%\" data-autoplay=\"3000\" data-speed=\"600\" data-mousewheel=\"true\"><div class=\"su-slider-slides\"><div class=\"su-slider-slide\"><a><img decoding=\"async\" src=\"https:\/\/ee.mlfmonde.org\/moanda-comilog\/wp-content\/uploads\/sites\/10\/2016\/02\/Visite-12.jpg\" alt=\"Visite-12\" \/><\/a><\/div><div class=\"su-slider-slide\"><a><img decoding=\"async\" src=\"https:\/\/ee.mlfmonde.org\/moanda-comilog\/wp-content\/uploads\/sites\/10\/2016\/02\/Visite-11.jpg\" alt=\"Visite-11\" \/><\/a><\/div><div class=\"su-slider-slide\"><a><img decoding=\"async\" src=\"https:\/\/ee.mlfmonde.org\/moanda-comilog\/wp-content\/uploads\/sites\/10\/2016\/02\/Visite-10.jpg\" alt=\"Visite-10\" \/><\/a><\/div><div class=\"su-slider-slide\"><a><img decoding=\"async\" src=\"https:\/\/ee.mlfmonde.org\/moanda-comilog\/wp-content\/uploads\/sites\/10\/2016\/02\/Visite-09.jpg\" alt=\"Visite-09\" \/><\/a><\/div><div class=\"su-slider-slide\"><a><img decoding=\"async\" src=\"https:\/\/ee.mlfmonde.org\/moanda-comilog\/wp-content\/uploads\/sites\/10\/2016\/02\/Visite-08.jpg\" alt=\"Visite-08\" \/><\/a><\/div><div class=\"su-slider-slide\"><a><img decoding=\"async\" src=\"https:\/\/ee.mlfmonde.org\/moanda-comilog\/wp-content\/uploads\/sites\/10\/2016\/02\/Visite-07.jpg\" alt=\"Visite-07\" \/><\/a><\/div><div class=\"su-slider-slide\"><a><img decoding=\"async\" src=\"https:\/\/ee.mlfmonde.org\/moanda-comilog\/wp-content\/uploads\/sites\/10\/2016\/02\/Visite-06.jpg\" alt=\"Visite-06\" \/><\/a><\/div><div class=\"su-slider-slide\"><a><img decoding=\"async\" src=\"https:\/\/ee.mlfmonde.org\/moanda-comilog\/wp-content\/uploads\/sites\/10\/2016\/02\/Visite-05.jpg\" alt=\"Visite-05\" \/><\/a><\/div><div class=\"su-slider-slide\"><a><img decoding=\"async\" src=\"https:\/\/ee.mlfmonde.org\/moanda-comilog\/wp-content\/uploads\/sites\/10\/2016\/02\/Ecole-3.jpg\" alt=\"Ecole 3\" \/><\/a><\/div><div class=\"su-slider-slide\"><a><img decoding=\"async\" src=\"https:\/\/ee.mlfmonde.org\/moanda-comilog\/wp-content\/uploads\/sites\/10\/2016\/02\/Ecole-4.jpg\" alt=\"Ecole 4\" \/><\/a><\/div><div class=\"su-slider-slide\"><a><img decoding=\"async\" src=\"https:\/\/ee.mlfmonde.org\/moanda-comilog\/wp-content\/uploads\/sites\/10\/2016\/02\/Ecole-2.jpg\" alt=\"Ecole 2\" \/><\/a><\/div><div class=\"su-slider-slide\"><a><img decoding=\"async\" src=\"https:\/\/ee.mlfmonde.org\/moanda-comilog\/wp-content\/uploads\/sites\/10\/2016\/02\/Ecole-5.jpg\" alt=\"Ecole 5\" \/><\/a><\/div><div class=\"su-slider-slide\"><a><img decoding=\"async\" src=\"https:\/\/ee.mlfmonde.org\/moanda-comilog\/wp-content\/uploads\/sites\/10\/2016\/02\/Ecole-6.jpg\" alt=\"Ecole 6\" \/><\/a><\/div><div class=\"su-slider-slide\"><a><img decoding=\"async\" src=\"https:\/\/ee.mlfmonde.org\/moanda-comilog\/wp-content\/uploads\/sites\/10\/2016\/02\/Visite-03.jpg\" alt=\"Visite-03\" \/><\/a><\/div><div class=\"su-slider-slide\"><a><img decoding=\"async\" src=\"https:\/\/ee.mlfmonde.org\/moanda-comilog\/wp-content\/uploads\/sites\/10\/2016\/02\/Visite-02.jpg\" alt=\"Visite-02\" \/><\/a><\/div><div class=\"su-slider-slide\"><a><img decoding=\"async\" src=\"https:\/\/ee.mlfmonde.org\/moanda-comilog\/wp-content\/uploads\/sites\/10\/2016\/02\/Visite-01.jpg\" alt=\"Visite-01\" \/><\/a><\/div><\/div><div class=\"su-slider-nav\"><div class=\"su-slider-direction\"><span class=\"su-slider-prev\"><\/span><span class=\"su-slider-next\"><\/span><\/div><div class=\"su-slider-pagination\"><\/div><\/div><\/div>\n","protected":false},"excerpt":{"rendered":"<p>Voici un petit aper\u00e7u de notre \u00e9cole&#8230; cliquez sur une image pour l&rsquo;agrandir<\/p>\n","protected":false},"author":59,"featured_media":0,"parent":10,"menu_order":1,"comment_status":"closed","ping_status":"closed","template":"","meta":{"_acf_changed":false,"footnotes":""},"class_list":["post-103","page","type-page","status-publish","czr-hentry"],"acf":[],"_links":{"self":[{"href":"https:\/\/ee.mlfmonde.org\/moanda-comilog\/wp-json\/wp\/v2\/pages\/103","targetHints":{"allow":["GET"]}}],"collection":[{"href":"https:\/\/ee.mlfmonde.org\/moanda-comilog\/wp-json\/wp\/v2\/pages"}],"about":[{"href":"https:\/\/ee.mlfmonde.org\/moanda-comilog\/wp-json\/wp\/v2\/types\/page"}],"author":[{"embeddable":true,"href":"https:\/\/ee.mlfmonde.org\/moanda-comilog\/wp-json\/wp\/v2\/users\/59"}],"replies":[{"embeddable":true,"href":"https:\/\/ee.mlfmonde.org\/moanda-comilog\/wp-json\/wp\/v2\/comments?post=103"}],"version-history":[{"count":8,"href":"https:\/\/ee.mlfmonde.org\/moanda-comilog\/wp-json\/wp\/v2\/pages\/103\/revisions"}],"predecessor-version":[{"id":215,"href":"https:\/\/ee.mlfmonde.org\/moanda-comilog\/wp-json\/wp\/v2\/pages\/103\/revisions\/215"}],"up":[{"embeddable":true,"href":"https:\/\/ee.mlfmonde.org\/moanda-comilog\/wp-json\/wp\/v2\/pages\/10"}],"wp:attachment":[{"href":"https:\/\/ee.mlfmonde.org\/moanda-comilog\/wp-json\/wp\/v2\/media?parent=103"}],"curies":[{"name":"wp","href":"https:\/\/api.w.org\/{rel}","templated":true}]}}