{"id":1568,"date":"2023-01-26T13:56:04","date_gmt":"2023-01-26T12:56:04","guid":{"rendered":"http:\/\/ee.mlfmonde.org\/moanda-comilog-lhs\/?page_id=1568"},"modified":"2023-01-30T09:26:34","modified_gmt":"2023-01-30T08:26:34","slug":"la-certification-pix","status":"publish","type":"page","link":"https:\/\/ee.mlfmonde.org\/moanda-comilog-lhs\/le-college\/la-certification-pix\/","title":{"rendered":"La certification PIX"},"content":{"rendered":"<div class=\"su-quote su-quote-style-default su-quote-has-cite\"><div class=\"su-quote-inner su-u-clearfix su-u-trim\">Les comp\u00e9tences num\u00e9riques constituent un \u00e9l\u00e9ment essentiel du parcours scolaire, de l&rsquo;insertion professionnelle et de la vie citoyenne dans une soci\u00e9t\u00e9 dont l&rsquo;environnement technologique \u00e9volue constamment. Le cadre de r\u00e9f\u00e9rence des comp\u00e9tences num\u00e9riques (CRCN) d\u00e9finit les comp\u00e9tences num\u00e9riques et leurs niveaux de ma\u00eetrise progressive au long de la scolarit\u00e9. La plateforme Pix permet le suivi des acquis et la d\u00e9livrance d&rsquo;une certification en fin de cycle 4 et au cycle terminal.<span class=\"su-quote-cite\"><a href=\"https:\/\/eduscol.education.fr\/721\/evaluer-et-certifier-les-competences-numeriques\" target=\"_blank\">Eduscol<\/a><\/span><\/div><\/div>\n<div class=\"clearfix ul-element-text \">\n<p>Pix est un projet public de plateforme en ligne d\u2019\u00e9valuation et de certification des comp\u00e9tences num\u00e9riques.<\/p>\n<div class=\"su-spacer\" style=\"height:20px\"><\/div>\n<\/div>\n<div class=\"ul-element-header text-left  \">\n<h2 class=\"ul-bold  \">Le service est accessible gratuitement et ouvert \u00e0 tous les francophones<\/h2>\n<\/div>\n<div class=\"clearfix ul-element-text \">\n<p style=\"padding-left: 30px\">Son objectif est d\u2019accompagner l\u2019\u00e9l\u00e9vation du niveau g\u00e9n\u00e9ral de connaissances et de comp\u00e9tences num\u00e9riques et ainsi de pr\u00e9parer la transformation digitale de l\u2019ensemble de notre soci\u00e9t\u00e9 et de notre \u00e9conomie.<\/p>\n<\/div>\n<div class=\"ul-element-header text-left  \">\n<h2 class=\"ul-bold  \">Mesurer ses comp\u00e9tences num\u00e9riques<\/h2>\n<\/div>\n<div class=\"clearfix ul-element-text \">\n<p style=\"padding-left: 30px\">Pix permet d\u2019obtenir un profil de comp\u00e9tences associ\u00e9 \u00e0 un score global sur 1024 Pix.<\/p>\n<p style=\"padding-left: 30px\">En conformit\u00e9 avec le cadre de r\u00e9f\u00e9rence europ\u00e9en\u00a0<a href=\"https:\/\/ec.europa.eu\/jrc\/en\/digcomp\/digital-competence-framework\" target=\"_blank\" rel=\"noopener noreferrer\">DIGCOMP<\/a>, Pix \u00e9value les comp\u00e9tences num\u00e9riques sur 8 niveaux et 5 grands\u00a0domaines\u00a0:<\/p>\n<ul>\n<li style=\"list-style-type: none\">\n<ul>\n<li>Informations et donn\u00e9es<\/li>\n<li>Communication et collaboration<\/li>\n<li>Cr\u00e9ation de contenu<\/li>\n<li>Protection et s\u00e9curit\u00e9<\/li>\n<li>Environnement num\u00e9rique<\/li>\n<\/ul>\n<\/li>\n<\/ul>\n<div class=\"su-youtube su-u-responsive-media-yes\"><iframe width=\"600\" height=\"400\" src=\"https:\/\/www.youtube.com\/embed\/1B8fBmLIsh8?\" frameborder=\"0\" allowfullscreen allow=\"autoplay; encrypted-media; picture-in-picture\" title=\"\"><\/iframe><\/div>\n<\/div>\n<div class=\"ul-element-header text-left  \">\n<h2 class=\"ul-bold  \">D\u00e9velopper ses comp\u00e9tences num\u00e9riques<\/h2>\n<\/div>\n<div class=\"clearfix ul-element-text \">\n<p style=\"padding-left: 30px\">Les apports de Pix au d\u00e9veloppement des comp\u00e9tences de chacun sont doubles :<\/p>\n<ol>\n<li style=\"list-style-type: none\">\n<ol>\n<li>Pix permet d\u2019apprendre en se testant. Une part importante des \u00e9preuves Pix sont con\u00e7ues sous la forme de d\u00e9fis \u00e0 relever au cours desquels on d\u00e9veloppe ses comp\u00e9tences.<\/li>\n<li>En s\u2019appuyant sur les r\u00e9sultats des \u00e9preuves, Pix offre \u00e9galement des recommandations cibl\u00e9es de formation.<\/li>\n<\/ol>\n<\/li>\n<\/ol>\n<p style=\"padding-left: 30px\">Pour t\u00e9moigner des progr\u00e8s de mani\u00e8re continue et stimulante, les utilisateurs disposent d\u2019un compte personnel s\u00e9curis\u00e9 qui leur permet de faire valoir leurs acquis \u00e0 leur rythme et tout au long de la vie.<\/p>\n<\/div>\n<div class=\"ul-element-header text-left  \">\n<h2 class=\"ul-bold  \">Valoriser ses comp\u00e9tences num\u00e9riques<\/h2>\n<\/div>\n<div class=\"clearfix ul-element-text \">\n<p style=\"padding-left: 30px\">Pix propose un mode \u00ab certifiant \u00bb, permettant d\u2019obtenir une certification officielle fiable et reconnue par l\u2019\u00e9ducation nationale, l\u2019enseignement sup\u00e9rieur et le monde professionnel.<\/p>\n<p style=\"padding-left: 30px\">Ce test compl\u00e9mentaire n\u00e9cessite une passation en pr\u00e9sentiel dans les centres agr\u00e9\u00e9s par Pix : coll\u00e8ges, lyc\u00e9es, \u00e9tablissements d\u2019enseignement sup\u00e9rieur, structures partenaires.<\/p>\n<div class=\"su-youtube su-u-responsive-media-yes\"><iframe width=\"600\" height=\"400\" src=\"https:\/\/www.youtube.com\/embed\/x9C9tK7SU7g?\" frameborder=\"0\" allowfullscreen allow=\"autoplay; encrypted-media; picture-in-picture\" title=\"\"><\/iframe><\/div>\n<\/div>\n","protected":false},"excerpt":{"rendered":"<p>Pix est un projet public de plateforme en ligne d\u2019\u00e9valuation et de certification des comp\u00e9tences num\u00e9riques. Le service est accessible gratuitement et ouvert \u00e0 tous les francophones Son objectif est d\u2019accompagner l\u2019\u00e9l\u00e9vation du niveau g\u00e9n\u00e9ral de connaissances et de comp\u00e9tences num\u00e9riques et ainsi de pr\u00e9parer la transformation digitale de l\u2019ensemble de notre soci\u00e9t\u00e9 et de [&hellip;]<\/p>\n","protected":false},"author":75,"featured_media":0,"parent":1140,"menu_order":0,"comment_status":"closed","ping_status":"closed","template":"","meta":{"_acf_changed":false,"footnotes":""},"class_list":["post-1568","page","type-page","status-publish","czr-hentry"],"acf":[],"_links":{"self":[{"href":"https:\/\/ee.mlfmonde.org\/moanda-comilog-lhs\/wp-json\/wp\/v2\/pages\/1568","targetHints":{"allow":["GET"]}}],"collection":[{"href":"https:\/\/ee.mlfmonde.org\/moanda-comilog-lhs\/wp-json\/wp\/v2\/pages"}],"about":[{"href":"https:\/\/ee.mlfmonde.org\/moanda-comilog-lhs\/wp-json\/wp\/v2\/types\/page"}],"author":[{"embeddable":true,"href":"https:\/\/ee.mlfmonde.org\/moanda-comilog-lhs\/wp-json\/wp\/v2\/users\/75"}],"replies":[{"embeddable":true,"href":"https:\/\/ee.mlfmonde.org\/moanda-comilog-lhs\/wp-json\/wp\/v2\/comments?post=1568"}],"version-history":[{"count":5,"href":"https:\/\/ee.mlfmonde.org\/moanda-comilog-lhs\/wp-json\/wp\/v2\/pages\/1568\/revisions"}],"predecessor-version":[{"id":1632,"href":"https:\/\/ee.mlfmonde.org\/moanda-comilog-lhs\/wp-json\/wp\/v2\/pages\/1568\/revisions\/1632"}],"up":[{"embeddable":true,"href":"https:\/\/ee.mlfmonde.org\/moanda-comilog-lhs\/wp-json\/wp\/v2\/pages\/1140"}],"wp:attachment":[{"href":"https:\/\/ee.mlfmonde.org\/moanda-comilog-lhs\/wp-json\/wp\/v2\/media?parent=1568"}],"curies":[{"name":"wp","href":"https:\/\/api.w.org\/{rel}","templated":true}]}}