{"id":1204,"date":"2023-01-19T08:22:05","date_gmt":"2023-01-19T07:22:05","guid":{"rendered":"http:\/\/ee.mlfmonde.org\/moanda-comilog-lhs\/?page_id=1204"},"modified":"2023-01-25T15:13:53","modified_gmt":"2023-01-25T14:13:53","slug":"projets-pedagogiques","status":"publish","type":"page","link":"https:\/\/ee.mlfmonde.org\/moanda-comilog-lhs\/projets-pedagogiques\/","title":{"rendered":"Projets p\u00e9dagogiques"},"content":{"rendered":"<a href=\"https:\/\/ee.mlfmonde.org\/moanda-comilog-lhs\/webradio-des-sylvoziens\/\" class=\"su-button su-button-style-bubbles su-button-wide\" style=\"color:#FFFFFF;background-color:#110a82;border-color:#0e0868;border-radius:5px\" target=\"_blank\" rel=\"noopener noreferrer\"><span style=\"color:#FFFFFF;padding:6px 16px;font-size:13px;line-height:20px;border-color:#5954a8;border-radius:5px;text-shadow:none\"><img decoding=\"async\" src=\"http:\/\/ee.mlfmonde.org\/moanda-comilog-lhs\/wp-content\/uploads\/sites\/11\/2023\/01\/vignette-podcast-wabradio.jpg\" alt=\"\" style=\"width:20px;height:20px\" \/> <small style=\"padding-bottom:6px;color:#FFFFFF\">Ecoutez la webradio des sylvoziens !<\/small><\/span><\/a>\n<div class=\"su-spacer\" style=\"height:20px\"><\/div>\n\n\n<div class=\"su-posts su-posts-default-loop \">\n\n\t\n\t\t\t\t\t\n\t\t\t\n\t\t\t<div id=\"su-post-2328\" class=\"su-post \">\n\n\t\t\t\t\n\t\t\t\t<h2 class=\"su-post-title\"><a href=\"https:\/\/ee.mlfmonde.org\/moanda-comilog-lhs\/cop-2024-les-eleves-se-mobilisent\/\">COP 2024 : les \u00e9l\u00e8ves se mobilisent !<\/a><\/h2>\n\n\t\t\t\t<div class=\"su-post-meta\">\n\t\t\t\t\tPubli\u00e9: 27 mai 2024\t\t\t\t<\/div>\n\n\t\t\t\t<div class=\"su-post-excerpt\">\n\t\t\t\t\t<p>C&rsquo;est avec enthousiasme et engagement que les \u00e9l\u00e8ves de 2nde GT ont pris part \u00e0 une simulation de la COP sur la biodiversit\u00e9, suivant le kit p\u00e9dagogique de l&rsquo;AFD. Pendant cette exp\u00e9rience enrichissante, ils ont incarn\u00e9 divers acteurs tels que des repr\u00e9sentants \u00e9tatiques, des ONG, des entreprises, des m\u00e9dias, le GIEC et l&rsquo;IPBES. Chaque groupe [&hellip;]<\/p>\n\t\t\t\t<\/div>\n\n\t\t\t\t\n\t\t\t<\/div>\n\n\t\t\t\t\t\n\t\t\t\n\t\t\t<div id=\"su-post-2319\" class=\"su-post \">\n\n\t\t\t\t\n\t\t\t\t<h2 class=\"su-post-title\"><a href=\"https:\/\/ee.mlfmonde.org\/moanda-comilog-lhs\/graines-de-comilog\/\">Graines de Comilog&#8230;<\/a><\/h2>\n\n\t\t\t\t<div class=\"su-post-meta\">\n\t\t\t\t\tPubli\u00e9: 24 mai 2024\t\t\t\t<\/div>\n\n\t\t\t\t<div class=\"su-post-excerpt\">\n\t\t\t\t\t<p>Organis\u00e9e par la direction des relations publiques et de la communication de COMILOG, une journ\u00e9e d\u00e9couverte des installations de l\u2019entreprise pour des \u00e9l\u00e8ves des classes de 2nde, 1\u00e8re\u00a0et Terminale de Moanda s\u2019est d\u00e9roul\u00e9e le jeudi 23 mai 2024. Cette action s&rsquo;inscrit dans la vision de Comilog : promouvoir la culture de l\u2019excellence. Elle avait pour [&hellip;]<\/p>\n\t\t\t\t<\/div>\n\n\t\t\t\t\n\t\t\t<\/div>\n\n\t\t\t\t\t\n\t\t\t\n\t\t\t<div id=\"su-post-2313\" class=\"su-post \">\n\n\t\t\t\t\t\t\t\t\t<a class=\"su-post-thumbnail\" href=\"https:\/\/ee.mlfmonde.org\/moanda-comilog-lhs\/news-buzz-from-the-3eme-international-class\/\"><img fetchpriority=\"high\" decoding=\"async\" width=\"1008\" height=\"756\" src=\"https:\/\/ee.mlfmonde.org\/moanda-comilog-lhs\/wp-content\/uploads\/sites\/11\/2024\/05\/3i-poems-e1715605413191.jpg\" class=\"attachment-post-thumbnail size-post-thumbnail wp-post-image\" alt=\"\" \/><\/a>\n\t\t\t\t\n\t\t\t\t<h2 class=\"su-post-title\"><a href=\"https:\/\/ee.mlfmonde.org\/moanda-comilog-lhs\/news-buzz-from-the-3eme-international-class\/\">News Buzz from the 3\u00e9me International Class<\/a><\/h2>\n\n\t\t\t\t<div class=\"su-post-meta\">\n\t\t\t\t\tPubli\u00e9: 13 mai 2024\t\t\t\t<\/div>\n\n\t\t\t\t<div class=\"su-post-excerpt\">\n\t\t\t\t\t<p>During the School Press Week,we had a task to create poems of our own- The purpose and the main aim of this activity was to enforce creative and writing skills, good confidence in speaking, learn new vocabulary as well as working together and sharing information. Each one of us created a poem of our own [&hellip;]<\/p>\n\t\t\t\t<\/div>\n\n\t\t\t\t\n\t\t\t<\/div>\n\n\t\t\t\t\t\n\t\t\t\n\t\t\t<div id=\"su-post-2307\" class=\"su-post \">\n\n\t\t\t\t\t\t\t\t\t<a class=\"su-post-thumbnail\" href=\"https:\/\/ee.mlfmonde.org\/moanda-comilog-lhs\/le-lhs-brule-les-planches\/\"><img decoding=\"async\" width=\"1280\" height=\"960\" src=\"https:\/\/ee.mlfmonde.org\/moanda-comilog-lhs\/wp-content\/uploads\/sites\/11\/2024\/05\/PrixThe3.jpg\" class=\"attachment-post-thumbnail size-post-thumbnail wp-post-image\" alt=\"\" srcset=\"https:\/\/ee.mlfmonde.org\/moanda-comilog-lhs\/wp-content\/uploads\/sites\/11\/2024\/05\/PrixThe3.jpg 1280w, https:\/\/ee.mlfmonde.org\/moanda-comilog-lhs\/wp-content\/uploads\/sites\/11\/2024\/05\/PrixThe3-300x225.jpg 300w, https:\/\/ee.mlfmonde.org\/moanda-comilog-lhs\/wp-content\/uploads\/sites\/11\/2024\/05\/PrixThe3-768x576.jpg 768w, https:\/\/ee.mlfmonde.org\/moanda-comilog-lhs\/wp-content\/uploads\/sites\/11\/2024\/05\/PrixThe3-1024x768.jpg 1024w, https:\/\/ee.mlfmonde.org\/moanda-comilog-lhs\/wp-content\/uploads\/sites\/11\/2024\/05\/PrixThe3-570x428.jpg 570w\" sizes=\"(max-width: 1280px) 100vw, 1280px\" \/><\/a>\n\t\t\t\t\n\t\t\t\t<h2 class=\"su-post-title\"><a href=\"https:\/\/ee.mlfmonde.org\/moanda-comilog-lhs\/le-lhs-brule-les-planches\/\">Le LHS br\u00fble les planches<\/a><\/h2>\n\n\t\t\t\t<div class=\"su-post-meta\">\n\t\t\t\t\tPubli\u00e9: 12 mai 2024\t\t\t\t<\/div>\n\n\t\t\t\t<div class=\"su-post-excerpt\">\n\t\t\t\t\t<p>Nos \u00e9l\u00e8ves ont encore et toujours du talent&#8230; S\u2019ils n\u2019ont pu participer aux Rencontres de Th\u00e9\u00e2tre Scolaire et Universitaire de Libreville, les \u00e9l\u00e8ves de l&rsquo;atelier th\u00e9\u00e2tre ont n\u00e9anmoins \u00e9t\u00e9 inscrits au concours d\u2019\u00e9criture dramatique en vue de l\u2019obtention du \u00ab\u00a0Prix Sylvie Ntsame\u00a0\u00bb et ce, \u00e0 l\u2019initiative de Madame Nke-Moussavou. C\u2019est avec plaisir que nous vous [&hellip;]<\/p>\n\t\t\t\t<\/div>\n\n\t\t\t\t\n\t\t\t<\/div>\n\n\t\t\t\t\t\n\t\t\t\n\t\t\t<div id=\"su-post-2293\" class=\"su-post \">\n\n\t\t\t\t\t\t\t\t\t<a class=\"su-post-thumbnail\" href=\"https:\/\/ee.mlfmonde.org\/moanda-comilog-lhs\/la-spme-au-lhs\/\"><img decoding=\"async\" width=\"1600\" height=\"591\" src=\"https:\/\/ee.mlfmonde.org\/moanda-comilog-lhs\/wp-content\/uploads\/sites\/11\/2024\/04\/SPME-Banniere.jpg\" class=\"attachment-post-thumbnail size-post-thumbnail wp-post-image\" alt=\"\" srcset=\"https:\/\/ee.mlfmonde.org\/moanda-comilog-lhs\/wp-content\/uploads\/sites\/11\/2024\/04\/SPME-Banniere.jpg 1600w, https:\/\/ee.mlfmonde.org\/moanda-comilog-lhs\/wp-content\/uploads\/sites\/11\/2024\/04\/SPME-Banniere-300x111.jpg 300w, https:\/\/ee.mlfmonde.org\/moanda-comilog-lhs\/wp-content\/uploads\/sites\/11\/2024\/04\/SPME-Banniere-768x284.jpg 768w, https:\/\/ee.mlfmonde.org\/moanda-comilog-lhs\/wp-content\/uploads\/sites\/11\/2024\/04\/SPME-Banniere-1024x378.jpg 1024w, https:\/\/ee.mlfmonde.org\/moanda-comilog-lhs\/wp-content\/uploads\/sites\/11\/2024\/04\/SPME-Banniere-570x211.jpg 570w\" sizes=\"(max-width: 1600px) 100vw, 1600px\" \/><\/a>\n\t\t\t\t\n\t\t\t\t<h2 class=\"su-post-title\"><a href=\"https:\/\/ee.mlfmonde.org\/moanda-comilog-lhs\/la-spme-au-lhs\/\">La SPME au LHS<\/a><\/h2>\n\n\t\t\t\t<div class=\"su-post-meta\">\n\t\t\t\t\tPubli\u00e9: 8 avril 2024\t\t\t\t<\/div>\n\n\t\t\t\t<div class=\"su-post-excerpt\">\n\t\t\t\t\t<p>La Semaine de la Presse et des M\u00e9dias \u00e0 l\u2019Ecole (SPME) a d\u00e9but\u00e9 le lundi 18 mars 2024 au Lyc\u00e9e Henri Sylvoz par des jeux sur les m\u00e9tiers de la presse, des visites guid\u00e9es de stands, des temps de lecture de magazines et journaux pr\u00e9par\u00e9s et organis\u00e9s par M. Bayari et Mme Boukandou (documentalistes) et [&hellip;]<\/p>\n\t\t\t\t<\/div>\n\n\t\t\t\t\n\t\t\t<\/div>\n\n\t\t\t\t\t\n\t\t\t\n\t\t\t<div id=\"su-post-2278\" class=\"su-post \">\n\n\t\t\t\t\n\t\t\t\t<h2 class=\"su-post-title\"><a href=\"https:\/\/ee.mlfmonde.org\/moanda-comilog-lhs\/international-childrens-book-day\/\">International Children&rsquo;s Book Day<\/a><\/h2>\n\n\t\t\t\t<div class=\"su-post-meta\">\n\t\t\t\t\tPubli\u00e9: 4 avril 2024\t\t\t\t<\/div>\n\n\t\t\t\t<div class=\"su-post-excerpt\">\n\t\t\t\t\t<p>Pour la semaine des langues, des \u00e9l\u00e8ves de 3e sont fier.e.s de vous pr\u00e9sente leur travail de po\u00e9sie en langue anglaise : &nbsp; 3e Poems &nbsp; Enjoy !<\/p>\n\t\t\t\t<\/div>\n\n\t\t\t\t\n\t\t\t<\/div>\n\n\t\t\t\t\t\n\t\t\t\n\t\t\t<div id=\"su-post-2199\" class=\"su-post \">\n\n\t\t\t\t\n\t\t\t\t<h2 class=\"su-post-title\"><a href=\"https:\/\/ee.mlfmonde.org\/moanda-comilog-lhs\/stand-for-education\/\">Stand for Education !<\/a><\/h2>\n\n\t\t\t\t<div class=\"su-post-meta\">\n\t\t\t\t\tPubli\u00e9: 29 janvier 2024\t\t\t\t<\/div>\n\n\t\t\t\t<div class=\"su-post-excerpt\">\n\t\t\t\t\t<p>Students Organize Global Conference in Celebration of International Day of Education In commemoration of the International Day of Education, students orchestrated a remarkable global conference. Each student took on the persona of an education activist from a different country, advocating for educational rights and opportunities worldwide. The event was a testament to the power of [&hellip;]<\/p>\n\t\t\t\t<\/div>\n\n\t\t\t\t\n\t\t\t<\/div>\n\n\t\t\t\t\t\n\t\t\t\n\t\t\t<div id=\"su-post-2141\" class=\"su-post \">\n\n\t\t\t\t\t\t\t\t\t<a class=\"su-post-thumbnail\" href=\"https:\/\/ee.mlfmonde.org\/moanda-comilog-lhs\/le-pharaon-veille\/\"><img loading=\"lazy\" decoding=\"async\" width=\"1584\" height=\"396\" src=\"https:\/\/ee.mlfmonde.org\/moanda-comilog-lhs\/wp-content\/uploads\/sites\/11\/2023\/11\/Banniere-site-Pharaon.png\" class=\"attachment-post-thumbnail size-post-thumbnail wp-post-image\" alt=\"\" srcset=\"https:\/\/ee.mlfmonde.org\/moanda-comilog-lhs\/wp-content\/uploads\/sites\/11\/2023\/11\/Banniere-site-Pharaon.png 1584w, https:\/\/ee.mlfmonde.org\/moanda-comilog-lhs\/wp-content\/uploads\/sites\/11\/2023\/11\/Banniere-site-Pharaon-300x75.png 300w, https:\/\/ee.mlfmonde.org\/moanda-comilog-lhs\/wp-content\/uploads\/sites\/11\/2023\/11\/Banniere-site-Pharaon-768x192.png 768w, https:\/\/ee.mlfmonde.org\/moanda-comilog-lhs\/wp-content\/uploads\/sites\/11\/2023\/11\/Banniere-site-Pharaon-1024x256.png 1024w, https:\/\/ee.mlfmonde.org\/moanda-comilog-lhs\/wp-content\/uploads\/sites\/11\/2023\/11\/Banniere-site-Pharaon-570x143.png 570w\" sizes=\"(max-width: 1584px) 100vw, 1584px\" \/><\/a>\n\t\t\t\t\n\t\t\t\t<h2 class=\"su-post-title\"><a href=\"https:\/\/ee.mlfmonde.org\/moanda-comilog-lhs\/le-pharaon-veille\/\">Le pHARaon veille&#8230;<\/a><\/h2>\n\n\t\t\t\t<div class=\"su-post-meta\">\n\t\t\t\t\tPubli\u00e9: 9 novembre 2023\t\t\t\t<\/div>\n\n\t\t\t\t<div class=\"su-post-excerpt\">\n\t\t\t\t\t<p>Un Engagement pHARaonique contre le Harc\u00e8lement Scolaire Ce mardi 9 novembre, le lyc\u00e9e Henri Sylvoz a \u00e9t\u00e9 le th\u00e9\u00e2tre d&rsquo;une journ\u00e9e de pr\u00e9vention contre le harc\u00e8lement. Organis\u00e9e par des \u00e9l\u00e8ves ambassadeurs d\u00e9termin\u00e9s \u00e0 endiguer le mal-\u00eatre, la journ\u00e9e a \u00e9t\u00e9 marqu\u00e9e par des activit\u00e9s \u00e9ducatives et engageantes. Au c\u0153ur de cette initiative, un jeu d&rsquo;enqu\u00eate [&hellip;]<\/p>\n\t\t\t\t<\/div>\n\n\t\t\t\t\n\t\t\t<\/div>\n\n\t\t\t\t\t\n\t\t\t\n\t\t\t<div id=\"su-post-1984\" class=\"su-post \">\n\n\t\t\t\t\n\t\t\t\t<h2 class=\"su-post-title\"><a href=\"https:\/\/ee.mlfmonde.org\/moanda-comilog-lhs\/les-eleves-sengagent-pour-la-planete\/\">Les \u00e9l\u00e8ves s\u2019engagent pour la plan\u00e8te !<\/a><\/h2>\n\n\t\t\t\t<div class=\"su-post-meta\">\n\t\t\t\t\tPubli\u00e9: 15 mai 2023\t\t\t\t<\/div>\n\n\t\t\t\t<div class=\"su-post-excerpt\">\n\t\t\t\t\t<p>Deux projets en anglais \u00e0 partager pour la Semaine de la Terre!\u00a0D\u00e9couvrez quelques images et audios du travail de nos jeunes \u00e9co citoyens! Spoken word poetry: les \u00e9l\u00e8ves de 2nde GT ont suivi l\u2019exemple du rappeur Prince Ea et ont \u00e9crit et pr\u00e9sent\u00e9 leurs propres textes de slam. Art installation: les \u00e9l\u00e8ves de 4\u00e8me C\u00e9saire [&hellip;]<\/p>\n\t\t\t\t<\/div>\n\n\t\t\t\t\n\t\t\t<\/div>\n\n\t\t\t\t\t\n\t\t\t\n\t\t\t<div id=\"su-post-1902\" class=\"su-post \">\n\n\t\t\t\t\t\t\t\t\t<a class=\"su-post-thumbnail\" href=\"https:\/\/ee.mlfmonde.org\/moanda-comilog-lhs\/avec-la-fresque-du-climat-vous-avez-les-cartes-en-main\/\"><img loading=\"lazy\" decoding=\"async\" width=\"1032\" height=\"695\" src=\"https:\/\/ee.mlfmonde.org\/moanda-comilog-lhs\/wp-content\/uploads\/sites\/11\/2023\/04\/fresque02.jpg\" class=\"attachment-post-thumbnail size-post-thumbnail wp-post-image\" alt=\"\" srcset=\"https:\/\/ee.mlfmonde.org\/moanda-comilog-lhs\/wp-content\/uploads\/sites\/11\/2023\/04\/fresque02.jpg 1032w, https:\/\/ee.mlfmonde.org\/moanda-comilog-lhs\/wp-content\/uploads\/sites\/11\/2023\/04\/fresque02-300x202.jpg 300w, https:\/\/ee.mlfmonde.org\/moanda-comilog-lhs\/wp-content\/uploads\/sites\/11\/2023\/04\/fresque02-768x517.jpg 768w, https:\/\/ee.mlfmonde.org\/moanda-comilog-lhs\/wp-content\/uploads\/sites\/11\/2023\/04\/fresque02-1024x690.jpg 1024w, https:\/\/ee.mlfmonde.org\/moanda-comilog-lhs\/wp-content\/uploads\/sites\/11\/2023\/04\/fresque02-570x384.jpg 570w\" sizes=\"(max-width: 1032px) 100vw, 1032px\" \/><\/a>\n\t\t\t\t\n\t\t\t\t<h2 class=\"su-post-title\"><a href=\"https:\/\/ee.mlfmonde.org\/moanda-comilog-lhs\/avec-la-fresque-du-climat-vous-avez-les-cartes-en-main\/\">Avec la fresque du climat, vous avez les cartes en main !<\/a><\/h2>\n\n\t\t\t\t<div class=\"su-post-meta\">\n\t\t\t\t\tPubli\u00e9: 9 avril 2023\t\t\t\t<\/div>\n\n\t\t\t\t<div class=\"su-post-excerpt\">\n\t\t\t\t\t<p>Les \u00e9l\u00e8ves de 2nd GT ont particip\u00e9 \u00e0 un atelier Fresque du Climat ce vendredi 07 avril.\u00a0 La Fresque du climat est un jeu coop\u00e9ratif, bas\u00e9 sur les rapports scientifiques du GIEC, le Groupe d\u2019experts intergouvernemental sur l\u2019\u00e9volution du climat. Au cours de ce jeu, les \u00e9l\u00e8ves d\u00e9couvrent, \u00e9tape par \u00e9tape, les causes et les [&hellip;]<\/p>\n\t\t\t\t<\/div>\n\n\t\t\t\t\n\t\t\t<\/div>\n\n\t\t\t\t\t\n\t\t\t\n\t\t\t<div id=\"su-post-1839\" class=\"su-post \">\n\n\t\t\t\t\n\t\t\t\t<h2 class=\"su-post-title\"><a href=\"https:\/\/ee.mlfmonde.org\/moanda-comilog-lhs\/silence-on-joue\/\">Silence, on joue\u2026<\/a><\/h2>\n\n\t\t\t\t<div class=\"su-post-meta\">\n\t\t\t\t\tPubli\u00e9: 23 mars 2023\t\t\t\t<\/div>\n\n\t\t\t\t<div class=\"su-post-excerpt\">\n\t\t\t\t\t<p>&nbsp; \u00a0L&rsquo;Histoire de Noura, c\u2019est avant tout l\u2019histoire d\u2019un collectif, d\u2019une \u00e9quipe, d\u2019un groupe d\u2019\u00e9l\u00e8ves qui ont choisi de se lancer dans une aventure extraordinaire : \u00e9crire et jouer une histoire qui leur ressemble, une histoire qui repr\u00e9sente les combats des femmes qui luttent pour que leurs droits soient respect\u00e9s. Encadr\u00e9s par deux enseignantes et [&hellip;]<\/p>\n\t\t\t\t<\/div>\n\n\t\t\t\t\n\t\t\t<\/div>\n\n\t\t\t\t\t\n\t\t\t\n\t\t\t<div id=\"su-post-1821\" class=\"su-post \">\n\n\t\t\t\t\n\t\t\t\t<h2 class=\"su-post-title\"><a href=\"https:\/\/ee.mlfmonde.org\/moanda-comilog-lhs\/un-premier-pas-pour-la-webradio-un-grand-pas-pour-les-sylvoziens\/\">Un premier pas pour la webradio, un grand pas pour les Sylvoziens<\/a><\/h2>\n\n\t\t\t\t<div class=\"su-post-meta\">\n\t\t\t\t\tPubli\u00e9: 13 mars 2023\t\t\t\t<\/div>\n\n\t\t\t\t<div class=\"su-post-excerpt\">\n\t\t\t\t\t<p>Au cours de la formation men\u00e9e par Thierry Riera, dont nous vous parlions pr\u00e9c\u00e9demment, les enseignants ont \u00e9t\u00e9 form\u00e9s \u00e0 la mise en \u0153uvre de s\u00e9ances de webradio en classe. Ainsi, la d\u00e9couverte des m\u00e9tiers et des rubriques de la radio ont permis\u00a0d\u2019aborder des sujets transversaux tels que l\u2019\u00e9ducation aux m\u00e9dias et \u00e0 l\u2019information, enseignement\u00a0en [&hellip;]<\/p>\n\t\t\t\t<\/div>\n\n\t\t\t\t\n\t\t\t<\/div>\n\n\t\t\t\t\t\n\t\t\t\n\t\t\t<div id=\"su-post-1814\" class=\"su-post \">\n\n\t\t\t\t\n\t\t\t\t<h2 class=\"su-post-title\"><a href=\"https:\/\/ee.mlfmonde.org\/moanda-comilog-lhs\/a-vous-les-studios\/\">\u00c1 vous les studios&#8230;<\/a><\/h2>\n\n\t\t\t\t<div class=\"su-post-meta\">\n\t\t\t\t\tPubli\u00e9: 6 mars 2023\t\t\t\t<\/div>\n\n\t\t\t\t<div class=\"su-post-excerpt\">\n\t\t\t\t\t<p>&nbsp; &nbsp; &nbsp; C&rsquo;est parti pour la formation WebRadio toute la semaine au LHS. Nous avons le plaisir d&rsquo;accueillir Thierry Riera.\u00a0Journaliste depuis 34 ans, M. Riera est aussi titulaire d\u2019un Master d\u2019Ing\u00e9nierie p\u00e9dagogique\u00a0et d\u2019un DU\u00a0Didactique du Fran\u00e7ais Langue Etrang\u00e8re. Depuis huit ans, il propose des formations podcast et webradio aux \u00e9tablissements scolaires (primaire, coll\u00e8ge, lyc\u00e9e), [&hellip;]<\/p>\n\t\t\t\t<\/div>\n\n\t\t\t\t\n\t\t\t<\/div>\n\n\t\t\t\t\t\n\t\t\t\n\t\t\t<div id=\"su-post-1801\" class=\"su-post \">\n\n\t\t\t\t\n\t\t\t\t<h2 class=\"su-post-title\"><a href=\"https:\/\/ee.mlfmonde.org\/moanda-comilog-lhs\/les-3ead-rendent-compte-de-leur-voyage\/\">Prot\u00e9ger et Promouvoir la Biodiversit\u00e9<\/a><\/h2>\n\n\t\t\t\t<div class=\"su-post-meta\">\n\t\t\t\t\tPubli\u00e9: 2 mars 2023\t\t\t\t<\/div>\n\n\t\t\t\t<div class=\"su-post-excerpt\">\n\t\t\t\t\t<p>Le voyage dans le parc national de La Lop\u00e9 a \u00e9t\u00e9 l\u2019\u00e9l\u00e9ment f\u00e9d\u00e9rateur d\u2019un travail interdisciplinaire qui a amen\u00e9 les \u00e9l\u00e8ves \u00e0 s\u2019engager pour le monde de demain. Sensibilis\u00e9s \u00e0 la richesse du patrimoine naturel et culturel de leur pays, ils ont pris la mesure des enjeux actuels li\u00e9s aux probl\u00e9matiques climatiques et au d\u00e9veloppement [&hellip;]<\/p>\n\t\t\t\t<\/div>\n\n\t\t\t\t\n\t\t\t<\/div>\n\n\t\t\t\t\t\n\t\t\t\n\t\t\t<div id=\"su-post-1798\" class=\"su-post \">\n\n\t\t\t\t\n\t\t\t\t<h2 class=\"su-post-title\"><a href=\"https:\/\/ee.mlfmonde.org\/moanda-comilog-lhs\/rencontres-virtuelles-entre-eleves\/\">Rencontres virtuelles entre \u00e9l\u00e8ves<\/a><\/h2>\n\n\t\t\t\t<div class=\"su-post-meta\">\n\t\t\t\t\tPubli\u00e9: 1 mars 2023\t\t\t\t<\/div>\n\n\t\t\t\t<div class=\"su-post-excerpt\">\n\t\t\t\t\t<p>&nbsp; Depuis la rentr\u00e9e 2022 et d\u00e9j\u00e0 l\u2019an dernier, plusieurs classes du LHS ont pu \u00e9changer avec les \u00e9l\u00e8ves anglaises du coll\u00e8ge-lyc\u00e9e de Chester en Angleterre lors de visioconf\u00e9rences et \u00e0 travers des lettres.\u00a0Ces temps d\u2019\u00e9coute et de discussion ont permis aux coll\u00e9giens de se d\u00e9couvrir mutuellement et d\u2019\u00e9changer sur leurs pays, leurs lieux de [&hellip;]<\/p>\n\t\t\t\t<\/div>\n\n\t\t\t\t\n\t\t\t<\/div>\n\n\t\t\t\t\t\n\t\t\t\n\t\t\t<div id=\"su-post-1778\" class=\"su-post \">\n\n\t\t\t\t\t\t\t\t\t<a class=\"su-post-thumbnail\" href=\"https:\/\/ee.mlfmonde.org\/moanda-comilog-lhs\/retour-de-la-lope\/\"><img loading=\"lazy\" decoding=\"async\" width=\"1300\" height=\"541\" src=\"https:\/\/ee.mlfmonde.org\/moanda-comilog-lhs\/wp-content\/uploads\/sites\/11\/2023\/02\/LopVidVBan.jpg\" class=\"attachment-post-thumbnail size-post-thumbnail wp-post-image\" alt=\"\" srcset=\"https:\/\/ee.mlfmonde.org\/moanda-comilog-lhs\/wp-content\/uploads\/sites\/11\/2023\/02\/LopVidVBan.jpg 1300w, https:\/\/ee.mlfmonde.org\/moanda-comilog-lhs\/wp-content\/uploads\/sites\/11\/2023\/02\/LopVidVBan-300x125.jpg 300w, https:\/\/ee.mlfmonde.org\/moanda-comilog-lhs\/wp-content\/uploads\/sites\/11\/2023\/02\/LopVidVBan-768x320.jpg 768w, https:\/\/ee.mlfmonde.org\/moanda-comilog-lhs\/wp-content\/uploads\/sites\/11\/2023\/02\/LopVidVBan-1024x426.jpg 1024w, https:\/\/ee.mlfmonde.org\/moanda-comilog-lhs\/wp-content\/uploads\/sites\/11\/2023\/02\/LopVidVBan-570x237.jpg 570w\" sizes=\"(max-width: 1300px) 100vw, 1300px\" \/><\/a>\n\t\t\t\t\n\t\t\t\t<h2 class=\"su-post-title\"><a href=\"https:\/\/ee.mlfmonde.org\/moanda-comilog-lhs\/retour-de-la-lope\/\">Retour de la Lop\u00e9<\/a><\/h2>\n\n\t\t\t\t<div class=\"su-post-meta\">\n\t\t\t\t\tPubli\u00e9: 16 f\u00e9vrier 2023\t\t\t\t<\/div>\n\n\t\t\t\t<div class=\"su-post-excerpt\">\n\t\t\t\t\t<p>Ce jeudi 16 f\u00e9vrier, les \u00e9l\u00e8ves de 3e Angela Davis et leurs professeurs organisaient une soir\u00e9e afin de restituer le travail accompli depuis leur sortie au parc national de la Lop\u00e9. &nbsp; &nbsp; &nbsp; &nbsp;<\/p>\n\t\t\t\t<\/div>\n\n\t\t\t\t\n\t\t\t<\/div>\n\n\t\t\t\t\t\n\t\t\t\n\t\t\t<div id=\"su-post-1746\" class=\"su-post \">\n\n\t\t\t\t\n\t\t\t\t<h2 class=\"su-post-title\"><a href=\"https:\/\/ee.mlfmonde.org\/moanda-comilog-lhs\/en-attendant-la-tropicale\/\">En attendant la Tropicale&#8230;<\/a><\/h2>\n\n\t\t\t\t<div class=\"su-post-meta\">\n\t\t\t\t\tPubli\u00e9: 9 f\u00e9vrier 2023\t\t\t\t<\/div>\n\n\t\t\t\t<div class=\"su-post-excerpt\">\n\t\t\t\t\t<p>Quel est donc cet \u00e9trange engin qui vient d&rsquo;arriver au LHS ? C&rsquo;est un v\u00e9lo bureau ! Avec plus de 500 \u00e9tablissements scolaires \u00e9quip\u00e9s, v\u00e9lo bureau et \u00e9ducation vont de paire. Cette solution s\u2019est impos\u00e9e comme une solution efficace pour am\u00e9liorer l\u2019ambiance de classe et redonner confiance \u00e0 de nombreux \u00e9l\u00e8ves. Vous pouvez consulter cet [&hellip;]<\/p>\n\t\t\t\t<\/div>\n\n\t\t\t\t\n\t\t\t<\/div>\n\n\t\t\t\t\t\n\t\t\t\n\t\t\t<div id=\"su-post-1697\" class=\"su-post \">\n\n\t\t\t\t\n\t\t\t\t<h2 class=\"su-post-title\"><a href=\"https:\/\/ee.mlfmonde.org\/moanda-comilog-lhs\/moandacraft\/\">MoandaCraft<\/a><\/h2>\n\n\t\t\t\t<div class=\"su-post-meta\">\n\t\t\t\t\tPubli\u00e9: 3 f\u00e9vrier 2023\t\t\t\t<\/div>\n\n\t\t\t\t<div class=\"su-post-excerpt\">\n\t\t\t\t\t<p>Un bel exemple de synergie EPC-LHS, le projet MoandaCraft port\u00e9 par Thomas Pagotto, a \u00e9clos \u00e0 l&rsquo;EPC et commence \u00e0 essaimer au LHS. &nbsp; &nbsp; &nbsp; &nbsp; &nbsp; &nbsp;<\/p>\n\t\t\t\t<\/div>\n\n\t\t\t\t\n\t\t\t<\/div>\n\n\t\t\t\t\t\n\t\t\t\n\t\t\t<div id=\"su-post-1367\" class=\"su-post \">\n\n\t\t\t\t\n\t\t\t\t<h2 class=\"su-post-title\"><a href=\"https:\/\/ee.mlfmonde.org\/moanda-comilog-lhs\/sortie-des-3e-au-parc-de-la-lope\/\">Sortie des 3e au Parc de la Lop\u00e9<\/a><\/h2>\n\n\t\t\t\t<div class=\"su-post-meta\">\n\t\t\t\t\tPubli\u00e9: 24 janvier 2023\t\t\t\t<\/div>\n\n\t\t\t\t<div class=\"su-post-excerpt\">\n\t\t\t\t\t<p>&nbsp; Les \u00e9l\u00e8ves de 3e Angela Davis se sont rendus au Parc National de la Lop\u00e9 du 7 au 10 d\u00e9cembre 2022. En attendant le film complet, voici une bande-annonce&#8230; &nbsp;<\/p>\n\t\t\t\t<\/div>\n\n\t\t\t\t\n\t\t\t<\/div>\n\n\t\t\t\t\t\n\t\t\t\n\t\t\t<div id=\"su-post-1322\" class=\"su-post \">\n\n\t\t\t\t\t\t\t\t\t<a class=\"su-post-thumbnail\" href=\"https:\/\/ee.mlfmonde.org\/moanda-comilog-lhs\/archiclasse-au-lhs\/\"><img loading=\"lazy\" decoding=\"async\" width=\"300\" height=\"118\" src=\"https:\/\/ee.mlfmonde.org\/moanda-comilog-lhs\/wp-content\/uploads\/sites\/11\/2023\/01\/siteon0-b2638.png\" class=\"attachment-post-thumbnail size-post-thumbnail wp-post-image\" alt=\"\" \/><\/a>\n\t\t\t\t\n\t\t\t\t<h2 class=\"su-post-title\"><a href=\"https:\/\/ee.mlfmonde.org\/moanda-comilog-lhs\/archiclasse-au-lhs\/\">Archiclasse au LHS<\/a><\/h2>\n\n\t\t\t\t<div class=\"su-post-meta\">\n\t\t\t\t\tPubli\u00e9: 24 janvier 2023\t\t\t\t<\/div>\n\n\t\t\t\t<div class=\"su-post-excerpt\">\n\t\t\t\t\t<p>Les \u00e9quipes p\u00e9dagogiques du lyc\u00e9e Henri Sylvoz (LHS) de Moanda (GABON) du r\u00e9seau de la Mission La\u00efque Fran\u00e7aise se sont empar\u00e9es des outils ArchiLab et ArchiClasse. Retrouvez leur t\u00e9moignage.<\/p>\n\t\t\t\t<\/div>\n\n\t\t\t\t\n\t\t\t<\/div>\n\n\t\t\n\t\n<\/div>\n\n<p>&nbsp;<\/p>\n","protected":false},"excerpt":{"rendered":"<p>&nbsp;<\/p>\n","protected":false},"author":161,"featured_media":0,"parent":0,"menu_order":0,"comment_status":"closed","ping_status":"closed","template":"","meta":{"_acf_changed":false,"footnotes":""},"class_list":["post-1204","page","type-page","status-publish","czr-hentry"],"acf":[],"_links":{"self":[{"href":"https:\/\/ee.mlfmonde.org\/moanda-comilog-lhs\/wp-json\/wp\/v2\/pages\/1204","targetHints":{"allow":["GET"]}}],"collection":[{"href":"https:\/\/ee.mlfmonde.org\/moanda-comilog-lhs\/wp-json\/wp\/v2\/pages"}],"about":[{"href":"https:\/\/ee.mlfmonde.org\/moanda-comilog-lhs\/wp-json\/wp\/v2\/types\/page"}],"author":[{"embeddable":true,"href":"https:\/\/ee.mlfmonde.org\/moanda-comilog-lhs\/wp-json\/wp\/v2\/users\/161"}],"replies":[{"embeddable":true,"href":"https:\/\/ee.mlfmonde.org\/moanda-comilog-lhs\/wp-json\/wp\/v2\/comments?post=1204"}],"version-history":[{"count":11,"href":"https:\/\/ee.mlfmonde.org\/moanda-comilog-lhs\/wp-json\/wp\/v2\/pages\/1204\/revisions"}],"predecessor-version":[{"id":1470,"href":"https:\/\/ee.mlfmonde.org\/moanda-comilog-lhs\/wp-json\/wp\/v2\/pages\/1204\/revisions\/1470"}],"wp:attachment":[{"href":"https:\/\/ee.mlfmonde.org\/moanda-comilog-lhs\/wp-json\/wp\/v2\/media?parent=1204"}],"curies":[{"name":"wp","href":"https:\/\/api.w.org\/{rel}","templated":true}]}}