{"id":196,"date":"2020-01-30T15:35:20","date_gmt":"2020-01-30T15:35:20","guid":{"rendered":"http:\/\/ee.mlfmonde.org\/esbjerg-total\/?page_id=196"},"modified":"2020-02-04T18:07:25","modified_gmt":"2020-02-04T18:07:25","slug":"contact","status":"publish","type":"page","link":"https:\/\/ee.mlfmonde.org\/esbjerg-total\/contact\/","title":{"rendered":"Nous contacter"},"content":{"rendered":"<h3><strong>Nous \u00e9crire<br \/>\n<\/strong><\/h3>\n<p>Adresse \u00e9lectronique de l\u2019Ecole fran\u00e7aise<\/p>\n<p><a href=\"mailto:direction.esbjerg@mlfmonde.org\">direction.esbjerg@mlfmonde.org<\/a><\/p>\n<p>&nbsp;<\/p>\n<h3><strong>T\u00e9l\u00e9phone &#8211; Accueil g\u00e9n\u00e9ral de l&rsquo;EIS<br \/>\n<\/strong><\/h3>\n<p>+ 45 7610 5399 (EIS main office)<\/p>\n<p>&nbsp;<\/p>\n<h3><strong>Notre adresse<br \/>\n<\/strong><\/h3>\n<p><strong>Ecole fran\u00e7aise Total-MLF d&rsquo;Esbjerg<br \/>\n<\/strong><\/p>\n<p>Guldager Skolevej 4<br \/>\n6710 Esbjerg V<br \/>\nEsbjerg<br \/>\nDanemark<\/p>\n","protected":false},"excerpt":{"rendered":"<p>Nous \u00e9crire Adresse \u00e9lectronique de l\u2019Ecole fran\u00e7aise direction.esbjerg@mlfmonde.org &nbsp; T\u00e9l\u00e9phone &#8211; Accueil g\u00e9n\u00e9ral de l&rsquo;EIS + 45 7610 5399 (EIS main office) &nbsp; Notre adresse Ecole fran\u00e7aise Total-MLF d&rsquo;Esbjerg Guldager Skolevej 4 6710 Esbjerg V Esbjerg Danemark<\/p>\n","protected":false},"author":149,"featured_media":0,"parent":0,"menu_order":0,"comment_status":"closed","ping_status":"closed","template":"","meta":{"_acf_changed":false,"footnotes":""},"class_list":["post-196","page","type-page","status-publish","czr-hentry"],"acf":[],"_links":{"self":[{"href":"https:\/\/ee.mlfmonde.org\/esbjerg-total\/wp-json\/wp\/v2\/pages\/196","targetHints":{"allow":["GET"]}}],"collection":[{"href":"https:\/\/ee.mlfmonde.org\/esbjerg-total\/wp-json\/wp\/v2\/pages"}],"about":[{"href":"https:\/\/ee.mlfmonde.org\/esbjerg-total\/wp-json\/wp\/v2\/types\/page"}],"author":[{"embeddable":true,"href":"https:\/\/ee.mlfmonde.org\/esbjerg-total\/wp-json\/wp\/v2\/users\/149"}],"replies":[{"embeddable":true,"href":"https:\/\/ee.mlfmonde.org\/esbjerg-total\/wp-json\/wp\/v2\/comments?post=196"}],"version-history":[{"count":15,"href":"https:\/\/ee.mlfmonde.org\/esbjerg-total\/wp-json\/wp\/v2\/pages\/196\/revisions"}],"predecessor-version":[{"id":275,"href":"https:\/\/ee.mlfmonde.org\/esbjerg-total\/wp-json\/wp\/v2\/pages\/196\/revisions\/275"}],"wp:attachment":[{"href":"https:\/\/ee.mlfmonde.org\/esbjerg-total\/wp-json\/wp\/v2\/media?parent=196"}],"curies":[{"name":"wp","href":"https:\/\/api.w.org\/{rel}","templated":true}]}}