{"id":146,"date":"2020-10-27T21:24:24","date_gmt":"2020-10-27T21:24:24","guid":{"rendered":"http:\/\/ee.mlfmonde.org\/cuba-bouygues\/?page_id=146"},"modified":"2023-08-14T15:25:18","modified_gmt":"2023-08-14T15:25:18","slug":"presentation-de-lecole","status":"publish","type":"page","link":"https:\/\/ee.mlfmonde.org\/cuba-bouygues\/presentation-de-lecole\/","title":{"rendered":"Pr\u00e9sentation de l&rsquo;\u00e9cole"},"content":{"rendered":"<p>L\u2019\u00e9cole MLF-BOUYGUES de Cuba est une \u00e9cole du r\u00e9seau de la Mission La\u00efque Fran\u00e7aise. Les \u00e9l\u00e8ves sont scolaris\u00e9s dans le cadre du syst\u00e8me scolaire fran\u00e7ais, tout en int\u00e9grant les r\u00e9alit\u00e9s locales. L\u2019objectif de l\u2019\u00e9quipe p\u00e9dagogique est de permettre \u00e0 chaque \u00e9l\u00e8ve de suivre une scolarit\u00e9 similaire \u00e0 celle qui lui serait offerte en France.<\/p>\n<p>L\u2019\u00e9cole MLF-BOUYGUES de Cuba regroupe trois entit\u00e9s scolaires install\u00e9es sur les sites de Cayo Paredon, Varadero, et Ramon de Antilla (le site de Cayo Santa Maria est ferm\u00e9 depuis la rentr\u00e9e scolaire 2021)<\/p>\n<p>En primaire les cours se font \u00ab en direct \u00bb (accr\u00e9ditation du Minist\u00e8re de l\u2019Education Nationale ) comme dans toutes les \u00e9coles primaires du syst\u00e8me scolaire fran\u00e7ais. Dans le secondaire des enseignants assurent la r\u00e9p\u00e9tition des cours du CNED. Une convention sign\u00e9e avec le CNED permet \u00e0 des enseignants du coll\u00e8ge et du lyc\u00e9e de noter des devoirs qui ne sont pas envoy\u00e9s au CNED pour \u00eatre corrig\u00e9s.<\/p>\n<p>L\u2019\u00e9cole accueille 25 \u00e9l\u00e8ves ( 12 \u00e9l\u00e8ves \u00e0 Varadero ; 5 \u00e9l\u00e8ves \u00e0 Cayo Paredon ; 8 \u00e9l\u00e8ves \u00e0 Ramon de Antilla). L\u2019\u00e9quipe p\u00e9dagogique est compos\u00e9e de sept enseignants dont cinq professeurs titulaires de l\u2019Education Nationale. Le fonctionnement de l\u2019Ecole est conforme aux instructions du Minist\u00e8re de l\u2019Education Nationale et de la MLF : volumes horaires r\u00e8glementaires, \u00e9lections des repr\u00e9sentants des parents d\u2019\u00e9l\u00e8ves , Conseils d\u2019\u00e9tablissement , rencontres parents-professeurs fr\u00e9quentes, r\u00e8glement int\u00e9rieur , Conseils de cycles , Conseils des ma\u00eetres , Conseils de classe , Conseils Ecole-Coll\u00e8ge, activit\u00e9s p\u00e9riscolaires , enseignement de l\u2019espagnol et de l\u2019anglais d\u00e8s la maternelle , voyages et sorties scolaires , pr\u00e9paration des \u00e9l\u00e8ves aux \u00e9preuves du Dipl\u00f4me National du Brevet des coll\u00e8ges et aux \u00e9preuves du Baccalaur\u00e9at. Le calendrier scolaire est celui du Lyc\u00e9e Fran\u00e7ais de La Havane ; ce calendrier scolaire est valid\u00e9 par le Minist\u00e8re de l\u2019Education Nationale.<\/p>\n<p><em>(mise \u00e0 jour 08\/2023)<\/em><\/p>\n","protected":false},"excerpt":{"rendered":"<p>L\u2019\u00e9cole MLF-BOUYGUES de Cuba est une \u00e9cole du r\u00e9seau de la Mission La\u00efque Fran\u00e7aise. Les \u00e9l\u00e8ves sont scolaris\u00e9s dans le cadre du syst\u00e8me scolaire fran\u00e7ais, tout en int\u00e9grant les r\u00e9alit\u00e9s locales. L\u2019objectif de l\u2019\u00e9quipe p\u00e9dagogique est de permettre \u00e0 chaque \u00e9l\u00e8ve de suivre une scolarit\u00e9 similaire \u00e0 celle qui lui serait offerte en France. L\u2019\u00e9cole [&hellip;]<\/p>\n","protected":false},"author":154,"featured_media":0,"parent":0,"menu_order":0,"comment_status":"closed","ping_status":"closed","template":"","meta":{"_acf_changed":false,"footnotes":""},"class_list":["post-146","page","type-page","status-publish","czr-hentry"],"acf":[],"_links":{"self":[{"href":"https:\/\/ee.mlfmonde.org\/cuba-bouygues\/wp-json\/wp\/v2\/pages\/146","targetHints":{"allow":["GET"]}}],"collection":[{"href":"https:\/\/ee.mlfmonde.org\/cuba-bouygues\/wp-json\/wp\/v2\/pages"}],"about":[{"href":"https:\/\/ee.mlfmonde.org\/cuba-bouygues\/wp-json\/wp\/v2\/types\/page"}],"author":[{"embeddable":true,"href":"https:\/\/ee.mlfmonde.org\/cuba-bouygues\/wp-json\/wp\/v2\/users\/154"}],"replies":[{"embeddable":true,"href":"https:\/\/ee.mlfmonde.org\/cuba-bouygues\/wp-json\/wp\/v2\/comments?post=146"}],"version-history":[{"count":7,"href":"https:\/\/ee.mlfmonde.org\/cuba-bouygues\/wp-json\/wp\/v2\/pages\/146\/revisions"}],"predecessor-version":[{"id":389,"href":"https:\/\/ee.mlfmonde.org\/cuba-bouygues\/wp-json\/wp\/v2\/pages\/146\/revisions\/389"}],"wp:attachment":[{"href":"https:\/\/ee.mlfmonde.org\/cuba-bouygues\/wp-json\/wp\/v2\/media?parent=146"}],"curies":[{"name":"wp","href":"https:\/\/api.w.org\/{rel}","templated":true}]}}