{"id":549,"date":"2025-03-10T15:35:19","date_gmt":"2025-03-10T15:35:19","guid":{"rendered":"https:\/\/ee.mlfmonde.org\/comilog\/?page_id=549"},"modified":"2025-05-19T14:45:56","modified_gmt":"2025-05-19T14:45:56","slug":"procedures","status":"publish","type":"page","link":"https:\/\/ee.mlfmonde.org\/comilog\/procedures\/","title":{"rendered":"Proc\u00e9dures"},"content":{"rendered":"\n<p class=\"has-medium-font-size\">Nous sommes heureux de vous accueillir, ou de vous retrouver, au sein de l\u2019\u00e9cole primaire MLF Comilog pour cette nouvelle ann\u00e9e scolaire<strong> 2025-2026<\/strong>.<\/p>\n\n\n\n<p class=\"has-medium-font-size\">Afin de vous accompagner dans les d\u00e9marches d\u2019inscription et de r\u00e9inscription de votre enfant, nous vous invitons \u00e0 t\u00e9l\u00e9charger les documents ci-dessous.<\/p>\n\n\n\n<div data-wp-interactive=\"core\/file\" class=\"wp-block-file has-white-background-color has-background\"><object data-wp-bind--hidden=\"!state.hasPdfPreview\" hidden class=\"wp-block-file__embed\" data=\"http:\/\/ee.mlfmonde.org\/comilog\/wp-content\/uploads\/sites\/28\/2025\/05\/procedure-parents-inscription-reinscription-rentree-2025-1-1.pdf\" type=\"application\/pdf\" style=\"width:100%;height:200px\" aria-label=\"Embed of proc\u00e9dure parents inscription reinscription rentr\u00e9e 2025 (1).\"><\/object><a id=\"wp-block-file--media-da20477d-be9f-441b-b213-15173206cec7\" href=\"http:\/\/ee.mlfmonde.org\/comilog\/wp-content\/uploads\/sites\/28\/2025\/05\/procedure-parents-inscription-reinscription-rentree-2025-1-1.pdf\" target=\"_blank\" rel=\"noreferrer noopener\">proc\u00e9dure parents inscription reinscription rentr\u00e9e 2025 (1)<\/a><a href=\"http:\/\/ee.mlfmonde.org\/comilog\/wp-content\/uploads\/sites\/28\/2025\/05\/procedure-parents-inscription-reinscription-rentree-2025-1-1.pdf\" class=\"wp-block-file__button wp-element-button\" download aria-describedby=\"wp-block-file--media-da20477d-be9f-441b-b213-15173206cec7\">Download<\/a><\/div>\n\n\n\n<div class=\"wp-block-columns is-layout-flex wp-container-core-columns-is-layout-9d6595d7 wp-block-columns-is-layout-flex\">\n<div class=\"wp-block-column is-layout-flow wp-block-column-is-layout-flow\" style=\"flex-basis:100%\">\n<div data-wp-interactive=\"core\/file\" class=\"wp-block-file alignleft has-white-background-color has-background\"><object data-wp-bind--hidden=\"!state.hasPdfPreview\" hidden class=\"wp-block-file__embed\" data=\"http:\/\/ee.mlfmonde.org\/comilog\/wp-content\/uploads\/sites\/28\/2025\/05\/nouvelle-inscription-Ecole-Primaire-COMILOG-rentree-2025-2026-2.pdf\" type=\"application\/pdf\" style=\"width:100%;height:200px\" aria-label=\"Embed of nouvelle inscription Ecole Primaire COMILOG rentr\u00e9e 2025-2026 (2).\"><\/object><a id=\"wp-block-file--media-c75b5539-8bb0-4ca7-afd0-cc3a6b8290ef\" href=\"http:\/\/ee.mlfmonde.org\/comilog\/wp-content\/uploads\/sites\/28\/2025\/05\/nouvelle-inscription-Ecole-Primaire-COMILOG-rentree-2025-2026-2.pdf\" target=\"_blank\" rel=\"noreferrer noopener\">nouvelle inscription Ecole Primaire COMILOG rentr\u00e9e 2025-2026 (2)<\/a><a href=\"http:\/\/ee.mlfmonde.org\/comilog\/wp-content\/uploads\/sites\/28\/2025\/05\/nouvelle-inscription-Ecole-Primaire-COMILOG-rentree-2025-2026-2.pdf\" class=\"wp-block-file__button wp-element-button\" download aria-describedby=\"wp-block-file--media-c75b5539-8bb0-4ca7-afd0-cc3a6b8290ef\">Download<\/a><\/div>\n<\/div>\n<\/div>\n\n\n\n<p><\/p>\n","protected":false},"excerpt":{"rendered":"<p>Nous sommes heureux de vous accueillir, ou de vous retrouver, au sein de l\u2019\u00e9cole primaire MLF Comilog pour cette nouvelle ann\u00e9e scolaire 2025-2026. Afin de vous accompagner dans les d\u00e9marches d\u2019inscription et de r\u00e9inscription de votre enfant, nous vous invitons \u00e0 t\u00e9l\u00e9charger les documents ci-dessous.<\/p>\n","protected":false},"author":166,"featured_media":1762,"parent":0,"menu_order":0,"comment_status":"closed","ping_status":"closed","template":"","meta":{"_acf_changed":false,"footnotes":""},"class_list":["post-549","page","type-page","status-publish","has-post-thumbnail","czr-hentry"],"acf":[],"_links":{"self":[{"href":"https:\/\/ee.mlfmonde.org\/comilog\/wp-json\/wp\/v2\/pages\/549","targetHints":{"allow":["GET"]}}],"collection":[{"href":"https:\/\/ee.mlfmonde.org\/comilog\/wp-json\/wp\/v2\/pages"}],"about":[{"href":"https:\/\/ee.mlfmonde.org\/comilog\/wp-json\/wp\/v2\/types\/page"}],"author":[{"embeddable":true,"href":"https:\/\/ee.mlfmonde.org\/comilog\/wp-json\/wp\/v2\/users\/166"}],"replies":[{"embeddable":true,"href":"https:\/\/ee.mlfmonde.org\/comilog\/wp-json\/wp\/v2\/comments?post=549"}],"version-history":[{"count":22,"href":"https:\/\/ee.mlfmonde.org\/comilog\/wp-json\/wp\/v2\/pages\/549\/revisions"}],"predecessor-version":[{"id":2738,"href":"https:\/\/ee.mlfmonde.org\/comilog\/wp-json\/wp\/v2\/pages\/549\/revisions\/2738"}],"wp:featuredmedia":[{"embeddable":true,"href":"https:\/\/ee.mlfmonde.org\/comilog\/wp-json\/wp\/v2\/media\/1762"}],"wp:attachment":[{"href":"https:\/\/ee.mlfmonde.org\/comilog\/wp-json\/wp\/v2\/media?parent=549"}],"curies":[{"name":"wp","href":"https:\/\/api.w.org\/{rel}","templated":true}]}}

Procédures

<p class="has-medium-font-size">Nous sommes heureux de vous accueillir, ou de vous retrouver, au sein de l’école primaire MLF Comilog pour cette nouvelle année scolaire<strong> 2025-2026</strong>.</p>



<p class="has-medium-font-size">Afin de vous accompagner dans les démarches d’inscription et de réinscription de votre enfant, nous vous invitons à télécharger les documents ci-dessous.</p>



<div data-wp-interactive="core/file" class="wp-block-file has-white-background-color has-background"><object data-wp-bind--hidden="!state.hasPdfPreview" hidden class="wp-block-file__embed" data="http://ee.mlfmonde.org/comilog/wp-content/uploads/sites/28/2025/05/procedure-parents-inscription-reinscription-rentree-2025-1-1.pdf" type="application/pdf" style="width:100%;height:200px" aria-label="Embed of procédure parents inscription reinscription rentrée 2025 (1)."></object><a id="wp-block-file--media-da20477d-be9f-441b-b213-15173206cec7" href="http://ee.mlfmonde.org/comilog/wp-content/uploads/sites/28/2025/05/procedure-parents-inscription-reinscription-rentree-2025-1-1.pdf" target="_blank" rel="noreferrer noopener">procédure parents inscription reinscription rentrée 2025 (1)</a><a href="http://ee.mlfmonde.org/comilog/wp-content/uploads/sites/28/2025/05/procedure-parents-inscription-reinscription-rentree-2025-1-1.pdf" class="wp-block-file__button wp-element-button" download aria-describedby="wp-block-file--media-da20477d-be9f-441b-b213-15173206cec7">Download</a></div>



<div class="wp-block-columns is-layout-flex wp-container-core-columns-is-layout-9d6595d7 wp-block-columns-is-layout-flex">
<div class="wp-block-column is-layout-flow wp-block-column-is-layout-flow" style="flex-basis:100%">
<div data-wp-interactive="core/file" class="wp-block-file alignleft has-white-background-color has-background"><object data-wp-bind--hidden="!state.hasPdfPreview" hidden class="wp-block-file__embed" data="http://ee.mlfmonde.org/comilog/wp-content/uploads/sites/28/2025/05/nouvelle-inscription-Ecole-Primaire-COMILOG-rentree-2025-2026-2.pdf" type="application/pdf" style="width:100%;height:200px" aria-label="Embed of nouvelle inscription Ecole Primaire COMILOG rentrée 2025-2026 (2)."></object><a id="wp-block-file--media-c75b5539-8bb0-4ca7-afd0-cc3a6b8290ef" href="http://ee.mlfmonde.org/comilog/wp-content/uploads/sites/28/2025/05/nouvelle-inscription-Ecole-Primaire-COMILOG-rentree-2025-2026-2.pdf" target="_blank" rel="noreferrer noopener">nouvelle inscription Ecole Primaire COMILOG rentrée 2025-2026 (2)</a><a href="http://ee.mlfmonde.org/comilog/wp-content/uploads/sites/28/2025/05/nouvelle-inscription-Ecole-Primaire-COMILOG-rentree-2025-2026-2.pdf" class="wp-block-file__button wp-element-button" download aria-describedby="wp-block-file--media-c75b5539-8bb0-4ca7-afd0-cc3a6b8290ef">Download</a></div>
</div>
</div>



<p></p>

<p>Nous sommes heureux de vous accueillir, ou de vous retrouver, au sein de l’école primaire MLF Comilog pour cette nouvelle année scolaire 2025-2026. Afin de vous accompagner dans les démarches d’inscription et de réinscription de votre enfant, nous vous invitons à télécharger les documents ci-dessous.</p>
