{"id":533,"date":"2025-03-10T14:00:56","date_gmt":"2025-03-10T14:00:56","guid":{"rendered":"https:\/\/ee.mlfmonde.org\/comilog\/?page_id=533"},"modified":"2026-04-03T15:15:43","modified_gmt":"2026-04-03T15:15:43","slug":"inscriptions","status":"publish","type":"page","link":"https:\/\/ee.mlfmonde.org\/comilog\/inscriptions\/","title":{"rendered":"Inscriptions"},"content":{"rendered":"\n<p class=\"has-medium-font-size\"><strong>Chers parents, pr\u00e9parez d\u00e8s maintenant la rentr\u00e9e scolaire 2026-2027 !<\/strong><\/p>\n\n\n\n<p class=\"has-medium-font-size\">Les inscriptions pour la nouvelle ann\u00e9e scolaire sont officiellement ouvertes. Nous vous invitons \u00e0 inscrire ou r\u00e9inscrire vos enfants sans attendre.<\/p>\n\n\n\n<p class=\"has-medium-font-size\">proc\u00e9dures.<\/p>\n\n\n\n<div class=\"wp-block-file\"><a id=\"wp-block-file--media-c5a228b0-6493-4133-bd74-ec16b1b13347\" href=\"http:\/\/ee.mlfmonde.org\/comilog\/wp-content\/uploads\/sites\/28\/2026\/04\/nouvelle-inscription-Ecole-Primaire-COMILOG-rentree-2026-2027.docx-6.pdf\">nouvelle inscription Ecole Primaire COMILOG rentr\u00e9e 2026-2027.docx (6)<\/a><a href=\"http:\/\/ee.mlfmonde.org\/comilog\/wp-content\/uploads\/sites\/28\/2026\/04\/nouvelle-inscription-Ecole-Primaire-COMILOG-rentree-2026-2027.docx-6.pdf\" class=\"wp-block-file__button wp-element-button\" download aria-describedby=\"wp-block-file--media-c5a228b0-6493-4133-bd74-ec16b1b13347\">Download<\/a><\/div>\n\n\n\n<p class=\"has-medium-font-size\"><\/p>\n","protected":false},"excerpt":{"rendered":"<p>Chers parents, pr\u00e9parez d\u00e8s maintenant la rentr\u00e9e scolaire 2026-2027 ! Les inscriptions pour la nouvelle ann\u00e9e scolaire sont officiellement ouvertes. Nous vous invitons \u00e0 inscrire ou r\u00e9inscrire vos enfants sans attendre. proc\u00e9dures.<\/p>\n","protected":false},"author":166,"featured_media":4178,"parent":0,"menu_order":0,"comment_status":"closed","ping_status":"closed","template":"","meta":{"_acf_changed":false,"footnotes":""},"class_list":["post-533","page","type-page","status-publish","has-post-thumbnail","czr-hentry"],"acf":[],"_links":{"self":[{"href":"https:\/\/ee.mlfmonde.org\/comilog\/wp-json\/wp\/v2\/pages\/533","targetHints":{"allow":["GET"]}}],"collection":[{"href":"https:\/\/ee.mlfmonde.org\/comilog\/wp-json\/wp\/v2\/pages"}],"about":[{"href":"https:\/\/ee.mlfmonde.org\/comilog\/wp-json\/wp\/v2\/types\/page"}],"author":[{"embeddable":true,"href":"https:\/\/ee.mlfmonde.org\/comilog\/wp-json\/wp\/v2\/users\/166"}],"replies":[{"embeddable":true,"href":"https:\/\/ee.mlfmonde.org\/comilog\/wp-json\/wp\/v2\/comments?post=533"}],"version-history":[{"count":8,"href":"https:\/\/ee.mlfmonde.org\/comilog\/wp-json\/wp\/v2\/pages\/533\/revisions"}],"predecessor-version":[{"id":4243,"href":"https:\/\/ee.mlfmonde.org\/comilog\/wp-json\/wp\/v2\/pages\/533\/revisions\/4243"}],"wp:featuredmedia":[{"embeddable":true,"href":"https:\/\/ee.mlfmonde.org\/comilog\/wp-json\/wp\/v2\/media\/4178"}],"wp:attachment":[{"href":"https:\/\/ee.mlfmonde.org\/comilog\/wp-json\/wp\/v2\/media?parent=533"}],"curies":[{"name":"wp","href":"https:\/\/api.w.org\/{rel}","templated":true}]}}