{"id":4520,"date":"2026-05-04T08:40:36","date_gmt":"2026-05-04T08:40:36","guid":{"rendered":"https:\/\/ee.mlfmonde.org\/comilog\/?page_id=4520"},"modified":"2026-05-04T08:40:57","modified_gmt":"2026-05-04T08:40:57","slug":"a-vos-tabliers-les-ce2c-cuisinent-toute-lannee","status":"publish","type":"page","link":"https:\/\/ee.mlfmonde.org\/comilog\/a-vos-tabliers-les-ce2c-cuisinent-toute-lannee\/","title":{"rendered":"\u00c0 vos tabliers : les CE2C cuisinent toute l\u2019ann\u00e9e !"},"content":{"rendered":"\t\t<div data-elementor-type=\"wp-page\" data-elementor-id=\"4520\" class=\"elementor elementor-4520\">\n\t\t\t\t<div class=\"elementor-element elementor-element-3c6fcd7 e-flex e-con-boxed e-con e-parent\" data-id=\"3c6fcd7\" data-element_type=\"container\">\n\t\t\t\t\t<div class=\"e-con-inner\">\n\t\t<div class=\"elementor-element elementor-element-a6e6196 e-con-full e-flex e-con e-child\" data-id=\"a6e6196\" data-element_type=\"container\">\n\t\t\t\t<div class=\"elementor-element elementor-element-4a04b49 elementor-widget elementor-widget-image\" data-id=\"4a04b49\" data-element_type=\"widget\" data-widget_type=\"image.default\">\n\t\t\t\t\t\t\t\t\t\t\t\t\t\t\t<img fetchpriority=\"high\" decoding=\"async\" width=\"1024\" height=\"768\" src=\"https:\/\/ee.mlfmonde.org\/comilog\/wp-content\/uploads\/sites\/28\/2026\/04\/WhatsApp-Image-2026-04-16-at-11.05.24-1024x768.jpeg\" class=\"attachment-large size-large wp-image-4507\" alt=\"\" srcset=\"https:\/\/ee.mlfmonde.org\/comilog\/wp-content\/uploads\/sites\/28\/2026\/04\/WhatsApp-Image-2026-04-16-at-11.05.24-1024x768.jpeg 1024w, https:\/\/ee.mlfmonde.org\/comilog\/wp-content\/uploads\/sites\/28\/2026\/04\/WhatsApp-Image-2026-04-16-at-11.05.24-300x225.jpeg 300w, https:\/\/ee.mlfmonde.org\/comilog\/wp-content\/uploads\/sites\/28\/2026\/04\/WhatsApp-Image-2026-04-16-at-11.05.24-768x576.jpeg 768w, https:\/\/ee.mlfmonde.org\/comilog\/wp-content\/uploads\/sites\/28\/2026\/04\/WhatsApp-Image-2026-04-16-at-11.05.24-570x428.jpeg 570w, https:\/\/ee.mlfmonde.org\/comilog\/wp-content\/uploads\/sites\/28\/2026\/04\/WhatsApp-Image-2026-04-16-at-11.05.24.jpeg 1080w\" sizes=\"(max-width: 1024px) 100vw, 1024px\" \/>\t\t\t\t\t\t\t\t\t\t\t\t\t\t\t<\/div>\n\t\t\t\t<\/div>\n\t\t<div class=\"elementor-element elementor-element-2660cd2 e-con-full e-flex e-con e-child\" data-id=\"2660cd2\" data-element_type=\"container\">\n\t\t\t\t<div class=\"elementor-element elementor-element-e82e283 elementor-widget elementor-widget-image\" data-id=\"e82e283\" data-element_type=\"widget\" data-widget_type=\"image.default\">\n\t\t\t\t\t\t\t\t\t\t\t\t\t\t\t<img decoding=\"async\" width=\"1024\" height=\"768\" src=\"https:\/\/ee.mlfmonde.org\/comilog\/wp-content\/uploads\/sites\/28\/2026\/04\/WhatsApp-Image-2026-04-16-at-11.05.21-1024x768.jpeg\" class=\"attachment-large size-large wp-image-4509\" alt=\"\" srcset=\"https:\/\/ee.mlfmonde.org\/comilog\/wp-content\/uploads\/sites\/28\/2026\/04\/WhatsApp-Image-2026-04-16-at-11.05.21-1024x768.jpeg 1024w, https:\/\/ee.mlfmonde.org\/comilog\/wp-content\/uploads\/sites\/28\/2026\/04\/WhatsApp-Image-2026-04-16-at-11.05.21-300x225.jpeg 300w, https:\/\/ee.mlfmonde.org\/comilog\/wp-content\/uploads\/sites\/28\/2026\/04\/WhatsApp-Image-2026-04-16-at-11.05.21-768x576.jpeg 768w, https:\/\/ee.mlfmonde.org\/comilog\/wp-content\/uploads\/sites\/28\/2026\/04\/WhatsApp-Image-2026-04-16-at-11.05.21-570x428.jpeg 570w, https:\/\/ee.mlfmonde.org\/comilog\/wp-content\/uploads\/sites\/28\/2026\/04\/WhatsApp-Image-2026-04-16-at-11.05.21.jpeg 1080w\" sizes=\"(max-width: 1024px) 100vw, 1024px\" \/>\t\t\t\t\t\t\t\t\t\t\t\t\t\t\t<\/div>\n\t\t\t\t<\/div>\n\t\t<div class=\"elementor-element elementor-element-8c022a0 e-con-full e-flex e-con e-child\" data-id=\"8c022a0\" data-element_type=\"container\">\n\t\t\t\t<div class=\"elementor-element elementor-element-d13caeb elementor-widget elementor-widget-image\" data-id=\"d13caeb\" data-element_type=\"widget\" data-widget_type=\"image.default\">\n\t\t\t\t\t\t\t\t\t\t\t\t\t\t\t<img decoding=\"async\" width=\"1024\" height=\"768\" src=\"https:\/\/ee.mlfmonde.org\/comilog\/wp-content\/uploads\/sites\/28\/2026\/04\/WhatsApp-Image-2026-04-16-at-11.05.22-1024x768.jpeg\" class=\"attachment-large size-large wp-image-4508\" alt=\"\" srcset=\"https:\/\/ee.mlfmonde.org\/comilog\/wp-content\/uploads\/sites\/28\/2026\/04\/WhatsApp-Image-2026-04-16-at-11.05.22-1024x768.jpeg 1024w, https:\/\/ee.mlfmonde.org\/comilog\/wp-content\/uploads\/sites\/28\/2026\/04\/WhatsApp-Image-2026-04-16-at-11.05.22-300x225.jpeg 300w, https:\/\/ee.mlfmonde.org\/comilog\/wp-content\/uploads\/sites\/28\/2026\/04\/WhatsApp-Image-2026-04-16-at-11.05.22-768x576.jpeg 768w, https:\/\/ee.mlfmonde.org\/comilog\/wp-content\/uploads\/sites\/28\/2026\/04\/WhatsApp-Image-2026-04-16-at-11.05.22-570x428.jpeg 570w, https:\/\/ee.mlfmonde.org\/comilog\/wp-content\/uploads\/sites\/28\/2026\/04\/WhatsApp-Image-2026-04-16-at-11.05.22.jpeg 1080w\" sizes=\"(max-width: 1024px) 100vw, 1024px\" \/>\t\t\t\t\t\t\t\t\t\t\t\t\t\t\t<\/div>\n\t\t\t\t<\/div>\n\t\t<div class=\"elementor-element elementor-element-884879c e-con-full e-flex e-con e-child\" data-id=\"884879c\" data-element_type=\"container\">\n\t\t\t\t<div class=\"elementor-element elementor-element-118643c gallery-spacing-custom elementor-widget elementor-widget-image-gallery\" data-id=\"118643c\" data-element_type=\"widget\" data-widget_type=\"image-gallery.default\">\n\t\t\t\t\t\t\t<div class=\"elementor-image-gallery\">\n\t\t\t<div id='gallery-1' class='czr-gallery row flex-row czr-gallery-style gallery galleryid-4520 gallery-columns-2 gallery-size-1536x1536'><figure class='gallery-item col col-auto'>\r\n                        <div class='gallery-icon landscape czr-gallery-icon'>\r\n                              <a data-lb-type=\"grouped-gallery\" href=https:\/\/ee.mlfmonde.org\/comilog\/wp-content\/uploads\/sites\/28\/2026\/04\/WhatsApp-Image-2026-04-17-at-09.59.48.jpeg class=\"bg-link\"><\/a><img loading=\"lazy\" decoding=\"async\" width=\"1080\" height=\"1080\" src=\"https:\/\/ee.mlfmonde.org\/comilog\/wp-content\/uploads\/sites\/28\/2026\/04\/WhatsApp-Image-2026-04-17-at-09.59.48.jpeg\" class=\"attachment-1536x1536 size-1536x1536\" alt=\"\" sizes=\"(min-width: 1200px) 540px, (min-width: 992px) 450px, (min-width: 768px) 330px, (min-width: 576px) 240px, calc( 50vw - 30px )\" srcset=\"https:\/\/ee.mlfmonde.org\/comilog\/wp-content\/uploads\/sites\/28\/2026\/04\/WhatsApp-Image-2026-04-17-at-09.59.48.jpeg 1080w, https:\/\/ee.mlfmonde.org\/comilog\/wp-content\/uploads\/sites\/28\/2026\/04\/WhatsApp-Image-2026-04-17-at-09.59.48-300x300.jpeg 300w, https:\/\/ee.mlfmonde.org\/comilog\/wp-content\/uploads\/sites\/28\/2026\/04\/WhatsApp-Image-2026-04-17-at-09.59.48-1024x1024.jpeg 1024w, https:\/\/ee.mlfmonde.org\/comilog\/wp-content\/uploads\/sites\/28\/2026\/04\/WhatsApp-Image-2026-04-17-at-09.59.48-150x150.jpeg 150w, https:\/\/ee.mlfmonde.org\/comilog\/wp-content\/uploads\/sites\/28\/2026\/04\/WhatsApp-Image-2026-04-17-at-09.59.48-768x768.jpeg 768w, https:\/\/ee.mlfmonde.org\/comilog\/wp-content\/uploads\/sites\/28\/2026\/04\/WhatsApp-Image-2026-04-17-at-09.59.48-570x570.jpeg 570w, https:\/\/ee.mlfmonde.org\/comilog\/wp-content\/uploads\/sites\/28\/2026\/04\/WhatsApp-Image-2026-04-17-at-09.59.48-510x510.jpeg 510w\" \/>\r\n                        <\/div><\/figure><figure class='gallery-item col col-auto'>\r\n                        <div class='gallery-icon landscape czr-gallery-icon'>\r\n                              <a data-lb-type=\"grouped-gallery\" href=https:\/\/ee.mlfmonde.org\/comilog\/wp-content\/uploads\/sites\/28\/2026\/04\/WhatsApp-Image-2026-04-17-at-09.59.45.jpeg class=\"bg-link\"><\/a><img loading=\"lazy\" decoding=\"async\" width=\"1080\" height=\"1080\" src=\"https:\/\/ee.mlfmonde.org\/comilog\/wp-content\/uploads\/sites\/28\/2026\/04\/WhatsApp-Image-2026-04-17-at-09.59.45.jpeg\" class=\"attachment-1536x1536 size-1536x1536\" alt=\"\" sizes=\"(min-width: 1200px) 540px, (min-width: 992px) 450px, (min-width: 768px) 330px, (min-width: 576px) 240px, calc( 50vw - 30px )\" srcset=\"https:\/\/ee.mlfmonde.org\/comilog\/wp-content\/uploads\/sites\/28\/2026\/04\/WhatsApp-Image-2026-04-17-at-09.59.45.jpeg 1080w, https:\/\/ee.mlfmonde.org\/comilog\/wp-content\/uploads\/sites\/28\/2026\/04\/WhatsApp-Image-2026-04-17-at-09.59.45-300x300.jpeg 300w, https:\/\/ee.mlfmonde.org\/comilog\/wp-content\/uploads\/sites\/28\/2026\/04\/WhatsApp-Image-2026-04-17-at-09.59.45-1024x1024.jpeg 1024w, https:\/\/ee.mlfmonde.org\/comilog\/wp-content\/uploads\/sites\/28\/2026\/04\/WhatsApp-Image-2026-04-17-at-09.59.45-150x150.jpeg 150w, https:\/\/ee.mlfmonde.org\/comilog\/wp-content\/uploads\/sites\/28\/2026\/04\/WhatsApp-Image-2026-04-17-at-09.59.45-768x768.jpeg 768w, https:\/\/ee.mlfmonde.org\/comilog\/wp-content\/uploads\/sites\/28\/2026\/04\/WhatsApp-Image-2026-04-17-at-09.59.45-570x570.jpeg 570w, https:\/\/ee.mlfmonde.org\/comilog\/wp-content\/uploads\/sites\/28\/2026\/04\/WhatsApp-Image-2026-04-17-at-09.59.45-510x510.jpeg 510w\" \/>\r\n                        <\/div><\/figure><figure class='gallery-item col col-auto'>\r\n                        <div class='gallery-icon landscape czr-gallery-icon'>\r\n                              <a data-lb-type=\"grouped-gallery\" href=https:\/\/ee.mlfmonde.org\/comilog\/wp-content\/uploads\/sites\/28\/2026\/04\/WhatsApp-Image-2026-04-17-at-09.56.11-2.jpeg class=\"bg-link\"><\/a><img loading=\"lazy\" decoding=\"async\" width=\"1080\" height=\"1080\" src=\"https:\/\/ee.mlfmonde.org\/comilog\/wp-content\/uploads\/sites\/28\/2026\/04\/WhatsApp-Image-2026-04-17-at-09.56.11-2.jpeg\" class=\"attachment-1536x1536 size-1536x1536\" alt=\"\" sizes=\"(min-width: 1200px) 540px, (min-width: 992px) 450px, (min-width: 768px) 330px, (min-width: 576px) 240px, calc( 50vw - 30px )\" srcset=\"https:\/\/ee.mlfmonde.org\/comilog\/wp-content\/uploads\/sites\/28\/2026\/04\/WhatsApp-Image-2026-04-17-at-09.56.11-2.jpeg 1080w, https:\/\/ee.mlfmonde.org\/comilog\/wp-content\/uploads\/sites\/28\/2026\/04\/WhatsApp-Image-2026-04-17-at-09.56.11-2-300x300.jpeg 300w, https:\/\/ee.mlfmonde.org\/comilog\/wp-content\/uploads\/sites\/28\/2026\/04\/WhatsApp-Image-2026-04-17-at-09.56.11-2-1024x1024.jpeg 1024w, https:\/\/ee.mlfmonde.org\/comilog\/wp-content\/uploads\/sites\/28\/2026\/04\/WhatsApp-Image-2026-04-17-at-09.56.11-2-150x150.jpeg 150w, https:\/\/ee.mlfmonde.org\/comilog\/wp-content\/uploads\/sites\/28\/2026\/04\/WhatsApp-Image-2026-04-17-at-09.56.11-2-768x768.jpeg 768w, https:\/\/ee.mlfmonde.org\/comilog\/wp-content\/uploads\/sites\/28\/2026\/04\/WhatsApp-Image-2026-04-17-at-09.56.11-2-570x570.jpeg 570w, https:\/\/ee.mlfmonde.org\/comilog\/wp-content\/uploads\/sites\/28\/2026\/04\/WhatsApp-Image-2026-04-17-at-09.56.11-2-510x510.jpeg 510w\" \/>\r\n                        <\/div><\/figure><figure class='gallery-item col col-auto'>\r\n                        <div class='gallery-icon landscape czr-gallery-icon'>\r\n                              <a data-lb-type=\"grouped-gallery\" href=https:\/\/ee.mlfmonde.org\/comilog\/wp-content\/uploads\/sites\/28\/2026\/04\/WhatsApp-Image-2026-04-17-at-09.56.11-1.jpeg class=\"bg-link\"><\/a><img loading=\"lazy\" decoding=\"async\" width=\"1080\" height=\"1080\" src=\"https:\/\/ee.mlfmonde.org\/comilog\/wp-content\/uploads\/sites\/28\/2026\/04\/WhatsApp-Image-2026-04-17-at-09.56.11-1.jpeg\" class=\"attachment-1536x1536 size-1536x1536\" alt=\"\" sizes=\"(min-width: 1200px) 540px, (min-width: 992px) 450px, (min-width: 768px) 330px, (min-width: 576px) 240px, calc( 50vw - 30px )\" srcset=\"https:\/\/ee.mlfmonde.org\/comilog\/wp-content\/uploads\/sites\/28\/2026\/04\/WhatsApp-Image-2026-04-17-at-09.56.11-1.jpeg 1080w, https:\/\/ee.mlfmonde.org\/comilog\/wp-content\/uploads\/sites\/28\/2026\/04\/WhatsApp-Image-2026-04-17-at-09.56.11-1-300x300.jpeg 300w, https:\/\/ee.mlfmonde.org\/comilog\/wp-content\/uploads\/sites\/28\/2026\/04\/WhatsApp-Image-2026-04-17-at-09.56.11-1-1024x1024.jpeg 1024w, https:\/\/ee.mlfmonde.org\/comilog\/wp-content\/uploads\/sites\/28\/2026\/04\/WhatsApp-Image-2026-04-17-at-09.56.11-1-150x150.jpeg 150w, https:\/\/ee.mlfmonde.org\/comilog\/wp-content\/uploads\/sites\/28\/2026\/04\/WhatsApp-Image-2026-04-17-at-09.56.11-1-768x768.jpeg 768w, https:\/\/ee.mlfmonde.org\/comilog\/wp-content\/uploads\/sites\/28\/2026\/04\/WhatsApp-Image-2026-04-17-at-09.56.11-1-570x570.jpeg 570w, https:\/\/ee.mlfmonde.org\/comilog\/wp-content\/uploads\/sites\/28\/2026\/04\/WhatsApp-Image-2026-04-17-at-09.56.11-1-510x510.jpeg 510w\" \/>\r\n                        <\/div><\/figure><figure class='gallery-item col col-auto'>\r\n                        <div class='gallery-icon landscape czr-gallery-icon'>\r\n                              <a data-lb-type=\"grouped-gallery\" href=https:\/\/ee.mlfmonde.org\/comilog\/wp-content\/uploads\/sites\/28\/2026\/04\/WhatsApp-Image-2026-04-17-at-09.56.11.jpeg class=\"bg-link\"><\/a><img loading=\"lazy\" decoding=\"async\" width=\"1080\" height=\"1080\" src=\"https:\/\/ee.mlfmonde.org\/comilog\/wp-content\/uploads\/sites\/28\/2026\/04\/WhatsApp-Image-2026-04-17-at-09.56.11.jpeg\" class=\"attachment-1536x1536 size-1536x1536\" alt=\"\" sizes=\"(min-width: 1200px) 540px, (min-width: 992px) 450px, (min-width: 768px) 330px, (min-width: 576px) 240px, calc( 50vw - 30px )\" srcset=\"https:\/\/ee.mlfmonde.org\/comilog\/wp-content\/uploads\/sites\/28\/2026\/04\/WhatsApp-Image-2026-04-17-at-09.56.11.jpeg 1080w, https:\/\/ee.mlfmonde.org\/comilog\/wp-content\/uploads\/sites\/28\/2026\/04\/WhatsApp-Image-2026-04-17-at-09.56.11-300x300.jpeg 300w, https:\/\/ee.mlfmonde.org\/comilog\/wp-content\/uploads\/sites\/28\/2026\/04\/WhatsApp-Image-2026-04-17-at-09.56.11-1024x1024.jpeg 1024w, https:\/\/ee.mlfmonde.org\/comilog\/wp-content\/uploads\/sites\/28\/2026\/04\/WhatsApp-Image-2026-04-17-at-09.56.11-150x150.jpeg 150w, https:\/\/ee.mlfmonde.org\/comilog\/wp-content\/uploads\/sites\/28\/2026\/04\/WhatsApp-Image-2026-04-17-at-09.56.11-768x768.jpeg 768w, https:\/\/ee.mlfmonde.org\/comilog\/wp-content\/uploads\/sites\/28\/2026\/04\/WhatsApp-Image-2026-04-17-at-09.56.11-570x570.jpeg 570w, https:\/\/ee.mlfmonde.org\/comilog\/wp-content\/uploads\/sites\/28\/2026\/04\/WhatsApp-Image-2026-04-17-at-09.56.11-510x510.jpeg 510w\" \/>\r\n                        <\/div><\/figure><figure class='gallery-item col col-auto'>\r\n                        <div class='gallery-icon landscape czr-gallery-icon'>\r\n                              <a data-lb-type=\"grouped-gallery\" href=https:\/\/ee.mlfmonde.org\/comilog\/wp-content\/uploads\/sites\/28\/2026\/04\/WhatsApp-Image-2026-04-17-at-09.56.09.jpeg class=\"bg-link\"><\/a><img loading=\"lazy\" decoding=\"async\" width=\"1080\" height=\"1080\" src=\"https:\/\/ee.mlfmonde.org\/comilog\/wp-content\/uploads\/sites\/28\/2026\/04\/WhatsApp-Image-2026-04-17-at-09.56.09.jpeg\" class=\"attachment-1536x1536 size-1536x1536\" alt=\"\" sizes=\"(min-width: 1200px) 540px, (min-width: 992px) 450px, (min-width: 768px) 330px, (min-width: 576px) 240px, calc( 50vw - 30px )\" srcset=\"https:\/\/ee.mlfmonde.org\/comilog\/wp-content\/uploads\/sites\/28\/2026\/04\/WhatsApp-Image-2026-04-17-at-09.56.09.jpeg 1080w, https:\/\/ee.mlfmonde.org\/comilog\/wp-content\/uploads\/sites\/28\/2026\/04\/WhatsApp-Image-2026-04-17-at-09.56.09-300x300.jpeg 300w, https:\/\/ee.mlfmonde.org\/comilog\/wp-content\/uploads\/sites\/28\/2026\/04\/WhatsApp-Image-2026-04-17-at-09.56.09-1024x1024.jpeg 1024w, https:\/\/ee.mlfmonde.org\/comilog\/wp-content\/uploads\/sites\/28\/2026\/04\/WhatsApp-Image-2026-04-17-at-09.56.09-150x150.jpeg 150w, https:\/\/ee.mlfmonde.org\/comilog\/wp-content\/uploads\/sites\/28\/2026\/04\/WhatsApp-Image-2026-04-17-at-09.56.09-768x768.jpeg 768w, https:\/\/ee.mlfmonde.org\/comilog\/wp-content\/uploads\/sites\/28\/2026\/04\/WhatsApp-Image-2026-04-17-at-09.56.09-570x570.jpeg 570w, https:\/\/ee.mlfmonde.org\/comilog\/wp-content\/uploads\/sites\/28\/2026\/04\/WhatsApp-Image-2026-04-17-at-09.56.09-510x510.jpeg 510w\" \/>\r\n                        <\/div><\/figure>\r\n                  <\/div>\n\t\t<\/div>\n\t\t\t\t\t\t<\/div>\n\t\t\t\t<\/div>\n\t\t<div class=\"elementor-element elementor-element-2b19d7a e-con-full e-flex e-con e-child\" data-id=\"2b19d7a\" data-element_type=\"container\">\n\t\t\t\t<div class=\"elementor-element elementor-element-57d723f elementor-widget elementor-widget-text-editor\" data-id=\"57d723f\" data-element_type=\"widget\" data-widget_type=\"text-editor.default\">\n\t\t\t\t\t\t\t\t\t<p>Depuis le d\u00e9but de l\u2019ann\u00e9e scolaire, les \u00e9l\u00e8ves de CE2 C se sont engag\u00e9s dans un projet culinaire aussi motivant qu\u2019enrichissant : la r\u00e9alisation de menus au fil des p\u00e9riodes.<\/p><div dir=\"auto\">\u00c0 chaque fin de p\u00e9riode, les \u00e9l\u00e8ves ont ainsi d\u00e9couvert et pr\u00e9par\u00e9 une recette diff\u00e9rente. Pour cl\u00f4turer la premi\u00e8re p\u00e9riode, ils ont confectionn\u00e9 des rillettes de thon. La deuxi\u00e8me p\u00e9riode s\u2019est termin\u00e9e sur une note sucr\u00e9e avec un g\u00e2teau au chocolat, suivie, pour la troisi\u00e8me p\u00e9riode, d\u2019un fondant \u00e0 la noix de coco. Enfin, la quatri\u00e8me p\u00e9riode s\u2019est achev\u00e9e avec la r\u00e9alisation d\u2019une quiche au thon.<\/div><div dir=\"auto\">Ce projet a permis de travailler de nombreuses comp\u00e9tences. En lecture, les \u00e9l\u00e8ves ont appris \u00e0 comprendre et suivre une recette. En math\u00e9matiques, ils ont manipul\u00e9 les mesures, les quantit\u00e9s et les proportions. En sciences, ils ont observ\u00e9 les transformations des aliments. Ce travail a \u00e9galement mobilis\u00e9 des comp\u00e9tences en langage oral, \u00e0 travers les \u00e9changes et les explications, ainsi qu\u2019en coop\u00e9ration, en r\u00e9alisant les recettes en petits groupes.<\/div><div dir=\"auto\">Au-del\u00e0 des apprentissages, ces moments ont \u00e9t\u00e9 l\u2019occasion de d\u00e9velopper l\u2019autonomie, la patience et le plaisir de faire ensemble.<\/div><div dir=\"auto\">Des photos ont \u00e9t\u00e9 prises \u00e0 chaque \u00e9tape, t\u00e9moignant de l\u2019implication et de la fiert\u00e9 des \u00e9l\u00e8ves face \u00e0 leurs r\u00e9alisations.<\/div><div dir=\"auto\">Un projet concret et f\u00e9d\u00e9rateur, qui a su allier apprentissages et gourmandise !<\/div>\t\t\t\t\t\t\t\t<\/div>\n\t\t\t\t<\/div>\n\t\t\t\t\t<\/div>\n\t\t\t\t<\/div>\n\t\t\t\t<\/div>\n\t\t","protected":false},"excerpt":{"rendered":"<p>#gallery-1 { margin: auto; } #gallery-1 .gallery-item { float: left; margin-top: 10px; text-align: center; width: 50%; } #gallery-1 img { border: 2px solid #cfcfcf; } #gallery-1 .gallery-caption { margin-left: 0; } \/* see gallery_shortcode() in wp-includes\/media.php *\/ Depuis le d\u00e9but de l\u2019ann\u00e9e scolaire, les \u00e9l\u00e8ves de CE2 C se sont engag\u00e9s dans un projet culinaire [&hellip;]<\/p>\n","protected":false},"author":166,"featured_media":0,"parent":0,"menu_order":0,"comment_status":"closed","ping_status":"closed","template":"","meta":{"_acf_changed":false,"footnotes":""},"class_list":["post-4520","page","type-page","status-publish","czr-hentry"],"acf":[],"_links":{"self":[{"href":"https:\/\/ee.mlfmonde.org\/comilog\/wp-json\/wp\/v2\/pages\/4520","targetHints":{"allow":["GET"]}}],"collection":[{"href":"https:\/\/ee.mlfmonde.org\/comilog\/wp-json\/wp\/v2\/pages"}],"about":[{"href":"https:\/\/ee.mlfmonde.org\/comilog\/wp-json\/wp\/v2\/types\/page"}],"author":[{"embeddable":true,"href":"https:\/\/ee.mlfmonde.org\/comilog\/wp-json\/wp\/v2\/users\/166"}],"replies":[{"embeddable":true,"href":"https:\/\/ee.mlfmonde.org\/comilog\/wp-json\/wp\/v2\/comments?post=4520"}],"version-history":[{"count":10,"href":"https:\/\/ee.mlfmonde.org\/comilog\/wp-json\/wp\/v2\/pages\/4520\/revisions"}],"predecessor-version":[{"id":4565,"href":"https:\/\/ee.mlfmonde.org\/comilog\/wp-json\/wp\/v2\/pages\/4520\/revisions\/4565"}],"wp:attachment":[{"href":"https:\/\/ee.mlfmonde.org\/comilog\/wp-json\/wp\/v2\/media?parent=4520"}],"curies":[{"name":"wp","href":"https:\/\/api.w.org\/{rel}","templated":true}]}}