{"id":4198,"date":"2026-04-03T08:51:17","date_gmt":"2026-04-03T08:51:17","guid":{"rendered":"https:\/\/ee.mlfmonde.org\/comilog\/?page_id=4198"},"modified":"2026-04-03T10:04:32","modified_gmt":"2026-04-03T10:04:32","slug":"observation-des-pratiques-danglais-une-visite-pedagogique-a-lepc","status":"publish","type":"page","link":"https:\/\/ee.mlfmonde.org\/comilog\/observation-des-pratiques-danglais-une-visite-pedagogique-a-lepc\/","title":{"rendered":"Observation des pratiques d\u2019anglais : une visite p\u00e9dagogique \u00e0 l\u2019EPC"},"content":{"rendered":"\t\t<div data-elementor-type=\"wp-page\" data-elementor-id=\"4198\" class=\"elementor elementor-4198\">\n\t\t\t\t<div class=\"elementor-element elementor-element-4f8695bc e-con-full e-flex e-con e-parent\" data-id=\"4f8695bc\" data-element_type=\"container\" data-settings=\"{&quot;background_background&quot;:&quot;classic&quot;}\">\n\t\t<div class=\"elementor-element elementor-element-69b108b9 e-con-full e-flex e-con e-child\" data-id=\"69b108b9\" data-element_type=\"container\">\n\t\t\t\t<div class=\"elementor-element elementor-element-4780f4bb elementor-widget elementor-widget-heading\" data-id=\"4780f4bb\" data-element_type=\"widget\" data-widget_type=\"heading.default\">\n\t\t\t\t\t<p class=\"elementor-heading-title elementor-size-default\">MLF\n<\/p>\t\t\t\t<\/div>\n\t\t\t\t<div class=\"elementor-element elementor-element-3f36d0db elementor-widget elementor-widget-heading\" data-id=\"3f36d0db\" data-element_type=\"widget\" data-widget_type=\"heading.default\">\n\t\t\t\t\t<h2 class=\"elementor-heading-title elementor-size-default\"><strong data-start=\"164\" data-end=\"190\">Monsieur Raswan Sockol<\/strong><\/h2>\t\t\t\t<\/div>\n\t\t\t\t<div class=\"elementor-element elementor-element-1e0d51d8 elementor-widget__width-initial elementor-widget elementor-widget-text-editor\" data-id=\"1e0d51d8\" data-element_type=\"widget\" data-widget_type=\"text-editor.default\">\n\t\t\t\t\t\t\t\t\t<p>responsable des programmes de <strong data-start=\"222\" data-end=\"253\">Langue et Culture Anglaises<\/strong> au sein du r\u00e9seau de la <strong data-start=\"278\" data-end=\"312\">Mission La\u00efque Fran\u00e7aise (MLF)<\/strong><\/p>\t\t\t\t\t\t\t\t<\/div>\n\t\t\t\t<\/div>\n\t\t\t\t<div class=\"elementor-element elementor-element-1939fcaa elementor-widget__width-initial elementor-widget-tablet__width-inherit elementor-widget elementor-widget-image\" data-id=\"1939fcaa\" data-element_type=\"widget\" data-widget_type=\"image.default\">\n\t\t\t\t\t\t\t\t\t\t\t\t\t\t\t<img fetchpriority=\"high\" decoding=\"async\" width=\"570\" height=\"760\" src=\"https:\/\/ee.mlfmonde.org\/comilog\/wp-content\/uploads\/sites\/28\/2026\/03\/WhatsApp-Image-2026-03-05-at-12.12.20-570x760.jpeg\" class=\"attachment-tc-masonry-thumb-size size-tc-masonry-thumb-size wp-image-3614\" alt=\"\" srcset=\"https:\/\/ee.mlfmonde.org\/comilog\/wp-content\/uploads\/sites\/28\/2026\/03\/WhatsApp-Image-2026-03-05-at-12.12.20-570x760.jpeg 570w, https:\/\/ee.mlfmonde.org\/comilog\/wp-content\/uploads\/sites\/28\/2026\/03\/WhatsApp-Image-2026-03-05-at-12.12.20-225x300.jpeg 225w, https:\/\/ee.mlfmonde.org\/comilog\/wp-content\/uploads\/sites\/28\/2026\/03\/WhatsApp-Image-2026-03-05-at-12.12.20-768x1024.jpeg 768w, https:\/\/ee.mlfmonde.org\/comilog\/wp-content\/uploads\/sites\/28\/2026\/03\/WhatsApp-Image-2026-03-05-at-12.12.20.jpeg 810w\" sizes=\"(max-width: 570px) 100vw, 570px\" \/>\t\t\t\t\t\t\t\t\t\t\t\t\t\t\t<\/div>\n\t\t\t\t<\/div>\n\t\t<div class=\"elementor-element elementor-element-2c1da7e e-flex e-con-boxed e-con e-parent\" data-id=\"2c1da7e\" data-element_type=\"container\">\n\t\t\t\t\t<div class=\"e-con-inner\">\n\t\t<div class=\"elementor-element elementor-element-5a86a98 e-con-full e-flex e-con e-child\" data-id=\"5a86a98\" data-element_type=\"container\">\n\t\t\t\t<div class=\"elementor-element elementor-element-f0a4376 elementor-widget elementor-widget-text-editor\" data-id=\"f0a4376\" data-element_type=\"widget\" data-widget_type=\"text-editor.default\">\n\t\t\t\t\t\t\t\t\t<p data-start=\"135\" data-end=\"344\">Cette semaine, l\u2019\u00c9cole Primaire Comilog de Moanda a accueilli\u00a0<strong data-start=\"195\" data-end=\"221\">Monsieur Raswan Sockol<\/strong>, responsable des programmes de <strong data-start=\"253\" data-end=\"284\">Langue et Culture Anglaises<\/strong> au sein du r\u00e9seau de la <strong data-start=\"309\" data-end=\"343\">Mission La\u00efque Fran\u00e7aise (MLF)<\/strong>.<\/p><p data-start=\"346\" data-end=\"623\">Dans le cadre de sa mission d\u2019accompagnement p\u00e9dagogique, il a effectu\u00e9\u00a0 une visite dans les \u00e9tablissements MLF de Moanda. \u00c0 cette occasion, il est pass\u00e9 dans certaines classes d\u2019anglais de l\u2019\u00c9cole Primaire Comilog afin d\u2019observer les pratiques p\u00e9dagogiques mises en \u0153uvre.<\/p><p data-start=\"625\" data-end=\"800\">Ces temps d\u2019observation ont permit d\u2019avoir une vision des enseignements dispens\u00e9s et de favoriser les \u00e9changes professionnels autour de l\u2019apprentissage de la langue anglaise.<\/p><p data-start=\"625\" data-end=\"800\">\u00a0<\/p>\t\t\t\t\t\t\t\t<\/div>\n\t\t\t\t<\/div>\n\t\t<div class=\"elementor-element elementor-element-a6b172a e-con-full e-flex e-con e-child\" data-id=\"a6b172a\" data-element_type=\"container\">\n\t\t\t\t<div class=\"elementor-element elementor-element-422fefa elementor-widget elementor-widget-image\" data-id=\"422fefa\" data-element_type=\"widget\" data-widget_type=\"image.default\">\n\t\t\t\t\t\t\t\t\t\t\t\t\t\t\t<img decoding=\"async\" width=\"1024\" height=\"768\" src=\"https:\/\/ee.mlfmonde.org\/comilog\/wp-content\/uploads\/sites\/28\/2026\/03\/WhatsApp-Image-2026-03-05-at-12.12.19-1024x768.jpeg\" class=\"attachment-large size-large wp-image-3616\" alt=\"\" srcset=\"https:\/\/ee.mlfmonde.org\/comilog\/wp-content\/uploads\/sites\/28\/2026\/03\/WhatsApp-Image-2026-03-05-at-12.12.19-1024x768.jpeg 1024w, https:\/\/ee.mlfmonde.org\/comilog\/wp-content\/uploads\/sites\/28\/2026\/03\/WhatsApp-Image-2026-03-05-at-12.12.19-300x225.jpeg 300w, https:\/\/ee.mlfmonde.org\/comilog\/wp-content\/uploads\/sites\/28\/2026\/03\/WhatsApp-Image-2026-03-05-at-12.12.19-768x576.jpeg 768w, https:\/\/ee.mlfmonde.org\/comilog\/wp-content\/uploads\/sites\/28\/2026\/03\/WhatsApp-Image-2026-03-05-at-12.12.19-570x428.jpeg 570w, https:\/\/ee.mlfmonde.org\/comilog\/wp-content\/uploads\/sites\/28\/2026\/03\/WhatsApp-Image-2026-03-05-at-12.12.19.jpeg 1080w\" sizes=\"(max-width: 1024px) 100vw, 1024px\" \/>\t\t\t\t\t\t\t\t\t\t\t\t\t\t\t<\/div>\n\t\t\t\t<\/div>\n\t\t\t\t\t<\/div>\n\t\t\t\t<\/div>\n\t\t\t\t<\/div>\n\t\t","protected":false},"excerpt":{"rendered":"<p>MLF Monsieur Raswan Sockol responsable des programmes de Langue et Culture Anglaises au sein du r\u00e9seau de la Mission La\u00efque Fran\u00e7aise (MLF) Cette semaine, l\u2019\u00c9cole Primaire Comilog de Moanda a accueilli\u00a0Monsieur Raswan Sockol, responsable des programmes de Langue et Culture Anglaises au sein du r\u00e9seau de la Mission La\u00efque Fran\u00e7aise (MLF). Dans le cadre de [&hellip;]<\/p>\n","protected":false},"author":166,"featured_media":0,"parent":0,"menu_order":0,"comment_status":"closed","ping_status":"closed","template":"","meta":{"_acf_changed":false,"footnotes":""},"class_list":["post-4198","page","type-page","status-publish","czr-hentry"],"acf":[],"_links":{"self":[{"href":"https:\/\/ee.mlfmonde.org\/comilog\/wp-json\/wp\/v2\/pages\/4198","targetHints":{"allow":["GET"]}}],"collection":[{"href":"https:\/\/ee.mlfmonde.org\/comilog\/wp-json\/wp\/v2\/pages"}],"about":[{"href":"https:\/\/ee.mlfmonde.org\/comilog\/wp-json\/wp\/v2\/types\/page"}],"author":[{"embeddable":true,"href":"https:\/\/ee.mlfmonde.org\/comilog\/wp-json\/wp\/v2\/users\/166"}],"replies":[{"embeddable":true,"href":"https:\/\/ee.mlfmonde.org\/comilog\/wp-json\/wp\/v2\/comments?post=4198"}],"version-history":[{"count":10,"href":"https:\/\/ee.mlfmonde.org\/comilog\/wp-json\/wp\/v2\/pages\/4198\/revisions"}],"predecessor-version":[{"id":4215,"href":"https:\/\/ee.mlfmonde.org\/comilog\/wp-json\/wp\/v2\/pages\/4198\/revisions\/4215"}],"wp:attachment":[{"href":"https:\/\/ee.mlfmonde.org\/comilog\/wp-json\/wp\/v2\/media?parent=4198"}],"curies":[{"name":"wp","href":"https:\/\/api.w.org\/{rel}","templated":true}]}}