{"id":3623,"date":"2026-03-17T11:15:20","date_gmt":"2026-03-17T11:15:20","guid":{"rendered":"https:\/\/ee.mlfmonde.org\/comilog\/?page_id=3623"},"modified":"2026-04-07T16:52:55","modified_gmt":"2026-04-07T16:52:55","slug":"elementor-3623","status":"publish","type":"page","link":"https:\/\/ee.mlfmonde.org\/comilog\/elementor-3623\/","title":{"rendered":"Former les enseignants pour mieux accompagner les \u00e9l\u00e8ves en math\u00e9matiques"},"content":{"rendered":"\t\t<div data-elementor-type=\"wp-page\" data-elementor-id=\"3623\" class=\"elementor elementor-3623\">\n\t\t\t\t<div class=\"elementor-element elementor-element-2243a83 e-flex e-con-boxed e-con e-parent\" data-id=\"2243a83\" data-element_type=\"container\">\n\t\t\t\t\t<div class=\"e-con-inner\">\n\t\t\t\t<div class=\"elementor-element elementor-element-e6a8b32 elementor-widget elementor-widget-heading\" data-id=\"e6a8b32\" data-element_type=\"widget\" data-widget_type=\"heading.default\">\n\t\t\t\t\t<h5 class=\"elementor-heading-title elementor-size-default\"><h3 style=\"font-family: Arial, Helvetica, sans-serif\">Former les enseignants pour mieux accompagner les \u00e9l\u00e8ves en math\u00e9matiques<\/h3><\/h5>\t\t\t\t<\/div>\n\t\t\t\t\t<\/div>\n\t\t\t\t<\/div>\n\t\t<div class=\"elementor-element elementor-element-3b98d6d e-flex e-con-boxed e-con e-parent\" data-id=\"3b98d6d\" data-element_type=\"container\">\n\t\t\t\t\t<div class=\"e-con-inner\">\n\t\t<div class=\"elementor-element elementor-element-4f9f5f2 e-con-full e-flex e-con e-child\" data-id=\"4f9f5f2\" data-element_type=\"container\">\n\t\t\t\t<div class=\"elementor-element elementor-element-3a410ed elementor-widget elementor-widget-image\" data-id=\"3a410ed\" data-element_type=\"widget\" data-widget_type=\"image.default\">\n\t\t\t\t\t\t\t\t\t\t\t\t\t\t\t<img fetchpriority=\"high\" decoding=\"async\" width=\"1024\" height=\"768\" src=\"https:\/\/ee.mlfmonde.org\/comilog\/wp-content\/uploads\/sites\/28\/2026\/03\/WhatsApp-Image-2026-03-05-at-08.04.36-1-1024x768.jpeg\" class=\"attachment-large size-large wp-image-3618\" alt=\"\" srcset=\"https:\/\/ee.mlfmonde.org\/comilog\/wp-content\/uploads\/sites\/28\/2026\/03\/WhatsApp-Image-2026-03-05-at-08.04.36-1-1024x768.jpeg 1024w, https:\/\/ee.mlfmonde.org\/comilog\/wp-content\/uploads\/sites\/28\/2026\/03\/WhatsApp-Image-2026-03-05-at-08.04.36-1-300x225.jpeg 300w, https:\/\/ee.mlfmonde.org\/comilog\/wp-content\/uploads\/sites\/28\/2026\/03\/WhatsApp-Image-2026-03-05-at-08.04.36-1-768x576.jpeg 768w, https:\/\/ee.mlfmonde.org\/comilog\/wp-content\/uploads\/sites\/28\/2026\/03\/WhatsApp-Image-2026-03-05-at-08.04.36-1-570x428.jpeg 570w, https:\/\/ee.mlfmonde.org\/comilog\/wp-content\/uploads\/sites\/28\/2026\/03\/WhatsApp-Image-2026-03-05-at-08.04.36-1.jpeg 1080w\" sizes=\"(max-width: 1024px) 100vw, 1024px\" \/>\t\t\t\t\t\t\t\t\t\t\t\t\t\t\t<\/div>\n\t\t\t\t<\/div>\n\t\t<div class=\"elementor-element elementor-element-2a815e9 e-con-full e-flex e-con e-child\" data-id=\"2a815e9\" data-element_type=\"container\">\n\t\t\t\t<div class=\"elementor-element elementor-element-cb98c88 elementor-widget elementor-widget-text-editor\" data-id=\"cb98c88\" data-element_type=\"widget\" data-widget_type=\"text-editor.default\">\n\t\t\t\t\t\t\t\t\t<p>Dans le cadre d\u2019une mission d\u2019accompagnement p\u00e9dagogique men\u00e9e par l&#8217;expert 1er degr\u00e9 du R\u00e9seau mlfmonde, M. Nicolas Veillet, du 2 au 6 mars 2026, les enseignants ont particip\u00e9 \u00e0 un temps de formation consacr\u00e9 \u00e0 la r\u00e9solution de probl\u00e8mes en math\u00e9matiques, comp\u00e9tence centrale dans les programmes actuels.\u00a0<\/p><p>Cette formation s\u2019est appuy\u00e9e sur des observations de s\u00e9ances en classe, o\u00f9 les \u00e9l\u00e8ves ont travaill\u00e9 en petits groupes pour r\u00e9soudre des situations-probl\u00e8mes adapt\u00e9es \u00e0 leur niveau, du CE1 au CM2. Les enseignants ont ainsi pu analyser les strat\u00e9gies des \u00e9l\u00e8ves, identifier les obstacles rencontr\u00e9s et r\u00e9fl\u00e9chir collectivement aux pratiques p\u00e9dagogiques favorisant la compr\u00e9hension et le raisonnement.<\/p>\t\t\t\t\t\t\t\t<\/div>\n\t\t\t\t<\/div>\n\t\t<div class=\"elementor-element elementor-element-6589c8c e-con-full e-flex e-con e-child\" data-id=\"6589c8c\" data-element_type=\"container\">\n\t\t\t\t<div class=\"elementor-element elementor-element-dbcb453 elementor-widget elementor-widget-text-editor\" data-id=\"dbcb453\" data-element_type=\"widget\" data-widget_type=\"text-editor.default\">\n\t\t\t\t\t\t\t\t\t<p>L\u2019apr\u00e8s-midi, des animations p\u00e9dagogiques ont permis d\u2019approfondir les principes didactiques de la r\u00e9solution de probl\u00e8mes et de partager des outils concrets pour la classe : repr\u00e9sentation par sch\u00e9ma, travail collaboratif, d\u00e9bat math\u00e9matique et explicitation des d\u00e9marches.\u00a0<\/p><p>Ces temps de formation contribuent \u00e0 renforcer la coh\u00e9rence des pratiques au sein de l\u2019\u00e9cole et \u00e0 d\u00e9velopper une p\u00e9dagogie active, o\u00f9 les \u00e9l\u00e8ves deviennent de v\u00e9ritables chercheurs face aux d\u00e9fis math\u00e9matiques.\u00a0<\/p><p>\u00c0 travers cette dynamique de d\u00e9veloppement professionnel, l\u2019\u00e9cole confirme son engagement en faveur d\u2019un enseignement exigeant, innovant et centr\u00e9 sur la r\u00e9ussite de tous les \u00e9l\u00e8ves<\/p>\t\t\t\t\t\t\t\t<\/div>\n\t\t\t\t<\/div>\n\t\t<div class=\"elementor-element elementor-element-96daf6b e-con-full e-flex e-con e-child\" data-id=\"96daf6b\" data-element_type=\"container\">\n\t\t\t\t<div class=\"elementor-element elementor-element-ddb413e elementor-widget elementor-widget-image\" data-id=\"ddb413e\" data-element_type=\"widget\" data-widget_type=\"image.default\">\n\t\t\t\t\t\t\t\t\t\t\t\t\t\t\t<img decoding=\"async\" width=\"1024\" height=\"768\" src=\"https:\/\/ee.mlfmonde.org\/comilog\/wp-content\/uploads\/sites\/28\/2026\/03\/WhatsApp-Image-2026-03-05-at-12.12.14-1024x768.jpeg\" class=\"attachment-large size-large wp-image-3617\" alt=\"\" srcset=\"https:\/\/ee.mlfmonde.org\/comilog\/wp-content\/uploads\/sites\/28\/2026\/03\/WhatsApp-Image-2026-03-05-at-12.12.14-1024x768.jpeg 1024w, https:\/\/ee.mlfmonde.org\/comilog\/wp-content\/uploads\/sites\/28\/2026\/03\/WhatsApp-Image-2026-03-05-at-12.12.14-300x225.jpeg 300w, https:\/\/ee.mlfmonde.org\/comilog\/wp-content\/uploads\/sites\/28\/2026\/03\/WhatsApp-Image-2026-03-05-at-12.12.14-768x576.jpeg 768w, https:\/\/ee.mlfmonde.org\/comilog\/wp-content\/uploads\/sites\/28\/2026\/03\/WhatsApp-Image-2026-03-05-at-12.12.14-570x428.jpeg 570w, https:\/\/ee.mlfmonde.org\/comilog\/wp-content\/uploads\/sites\/28\/2026\/03\/WhatsApp-Image-2026-03-05-at-12.12.14.jpeg 1080w\" sizes=\"(max-width: 1024px) 100vw, 1024px\" \/>\t\t\t\t\t\t\t\t\t\t\t\t\t\t\t<\/div>\n\t\t\t\t<\/div>\n\t\t\t\t\t<\/div>\n\t\t\t\t<\/div>\n\t\t\t\t<\/div>\n\t\t","protected":false},"excerpt":{"rendered":"<p>Former les enseignants pour mieux accompagner les \u00e9l\u00e8ves en math\u00e9matiques Dans le cadre d\u2019une mission d\u2019accompagnement p\u00e9dagogique men\u00e9e par l&#8217;expert 1er degr\u00e9 du R\u00e9seau mlfmonde, M. Nicolas Veillet, du 2 au 6 mars 2026, les enseignants ont particip\u00e9 \u00e0 un temps de formation consacr\u00e9 \u00e0 la r\u00e9solution de probl\u00e8mes en math\u00e9matiques, comp\u00e9tence centrale dans les [&hellip;]<\/p>\n","protected":false},"author":166,"featured_media":0,"parent":0,"menu_order":0,"comment_status":"closed","ping_status":"closed","template":"","meta":{"_acf_changed":false,"footnotes":""},"class_list":["post-3623","page","type-page","status-publish","czr-hentry"],"acf":[],"_links":{"self":[{"href":"https:\/\/ee.mlfmonde.org\/comilog\/wp-json\/wp\/v2\/pages\/3623","targetHints":{"allow":["GET"]}}],"collection":[{"href":"https:\/\/ee.mlfmonde.org\/comilog\/wp-json\/wp\/v2\/pages"}],"about":[{"href":"https:\/\/ee.mlfmonde.org\/comilog\/wp-json\/wp\/v2\/types\/page"}],"author":[{"embeddable":true,"href":"https:\/\/ee.mlfmonde.org\/comilog\/wp-json\/wp\/v2\/users\/166"}],"replies":[{"embeddable":true,"href":"https:\/\/ee.mlfmonde.org\/comilog\/wp-json\/wp\/v2\/comments?post=3623"}],"version-history":[{"count":11,"href":"https:\/\/ee.mlfmonde.org\/comilog\/wp-json\/wp\/v2\/pages\/3623\/revisions"}],"predecessor-version":[{"id":4387,"href":"https:\/\/ee.mlfmonde.org\/comilog\/wp-json\/wp\/v2\/pages\/3623\/revisions\/4387"}],"wp:attachment":[{"href":"https:\/\/ee.mlfmonde.org\/comilog\/wp-json\/wp\/v2\/media?parent=3623"}],"curies":[{"name":"wp","href":"https:\/\/api.w.org\/{rel}","templated":true}]}}