{"id":3595,"date":"2026-02-23T13:17:26","date_gmt":"2026-02-23T13:17:26","guid":{"rendered":"https:\/\/ee.mlfmonde.org\/comilog\/?page_id=3595"},"modified":"2026-04-07T14:23:15","modified_gmt":"2026-04-07T14:23:15","slug":"elementor-3595","status":"publish","type":"page","link":"https:\/\/ee.mlfmonde.org\/comilog\/elementor-3595\/","title":{"rendered":"La Grande Lessive : une \u00e9dition sp\u00e9ciale pour ses 20 ans \u00e0 l\u2019EPC et \u00e0 la MATCOM"},"content":{"rendered":"\t\t<div data-elementor-type=\"wp-page\" data-elementor-id=\"3595\" class=\"elementor elementor-3595\">\n\t\t\t\t<div class=\"elementor-element elementor-element-7aea18d e-flex e-con-boxed e-con e-parent\" data-id=\"7aea18d\" data-element_type=\"container\">\n\t\t\t\t\t<div class=\"e-con-inner\">\n\t\t<div class=\"elementor-element elementor-element-05c74d1 e-con-full e-flex e-con e-child\" data-id=\"05c74d1\" data-element_type=\"container\">\n\t\t\t\t<div class=\"elementor-element elementor-element-1a14388 elementor-arrows-position-inside elementor-pagination-position-outside elementor-widget elementor-widget-image-carousel\" data-id=\"1a14388\" data-element_type=\"widget\" data-settings=\"{&quot;slides_to_show&quot;:&quot;2&quot;,&quot;slides_to_scroll&quot;:&quot;2&quot;,&quot;navigation&quot;:&quot;both&quot;,&quot;autoplay&quot;:&quot;yes&quot;,&quot;pause_on_hover&quot;:&quot;yes&quot;,&quot;pause_on_interaction&quot;:&quot;yes&quot;,&quot;autoplay_speed&quot;:5000,&quot;infinite&quot;:&quot;yes&quot;,&quot;speed&quot;:500}\" data-widget_type=\"image-carousel.default\">\n\t\t\t\t\t\t\t<div class=\"elementor-image-carousel-wrapper swiper\" role=\"region\" aria-roledescription=\"carousel\" aria-label=\"Image Carousel\" dir=\"ltr\">\n\t\t\t<div class=\"elementor-image-carousel swiper-wrapper swiper-image-stretch\" aria-live=\"off\">\n\t\t\t\t\t\t\t\t<div class=\"swiper-slide\" role=\"group\" aria-roledescription=\"slide\" aria-label=\"1 of 11\"><figure class=\"swiper-slide-inner\"><img decoding=\"async\" class=\"swiper-slide-image\" src=\"https:\/\/ee.mlfmonde.org\/comilog\/wp-content\/uploads\/sites\/28\/2026\/03\/WhatsApp-Image-2026-03-19-at-11.31.54-1.jpeg\" alt=\"WhatsApp Image 2026-03-19 at 11.31.54 (1)\" \/><\/figure><\/div><div class=\"swiper-slide\" role=\"group\" aria-roledescription=\"slide\" aria-label=\"2 of 11\"><figure class=\"swiper-slide-inner\"><img decoding=\"async\" class=\"swiper-slide-image\" src=\"https:\/\/ee.mlfmonde.org\/comilog\/wp-content\/uploads\/sites\/28\/2026\/03\/WhatsApp-Image-2026-03-19-at-11.31.53-1.jpeg\" alt=\"WhatsApp Image 2026-03-19 at 11.31.53 (1)\" \/><\/figure><\/div><div class=\"swiper-slide\" role=\"group\" aria-roledescription=\"slide\" aria-label=\"3 of 11\"><figure class=\"swiper-slide-inner\"><img decoding=\"async\" class=\"swiper-slide-image\" src=\"https:\/\/ee.mlfmonde.org\/comilog\/wp-content\/uploads\/sites\/28\/2026\/03\/WhatsApp-Image-2026-03-19-at-11.31.53.jpeg\" alt=\"WhatsApp Image 2026-03-19 at 11.31.53\" \/><\/figure><\/div><div class=\"swiper-slide\" role=\"group\" aria-roledescription=\"slide\" aria-label=\"4 of 11\"><figure class=\"swiper-slide-inner\"><img decoding=\"async\" class=\"swiper-slide-image\" src=\"https:\/\/ee.mlfmonde.org\/comilog\/wp-content\/uploads\/sites\/28\/2026\/03\/WhatsApp-Image-2026-03-19-at-11.31.51.jpeg\" alt=\"WhatsApp Image 2026-03-19 at 11.31.51\" \/><\/figure><\/div><div class=\"swiper-slide\" role=\"group\" aria-roledescription=\"slide\" aria-label=\"5 of 11\"><figure class=\"swiper-slide-inner\"><img decoding=\"async\" class=\"swiper-slide-image\" src=\"https:\/\/ee.mlfmonde.org\/comilog\/wp-content\/uploads\/sites\/28\/2026\/03\/WhatsApp-Image-2026-03-19-at-11.31.50.jpeg\" alt=\"WhatsApp Image 2026-03-19 at 11.31.50\" \/><\/figure><\/div><div class=\"swiper-slide\" role=\"group\" aria-roledescription=\"slide\" aria-label=\"6 of 11\"><figure class=\"swiper-slide-inner\"><img decoding=\"async\" class=\"swiper-slide-image\" src=\"https:\/\/ee.mlfmonde.org\/comilog\/wp-content\/uploads\/sites\/28\/2026\/03\/WhatsApp-Image-2026-03-19-at-10.43.59.jpeg\" alt=\"WhatsApp Image 2026-03-19 at 10.43.59\" \/><\/figure><\/div><div class=\"swiper-slide\" role=\"group\" aria-roledescription=\"slide\" aria-label=\"7 of 11\"><figure class=\"swiper-slide-inner\"><img decoding=\"async\" class=\"swiper-slide-image\" src=\"https:\/\/ee.mlfmonde.org\/comilog\/wp-content\/uploads\/sites\/28\/2026\/03\/WhatsApp-Image-2026-03-19-at-10.52.35.jpeg\" alt=\"WhatsApp Image 2026-03-19 at 10.52.35\" \/><\/figure><\/div><div class=\"swiper-slide\" role=\"group\" aria-roledescription=\"slide\" aria-label=\"8 of 11\"><figure class=\"swiper-slide-inner\"><img decoding=\"async\" class=\"swiper-slide-image\" src=\"https:\/\/ee.mlfmonde.org\/comilog\/wp-content\/uploads\/sites\/28\/2026\/03\/WhatsApp-Image-2026-03-19-at-10.52.29-1.jpeg\" alt=\"WhatsApp Image 2026-03-19 at 10.52.29 (1)\" \/><\/figure><\/div><div class=\"swiper-slide\" role=\"group\" aria-roledescription=\"slide\" aria-label=\"9 of 11\"><figure class=\"swiper-slide-inner\"><img decoding=\"async\" class=\"swiper-slide-image\" src=\"https:\/\/ee.mlfmonde.org\/comilog\/wp-content\/uploads\/sites\/28\/2026\/03\/WhatsApp-Image-2026-03-19-at-10.52.29-2.jpeg\" alt=\"WhatsApp Image 2026-03-19 at 10.52.29 (2)\" \/><\/figure><\/div><div class=\"swiper-slide\" role=\"group\" aria-roledescription=\"slide\" aria-label=\"10 of 11\"><figure class=\"swiper-slide-inner\"><img decoding=\"async\" class=\"swiper-slide-image\" src=\"https:\/\/ee.mlfmonde.org\/comilog\/wp-content\/uploads\/sites\/28\/2026\/03\/WhatsApp-Image-2026-03-19-at-10.52.30.jpeg\" alt=\"WhatsApp Image 2026-03-19 at 10.52.30\" \/><\/figure><\/div><div class=\"swiper-slide\" role=\"group\" aria-roledescription=\"slide\" aria-label=\"11 of 11\"><figure class=\"swiper-slide-inner\"><img decoding=\"async\" class=\"swiper-slide-image\" src=\"https:\/\/ee.mlfmonde.org\/comilog\/wp-content\/uploads\/sites\/28\/2026\/03\/WhatsApp-Image-2026-03-19-at-10.52.34.jpeg\" alt=\"WhatsApp Image 2026-03-19 at 10.52.34\" \/><\/figure><\/div>\t\t\t<\/div>\n\t\t\t\t\t\t\t\t\t\t\t\t<div class=\"elementor-swiper-button elementor-swiper-button-prev\" role=\"button\" tabindex=\"0\">\n\t\t\t\t\t\t<svg aria-hidden=\"true\" class=\"e-font-icon-svg e-eicon-chevron-left\" viewBox=\"0 0 1000 1000\" xmlns=\"http:\/\/www.w3.org\/2000\/svg\"><path d=\"M646 125C629 125 613 133 604 142L308 442C296 454 292 471 292 487 292 504 296 521 308 533L604 854C617 867 629 875 646 875 663 875 679 871 692 858 704 846 713 829 713 812 713 796 708 779 692 767L438 487 692 225C700 217 708 204 708 187 708 171 704 154 692 142 675 129 663 125 646 125Z\"><\/path><\/svg>\t\t\t\t\t<\/div>\n\t\t\t\t\t<div class=\"elementor-swiper-button elementor-swiper-button-next\" role=\"button\" tabindex=\"0\">\n\t\t\t\t\t\t<svg aria-hidden=\"true\" class=\"e-font-icon-svg e-eicon-chevron-right\" viewBox=\"0 0 1000 1000\" xmlns=\"http:\/\/www.w3.org\/2000\/svg\"><path d=\"M696 533C708 521 713 504 713 487 713 471 708 454 696 446L400 146C388 133 375 125 354 125 338 125 325 129 313 142 300 154 292 171 292 187 292 204 296 221 308 233L563 492 304 771C292 783 288 800 288 817 288 833 296 850 308 863 321 871 338 875 354 875 371 875 388 867 400 854L696 533Z\"><\/path><\/svg>\t\t\t\t\t<\/div>\n\t\t\t\t\n\t\t\t\t\t\t\t\t\t<div class=\"swiper-pagination\"><\/div>\n\t\t\t\t\t\t\t\t\t<\/div>\n\t\t\t\t\t\t<\/div>\n\t\t\t\t<\/div>\n\t\t<div class=\"elementor-element elementor-element-69bf203 e-con-full e-flex e-con e-child\" data-id=\"69bf203\" data-element_type=\"container\">\n\t\t\t\t<div class=\"elementor-element elementor-element-eee8de9 elementor-widget elementor-widget-text-editor\" data-id=\"eee8de9\" data-element_type=\"widget\" data-widget_type=\"text-editor.default\">\n\t\t\t\t\t\t\t\t\t<p data-start=\"212\" data-end=\"417\">\u00a0Le jeudi 19 mars 2026, l\u2019EPC et la MATCOM ont c\u00e9l\u00e9br\u00e9 avec enthousiasme une \u00e9dition exceptionnelle de <strong data-start=\"339\" data-end=\"380\"><span class=\"hover:entity-accent entity-underline inline cursor-pointer align-baseline\"><span class=\"whitespace-normal\">La Grande Lessive<\/span><\/span><\/strong>,marquant ses 20 ann\u00e9es d\u2019existence.<\/p><p data-start=\"419\" data-end=\"611\">Pour cette occasion particuli\u00e8re, le th\u00e8me propos\u00e9, <strong data-start=\"471\" data-end=\"496\">\u00ab Le jeu du Je-Nous \u00bb<\/strong>, a invit\u00e9 les \u00e9l\u00e8ves et les adultes \u00e0 r\u00e9fl\u00e9chir et \u00e0 cr\u00e9er autour de la relation entre l\u2019individu et le collectif.<\/p>\t\t\t\t\t\t\t\t<\/div>\n\t\t\t\t<\/div>\n\t\t\t\t\t<\/div>\n\t\t\t\t<\/div>\n\t\t<div class=\"elementor-element elementor-element-c38cd51 e-flex e-con-boxed e-con e-parent\" data-id=\"c38cd51\" data-element_type=\"container\">\n\t\t\t\t\t<div class=\"e-con-inner\">\n\t\t<div class=\"elementor-element elementor-element-3bb02bb e-con-full e-flex e-con e-child\" data-id=\"3bb02bb\" data-element_type=\"container\">\n\t\t\t\t<div class=\"elementor-element elementor-element-db7f982 elementor-widget__width-initial elementor-widget elementor-widget-text-editor\" data-id=\"db7f982\" data-element_type=\"widget\" data-widget_type=\"text-editor.default\">\n\t\t\t\t\t\t\t\t\t<h2 data-section-id=\"1qw49gt\" data-start=\"1257\" data-end=\"1292\"><strong data-start=\"1263\" data-end=\"1292\">Cr\u00e9er, coop\u00e9rer, partager<\/strong><\/h2><p data-start=\"1601\" data-end=\"1790\">\u00a0<\/p>\t\t\t\t\t\t\t\t<\/div>\n\t\t\t\t<\/div>\n\t\t<div class=\"elementor-element elementor-element-66deec2 e-con-full e-flex e-con e-child\" data-id=\"66deec2\" data-element_type=\"container\">\n\t\t\t\t<div class=\"elementor-element elementor-element-915c196 elementor-widget elementor-widget-image\" data-id=\"915c196\" data-element_type=\"widget\" data-widget_type=\"image.default\">\n\t\t\t\t\t\t\t\t\t\t\t\t\t\t\t<img fetchpriority=\"high\" decoding=\"async\" width=\"1024\" height=\"768\" src=\"https:\/\/ee.mlfmonde.org\/comilog\/wp-content\/uploads\/sites\/28\/2026\/03\/WhatsApp-Image-2026-03-19-at-10.52.40-2-1024x768.jpeg\" class=\"attachment-large size-large wp-image-3661\" alt=\"\" srcset=\"https:\/\/ee.mlfmonde.org\/comilog\/wp-content\/uploads\/sites\/28\/2026\/03\/WhatsApp-Image-2026-03-19-at-10.52.40-2-1024x768.jpeg 1024w, https:\/\/ee.mlfmonde.org\/comilog\/wp-content\/uploads\/sites\/28\/2026\/03\/WhatsApp-Image-2026-03-19-at-10.52.40-2-300x225.jpeg 300w, https:\/\/ee.mlfmonde.org\/comilog\/wp-content\/uploads\/sites\/28\/2026\/03\/WhatsApp-Image-2026-03-19-at-10.52.40-2-768x576.jpeg 768w, https:\/\/ee.mlfmonde.org\/comilog\/wp-content\/uploads\/sites\/28\/2026\/03\/WhatsApp-Image-2026-03-19-at-10.52.40-2-570x428.jpeg 570w, https:\/\/ee.mlfmonde.org\/comilog\/wp-content\/uploads\/sites\/28\/2026\/03\/WhatsApp-Image-2026-03-19-at-10.52.40-2.jpeg 1080w\" sizes=\"(max-width: 1024px) 100vw, 1024px\" \/>\t\t\t\t\t\t\t\t\t\t\t\t\t\t\t<\/div>\n\t\t\t\t<\/div>\n\t\t<div class=\"elementor-element elementor-element-abaf970 e-con-full e-flex e-con e-child\" data-id=\"abaf970\" data-element_type=\"container\">\n\t\t\t\t<div class=\"elementor-element elementor-element-ace04be elementor-widget elementor-widget-image\" data-id=\"ace04be\" data-element_type=\"widget\" data-widget_type=\"image.default\">\n\t\t\t\t\t\t\t\t\t\t\t\t\t\t\t<img decoding=\"async\" width=\"1024\" height=\"768\" src=\"https:\/\/ee.mlfmonde.org\/comilog\/wp-content\/uploads\/sites\/28\/2026\/03\/WhatsApp-Image-2026-03-19-at-10.52.29-1-1024x768.jpeg\" class=\"attachment-large size-large wp-image-3675\" alt=\"\" srcset=\"https:\/\/ee.mlfmonde.org\/comilog\/wp-content\/uploads\/sites\/28\/2026\/03\/WhatsApp-Image-2026-03-19-at-10.52.29-1-1024x768.jpeg 1024w, https:\/\/ee.mlfmonde.org\/comilog\/wp-content\/uploads\/sites\/28\/2026\/03\/WhatsApp-Image-2026-03-19-at-10.52.29-1-300x225.jpeg 300w, https:\/\/ee.mlfmonde.org\/comilog\/wp-content\/uploads\/sites\/28\/2026\/03\/WhatsApp-Image-2026-03-19-at-10.52.29-1-768x576.jpeg 768w, https:\/\/ee.mlfmonde.org\/comilog\/wp-content\/uploads\/sites\/28\/2026\/03\/WhatsApp-Image-2026-03-19-at-10.52.29-1-570x428.jpeg 570w, https:\/\/ee.mlfmonde.org\/comilog\/wp-content\/uploads\/sites\/28\/2026\/03\/WhatsApp-Image-2026-03-19-at-10.52.29-1.jpeg 1080w\" sizes=\"(max-width: 1024px) 100vw, 1024px\" \/>\t\t\t\t\t\t\t\t\t\t\t\t\t\t\t<\/div>\n\t\t\t\t<\/div>\n\t\t<div class=\"elementor-element elementor-element-f677796 e-con-full e-flex e-con e-child\" data-id=\"f677796\" data-element_type=\"container\">\n\t\t\t\t<div class=\"elementor-element elementor-element-cc7e625 elementor-widget elementor-widget-image\" data-id=\"cc7e625\" data-element_type=\"widget\" data-widget_type=\"image.default\">\n\t\t\t\t\t\t\t\t\t\t\t\t\t\t\t<img decoding=\"async\" width=\"1024\" height=\"768\" src=\"https:\/\/ee.mlfmonde.org\/comilog\/wp-content\/uploads\/sites\/28\/2026\/03\/WhatsApp-Image-2026-03-19-at-10.52.37-1024x768.jpeg\" class=\"attachment-large size-large wp-image-3666\" alt=\"\" srcset=\"https:\/\/ee.mlfmonde.org\/comilog\/wp-content\/uploads\/sites\/28\/2026\/03\/WhatsApp-Image-2026-03-19-at-10.52.37-1024x768.jpeg 1024w, https:\/\/ee.mlfmonde.org\/comilog\/wp-content\/uploads\/sites\/28\/2026\/03\/WhatsApp-Image-2026-03-19-at-10.52.37-300x225.jpeg 300w, https:\/\/ee.mlfmonde.org\/comilog\/wp-content\/uploads\/sites\/28\/2026\/03\/WhatsApp-Image-2026-03-19-at-10.52.37-768x576.jpeg 768w, https:\/\/ee.mlfmonde.org\/comilog\/wp-content\/uploads\/sites\/28\/2026\/03\/WhatsApp-Image-2026-03-19-at-10.52.37-570x428.jpeg 570w, https:\/\/ee.mlfmonde.org\/comilog\/wp-content\/uploads\/sites\/28\/2026\/03\/WhatsApp-Image-2026-03-19-at-10.52.37.jpeg 1080w\" sizes=\"(max-width: 1024px) 100vw, 1024px\" \/>\t\t\t\t\t\t\t\t\t\t\t\t\t\t\t<\/div>\n\t\t\t\t<\/div>\n\t\t<div class=\"elementor-element elementor-element-be0d44f e-con-full e-flex e-con e-child\" data-id=\"be0d44f\" data-element_type=\"container\">\n\t\t\t\t<div class=\"elementor-element elementor-element-1b1af15 elementor-widget elementor-widget-text-editor\" data-id=\"1b1af15\" data-element_type=\"widget\" data-widget_type=\"text-editor.default\">\n\t\t\t\t\t\t\t\t\t<p>Cette \u00e9dition s\u2019est distingu\u00e9e par un dispositif innovant favorisant la coop\u00e9ration interg\u00e9n\u00e9rationnelle. Les participants \u00e9taient organis\u00e9s en \u00e9quipes de trois : un adulte de l\u2019\u00e9cole (enseignant),un \u00e9l\u00e8ve de la classe,un \u00e9l\u00e8ve d\u2019un autre niveau.Chaque groupe avait pour mission de concevoir une \u0153uvre artistique compos\u00e9e de trois \u00e9l\u00e9ments compl\u00e9mentaires: un v\u00eatement en trois dimensions, choisi ou cr\u00e9\u00e9 pour l\u2019occasion, une production visuelle au format A4 (dessin, peinture, collage ou photographie), un texte au format A4 en lien avec le v\u00eatement.<\/p>\t\t\t\t\t\t\t\t<\/div>\n\t\t\t\t<\/div>\n\t\t\t\t\t<\/div>\n\t\t\t\t<\/div>\n\t\t<div class=\"elementor-element elementor-element-a49574a e-flex e-con-boxed e-con e-parent\" data-id=\"a49574a\" data-element_type=\"container\">\n\t\t\t\t\t<div class=\"e-con-inner\">\n\t\t\t\t<div class=\"elementor-element elementor-element-cfd2ce5 elementor-widget elementor-widget-text-editor\" data-id=\"cfd2ce5\" data-element_type=\"widget\" data-widget_type=\"text-editor.default\">\n\t\t\t\t\t\t\t\t\t<p data-start=\"1845\" data-end=\"2058\">Au-del\u00e0 de l\u2019aspect artistique, cette activit\u00e9 a permis de renforcer les liens entre les \u00e9l\u00e8ves et les adultes, de valoriser l\u2019expression individuelle et de d\u00e9velopper le sentiment d\u2019appartenance \u00e0 une communaut\u00e9.<\/p><p data-start=\"2060\" data-end=\"2236\">Cette \u00e9dition anniversaire de <strong data-start=\"2090\" data-end=\"2131\"><span class=\"hover:entity-accent entity-underline inline cursor-pointer align-baseline\"><span class=\"whitespace-normal\">La Grande Lessive<\/span><\/span><\/strong> restera sans aucun doute un moment fort de partage, de cr\u00e9ativit\u00e9 et de convivialit\u00e9 au sein de l\u2019\u00e9cole.<\/p>\t\t\t\t\t\t\t\t<\/div>\n\t\t\t\t\t<\/div>\n\t\t\t\t<\/div>\n\t\t<div class=\"elementor-element elementor-element-91557c8 e-con-full animated-slow e-flex elementor-invisible e-con e-parent\" data-id=\"91557c8\" data-element_type=\"container\" data-settings=\"{&quot;animation&quot;:&quot;fadeInDown&quot;}\">\n\t\t\t\t<div class=\"elementor-element elementor-element-d733705 elementor-arrows-position-inside elementor-pagination-position-outside elementor-widget elementor-widget-image-carousel\" data-id=\"d733705\" data-element_type=\"widget\" data-settings=\"{&quot;navigation&quot;:&quot;both&quot;,&quot;autoplay&quot;:&quot;yes&quot;,&quot;pause_on_hover&quot;:&quot;yes&quot;,&quot;pause_on_interaction&quot;:&quot;yes&quot;,&quot;autoplay_speed&quot;:5000,&quot;infinite&quot;:&quot;yes&quot;,&quot;speed&quot;:500}\" data-widget_type=\"image-carousel.default\">\n\t\t\t\t\t\t\t<div class=\"elementor-image-carousel-wrapper swiper\" role=\"region\" aria-roledescription=\"carousel\" aria-label=\"Image Carousel\" dir=\"ltr\">\n\t\t\t<div class=\"elementor-image-carousel swiper-wrapper\" aria-live=\"off\">\n\t\t\t\t\t\t\t\t<div class=\"swiper-slide\" role=\"group\" aria-roledescription=\"slide\" aria-label=\"1 of 12\"><figure class=\"swiper-slide-inner\"><img decoding=\"async\" class=\"swiper-slide-image\" src=\"https:\/\/ee.mlfmonde.org\/comilog\/wp-content\/uploads\/sites\/28\/2026\/03\/WhatsApp-Image-2026-03-19-at-10.52.42.jpeg\" alt=\"WhatsApp Image 2026-03-19 at 10.52.42\" \/><\/figure><\/div><div class=\"swiper-slide\" role=\"group\" aria-roledescription=\"slide\" aria-label=\"2 of 12\"><figure class=\"swiper-slide-inner\"><img decoding=\"async\" class=\"swiper-slide-image\" src=\"https:\/\/ee.mlfmonde.org\/comilog\/wp-content\/uploads\/sites\/28\/2026\/03\/WhatsApp-Image-2026-03-19-at-10.52.42-1.jpeg\" alt=\"WhatsApp Image 2026-03-19 at 10.52.42 (1)\" \/><\/figure><\/div><div class=\"swiper-slide\" role=\"group\" aria-roledescription=\"slide\" aria-label=\"3 of 12\"><figure class=\"swiper-slide-inner\"><img decoding=\"async\" class=\"swiper-slide-image\" src=\"https:\/\/ee.mlfmonde.org\/comilog\/wp-content\/uploads\/sites\/28\/2026\/03\/WhatsApp-Image-2026-03-19-at-10.52.42-2.jpeg\" alt=\"WhatsApp Image 2026-03-19 at 10.52.42 (2)\" \/><\/figure><\/div><div class=\"swiper-slide\" role=\"group\" aria-roledescription=\"slide\" aria-label=\"4 of 12\"><figure class=\"swiper-slide-inner\"><img decoding=\"async\" class=\"swiper-slide-image\" src=\"https:\/\/ee.mlfmonde.org\/comilog\/wp-content\/uploads\/sites\/28\/2026\/03\/WhatsApp-Image-2026-03-19-at-10.52.43-1.jpeg\" alt=\"WhatsApp Image 2026-03-19 at 10.52.43 (1)\" \/><\/figure><\/div><div class=\"swiper-slide\" role=\"group\" aria-roledescription=\"slide\" aria-label=\"5 of 12\"><figure class=\"swiper-slide-inner\"><img decoding=\"async\" class=\"swiper-slide-image\" src=\"https:\/\/ee.mlfmonde.org\/comilog\/wp-content\/uploads\/sites\/28\/2026\/03\/WhatsApp-Image-2026-03-19-at-10.52.41.jpeg\" alt=\"WhatsApp Image 2026-03-19 at 10.52.41\" \/><\/figure><\/div><div class=\"swiper-slide\" role=\"group\" aria-roledescription=\"slide\" aria-label=\"6 of 12\"><figure class=\"swiper-slide-inner\"><img decoding=\"async\" class=\"swiper-slide-image\" src=\"https:\/\/ee.mlfmonde.org\/comilog\/wp-content\/uploads\/sites\/28\/2026\/03\/WhatsApp-Image-2026-03-19-at-10.52.41-2.jpeg\" alt=\"WhatsApp Image 2026-03-19 at 10.52.41 (2)\" \/><\/figure><\/div><div class=\"swiper-slide\" role=\"group\" aria-roledescription=\"slide\" aria-label=\"7 of 12\"><figure class=\"swiper-slide-inner\"><img decoding=\"async\" class=\"swiper-slide-image\" src=\"https:\/\/ee.mlfmonde.org\/comilog\/wp-content\/uploads\/sites\/28\/2026\/03\/WhatsApp-Image-2026-03-19-at-10.52.41-1.jpeg\" alt=\"WhatsApp Image 2026-03-19 at 10.52.41 (1)\" \/><\/figure><\/div><div class=\"swiper-slide\" role=\"group\" aria-roledescription=\"slide\" aria-label=\"8 of 12\"><figure class=\"swiper-slide-inner\"><img decoding=\"async\" class=\"swiper-slide-image\" src=\"https:\/\/ee.mlfmonde.org\/comilog\/wp-content\/uploads\/sites\/28\/2026\/03\/WhatsApp-Image-2026-03-19-at-10.52.35-1.jpeg\" alt=\"WhatsApp Image 2026-03-19 at 10.52.35 (1)\" \/><\/figure><\/div><div class=\"swiper-slide\" role=\"group\" aria-roledescription=\"slide\" aria-label=\"9 of 12\"><figure class=\"swiper-slide-inner\"><img decoding=\"async\" class=\"swiper-slide-image\" src=\"https:\/\/ee.mlfmonde.org\/comilog\/wp-content\/uploads\/sites\/28\/2026\/03\/WhatsApp-Image-2026-03-19-at-10.52.35.jpeg\" alt=\"WhatsApp Image 2026-03-19 at 10.52.35\" \/><\/figure><\/div><div class=\"swiper-slide\" role=\"group\" aria-roledescription=\"slide\" aria-label=\"10 of 12\"><figure class=\"swiper-slide-inner\"><img decoding=\"async\" class=\"swiper-slide-image\" src=\"https:\/\/ee.mlfmonde.org\/comilog\/wp-content\/uploads\/sites\/28\/2026\/03\/WhatsApp-Image-2026-03-19-at-10.52.34.jpeg\" alt=\"WhatsApp Image 2026-03-19 at 10.52.34\" \/><\/figure><\/div><div class=\"swiper-slide\" role=\"group\" aria-roledescription=\"slide\" aria-label=\"11 of 12\"><figure class=\"swiper-slide-inner\"><img decoding=\"async\" class=\"swiper-slide-image\" src=\"https:\/\/ee.mlfmonde.org\/comilog\/wp-content\/uploads\/sites\/28\/2026\/03\/WhatsApp-Image-2026-03-19-at-10.52.34-1.jpeg\" alt=\"WhatsApp Image 2026-03-19 at 10.52.34 (1)\" \/><\/figure><\/div><div class=\"swiper-slide\" role=\"group\" aria-roledescription=\"slide\" aria-label=\"12 of 12\"><figure class=\"swiper-slide-inner\"><img decoding=\"async\" class=\"swiper-slide-image\" src=\"https:\/\/ee.mlfmonde.org\/comilog\/wp-content\/uploads\/sites\/28\/2026\/03\/WhatsApp-Image-2026-03-19-at-10.52.39-1.jpeg\" alt=\"WhatsApp Image 2026-03-19 at 10.52.39 (1)\" \/><\/figure><\/div>\t\t\t<\/div>\n\t\t\t\t\t\t\t\t\t\t\t\t<div class=\"elementor-swiper-button elementor-swiper-button-prev\" role=\"button\" tabindex=\"0\">\n\t\t\t\t\t\t<svg aria-hidden=\"true\" class=\"e-font-icon-svg e-eicon-chevron-left\" viewBox=\"0 0 1000 1000\" xmlns=\"http:\/\/www.w3.org\/2000\/svg\"><path d=\"M646 125C629 125 613 133 604 142L308 442C296 454 292 471 292 487 292 504 296 521 308 533L604 854C617 867 629 875 646 875 663 875 679 871 692 858 704 846 713 829 713 812 713 796 708 779 692 767L438 487 692 225C700 217 708 204 708 187 708 171 704 154 692 142 675 129 663 125 646 125Z\"><\/path><\/svg>\t\t\t\t\t<\/div>\n\t\t\t\t\t<div class=\"elementor-swiper-button elementor-swiper-button-next\" role=\"button\" tabindex=\"0\">\n\t\t\t\t\t\t<svg aria-hidden=\"true\" class=\"e-font-icon-svg e-eicon-chevron-right\" viewBox=\"0 0 1000 1000\" xmlns=\"http:\/\/www.w3.org\/2000\/svg\"><path d=\"M696 533C708 521 713 504 713 487 713 471 708 454 696 446L400 146C388 133 375 125 354 125 338 125 325 129 313 142 300 154 292 171 292 187 292 204 296 221 308 233L563 492 304 771C292 783 288 800 288 817 288 833 296 850 308 863 321 871 338 875 354 875 371 875 388 867 400 854L696 533Z\"><\/path><\/svg>\t\t\t\t\t<\/div>\n\t\t\t\t\n\t\t\t\t\t\t\t\t\t<div class=\"swiper-pagination\"><\/div>\n\t\t\t\t\t\t\t\t\t<\/div>\n\t\t\t\t\t\t<\/div>\n\t\t\t\t<\/div>\n\t\t\t\t<\/div>\n\t\t","protected":false},"excerpt":{"rendered":"<p>\u00a0Le jeudi 19 mars 2026, l\u2019EPC et la MATCOM ont c\u00e9l\u00e9br\u00e9 avec enthousiasme une \u00e9dition exceptionnelle de La Grande Lessive,marquant ses 20 ann\u00e9es d\u2019existence. Pour cette occasion particuli\u00e8re, le th\u00e8me propos\u00e9, \u00ab Le jeu du Je-Nous \u00bb, a invit\u00e9 les \u00e9l\u00e8ves et les adultes \u00e0 r\u00e9fl\u00e9chir et \u00e0 cr\u00e9er autour de la relation entre l\u2019individu [&hellip;]<\/p>\n","protected":false},"author":166,"featured_media":0,"parent":0,"menu_order":0,"comment_status":"closed","ping_status":"closed","template":"","meta":{"_acf_changed":false,"footnotes":""},"class_list":["post-3595","page","type-page","status-publish","czr-hentry"],"acf":[],"_links":{"self":[{"href":"https:\/\/ee.mlfmonde.org\/comilog\/wp-json\/wp\/v2\/pages\/3595","targetHints":{"allow":["GET"]}}],"collection":[{"href":"https:\/\/ee.mlfmonde.org\/comilog\/wp-json\/wp\/v2\/pages"}],"about":[{"href":"https:\/\/ee.mlfmonde.org\/comilog\/wp-json\/wp\/v2\/types\/page"}],"author":[{"embeddable":true,"href":"https:\/\/ee.mlfmonde.org\/comilog\/wp-json\/wp\/v2\/users\/166"}],"replies":[{"embeddable":true,"href":"https:\/\/ee.mlfmonde.org\/comilog\/wp-json\/wp\/v2\/comments?post=3595"}],"version-history":[{"count":73,"href":"https:\/\/ee.mlfmonde.org\/comilog\/wp-json\/wp\/v2\/pages\/3595\/revisions"}],"predecessor-version":[{"id":4279,"href":"https:\/\/ee.mlfmonde.org\/comilog\/wp-json\/wp\/v2\/pages\/3595\/revisions\/4279"}],"wp:attachment":[{"href":"https:\/\/ee.mlfmonde.org\/comilog\/wp-json\/wp\/v2\/media?parent=3595"}],"curies":[{"name":"wp","href":"https:\/\/api.w.org\/{rel}","templated":true}]}}