{"id":3577,"date":"2026-02-18T16:22:39","date_gmt":"2026-02-18T16:22:39","guid":{"rendered":"https:\/\/ee.mlfmonde.org\/comilog\/?page_id=3577"},"modified":"2026-02-18T16:23:24","modified_gmt":"2026-02-18T16:23:24","slug":"carnaval-a-lecole-une-journee-haute-en-couleurs","status":"publish","type":"page","link":"https:\/\/ee.mlfmonde.org\/comilog\/carnaval-a-lecole-une-journee-haute-en-couleurs\/","title":{"rendered":"Carnaval \u00e0 l\u2019\u00e9cole : une journ\u00e9e haute en couleurs !"},"content":{"rendered":"\n<figure class=\"wp-block-gallery has-nested-images columns-default is-cropped wp-block-gallery-1 is-layout-flex wp-block-gallery-is-layout-flex\">\n<figure class=\"wp-block-image size-large\"><img fetchpriority=\"high\" decoding=\"async\" width=\"768\" height=\"1024\" data-id=\"3583\" src=\"https:\/\/ee.mlfmonde.org\/comilog\/wp-content\/uploads\/sites\/28\/2026\/02\/WhatsApp-Image-2026-02-17-at-17.10.14-768x1024.jpeg\" alt=\"\" class=\"wp-image-3583\" srcset=\"https:\/\/ee.mlfmonde.org\/comilog\/wp-content\/uploads\/sites\/28\/2026\/02\/WhatsApp-Image-2026-02-17-at-17.10.14-768x1024.jpeg 768w, https:\/\/ee.mlfmonde.org\/comilog\/wp-content\/uploads\/sites\/28\/2026\/02\/WhatsApp-Image-2026-02-17-at-17.10.14-225x300.jpeg 225w, https:\/\/ee.mlfmonde.org\/comilog\/wp-content\/uploads\/sites\/28\/2026\/02\/WhatsApp-Image-2026-02-17-at-17.10.14-1152x1536.jpeg 1152w, https:\/\/ee.mlfmonde.org\/comilog\/wp-content\/uploads\/sites\/28\/2026\/02\/WhatsApp-Image-2026-02-17-at-17.10.14-570x760.jpeg 570w, https:\/\/ee.mlfmonde.org\/comilog\/wp-content\/uploads\/sites\/28\/2026\/02\/WhatsApp-Image-2026-02-17-at-17.10.14.jpeg 1536w\" sizes=\"(max-width: 768px) 100vw, 768px\" \/><\/figure>\n\n\n\n<figure class=\"wp-block-image size-large\"><img decoding=\"async\" width=\"1024\" height=\"768\" data-id=\"3582\" src=\"https:\/\/ee.mlfmonde.org\/comilog\/wp-content\/uploads\/sites\/28\/2026\/02\/WhatsApp-Image-2026-02-17-at-18.35.36-1024x768.jpeg\" alt=\"\" class=\"wp-image-3582\" srcset=\"https:\/\/ee.mlfmonde.org\/comilog\/wp-content\/uploads\/sites\/28\/2026\/02\/WhatsApp-Image-2026-02-17-at-18.35.36-1024x768.jpeg 1024w, https:\/\/ee.mlfmonde.org\/comilog\/wp-content\/uploads\/sites\/28\/2026\/02\/WhatsApp-Image-2026-02-17-at-18.35.36-300x225.jpeg 300w, https:\/\/ee.mlfmonde.org\/comilog\/wp-content\/uploads\/sites\/28\/2026\/02\/WhatsApp-Image-2026-02-17-at-18.35.36-768x576.jpeg 768w, https:\/\/ee.mlfmonde.org\/comilog\/wp-content\/uploads\/sites\/28\/2026\/02\/WhatsApp-Image-2026-02-17-at-18.35.36-1536x1152.jpeg 1536w, https:\/\/ee.mlfmonde.org\/comilog\/wp-content\/uploads\/sites\/28\/2026\/02\/WhatsApp-Image-2026-02-17-at-18.35.36-570x428.jpeg 570w, https:\/\/ee.mlfmonde.org\/comilog\/wp-content\/uploads\/sites\/28\/2026\/02\/WhatsApp-Image-2026-02-17-at-18.35.36.jpeg 1600w\" sizes=\"(max-width: 1024px) 100vw, 1024px\" \/><\/figure>\n\n\n\n<figure class=\"wp-block-image size-large\"><img decoding=\"async\" width=\"712\" height=\"1024\" data-id=\"3581\" src=\"https:\/\/ee.mlfmonde.org\/comilog\/wp-content\/uploads\/sites\/28\/2026\/02\/WhatsApp-Image-2026-02-17-at-21.16.49-1-712x1024.jpeg\" alt=\"\" class=\"wp-image-3581\" srcset=\"https:\/\/ee.mlfmonde.org\/comilog\/wp-content\/uploads\/sites\/28\/2026\/02\/WhatsApp-Image-2026-02-17-at-21.16.49-1-712x1024.jpeg 712w, https:\/\/ee.mlfmonde.org\/comilog\/wp-content\/uploads\/sites\/28\/2026\/02\/WhatsApp-Image-2026-02-17-at-21.16.49-1-209x300.jpeg 209w, https:\/\/ee.mlfmonde.org\/comilog\/wp-content\/uploads\/sites\/28\/2026\/02\/WhatsApp-Image-2026-02-17-at-21.16.49-1-570x820.jpeg 570w, https:\/\/ee.mlfmonde.org\/comilog\/wp-content\/uploads\/sites\/28\/2026\/02\/WhatsApp-Image-2026-02-17-at-21.16.49-1.jpeg 762w\" sizes=\"(max-width: 712px) 100vw, 712px\" \/><\/figure>\n<\/figure>\n\n\n\n<p class=\"has-medium-font-size\">L\u2019\u00e9cole a vibr\u00e9 au rythme du carnaval lors d\u2019une journ\u00e9e festive et conviviale qui a rassembl\u00e9 \u00e9l\u00e8ves, enseignants, membres du personnel\u2026 sous le regard \u00e9merveill\u00e9 des parents venus partager ce moment de joie.<\/p>\n\n\n\n<p class=\"has-medium-font-size\">D\u00e8s le matin, les \u00e9l\u00e8ves sont arriv\u00e9s costum\u00e9s avec cr\u00e9ativit\u00e9 et enthousiasme : super-h\u00e9ros, princesses, animaux, personnages de contes et bien d\u2019autres d\u00e9guisements ont illumin\u00e9 la cour de r\u00e9cr\u00e9ation. Chaque classe a particip\u00e9 \u00e0 un d\u00e9fil\u00e9, permettant \u00e0 chacun de pr\u00e9senter son costume sous les applaudissements chaleureux du public.<\/p>\n\n\n\n<figure class=\"wp-block-gallery has-nested-images columns-default is-cropped wp-block-gallery-2 is-layout-flex wp-block-gallery-is-layout-flex\">\n<figure class=\"wp-block-image size-large\"><img loading=\"lazy\" decoding=\"async\" width=\"1024\" height=\"768\" data-id=\"3572\" src=\"https:\/\/ee.mlfmonde.org\/comilog\/wp-content\/uploads\/sites\/28\/2026\/02\/WhatsApp-Image-2026-02-12-at-12.43.42-1024x768.jpeg\" alt=\"\" class=\"wp-image-3572\" srcset=\"https:\/\/ee.mlfmonde.org\/comilog\/wp-content\/uploads\/sites\/28\/2026\/02\/WhatsApp-Image-2026-02-12-at-12.43.42-1024x768.jpeg 1024w, https:\/\/ee.mlfmonde.org\/comilog\/wp-content\/uploads\/sites\/28\/2026\/02\/WhatsApp-Image-2026-02-12-at-12.43.42-300x225.jpeg 300w, https:\/\/ee.mlfmonde.org\/comilog\/wp-content\/uploads\/sites\/28\/2026\/02\/WhatsApp-Image-2026-02-12-at-12.43.42-768x576.jpeg 768w, https:\/\/ee.mlfmonde.org\/comilog\/wp-content\/uploads\/sites\/28\/2026\/02\/WhatsApp-Image-2026-02-12-at-12.43.42-570x428.jpeg 570w, https:\/\/ee.mlfmonde.org\/comilog\/wp-content\/uploads\/sites\/28\/2026\/02\/WhatsApp-Image-2026-02-12-at-12.43.42.jpeg 1080w\" sizes=\"(max-width: 1024px) 100vw, 1024px\" \/><\/figure>\n\n\n\n<figure class=\"wp-block-image size-large\"><img loading=\"lazy\" decoding=\"async\" width=\"1024\" height=\"768\" data-id=\"3571\" src=\"https:\/\/ee.mlfmonde.org\/comilog\/wp-content\/uploads\/sites\/28\/2026\/02\/WhatsApp-Image-2026-02-12-at-12.43.44-1024x768.jpeg\" alt=\"\" class=\"wp-image-3571\" srcset=\"https:\/\/ee.mlfmonde.org\/comilog\/wp-content\/uploads\/sites\/28\/2026\/02\/WhatsApp-Image-2026-02-12-at-12.43.44-1024x768.jpeg 1024w, https:\/\/ee.mlfmonde.org\/comilog\/wp-content\/uploads\/sites\/28\/2026\/02\/WhatsApp-Image-2026-02-12-at-12.43.44-300x225.jpeg 300w, https:\/\/ee.mlfmonde.org\/comilog\/wp-content\/uploads\/sites\/28\/2026\/02\/WhatsApp-Image-2026-02-12-at-12.43.44-768x576.jpeg 768w, https:\/\/ee.mlfmonde.org\/comilog\/wp-content\/uploads\/sites\/28\/2026\/02\/WhatsApp-Image-2026-02-12-at-12.43.44-570x428.jpeg 570w, https:\/\/ee.mlfmonde.org\/comilog\/wp-content\/uploads\/sites\/28\/2026\/02\/WhatsApp-Image-2026-02-12-at-12.43.44.jpeg 1080w\" sizes=\"(max-width: 1024px) 100vw, 1024px\" \/><\/figure>\n\n\n\n<figure class=\"wp-block-image size-large\"><img loading=\"lazy\" decoding=\"async\" width=\"1024\" height=\"768\" data-id=\"3570\" src=\"https:\/\/ee.mlfmonde.org\/comilog\/wp-content\/uploads\/sites\/28\/2026\/02\/WhatsApp-Image-2026-02-12-at-12.47.44-1024x768.jpeg\" alt=\"\" class=\"wp-image-3570\" srcset=\"https:\/\/ee.mlfmonde.org\/comilog\/wp-content\/uploads\/sites\/28\/2026\/02\/WhatsApp-Image-2026-02-12-at-12.47.44-1024x768.jpeg 1024w, https:\/\/ee.mlfmonde.org\/comilog\/wp-content\/uploads\/sites\/28\/2026\/02\/WhatsApp-Image-2026-02-12-at-12.47.44-300x225.jpeg 300w, https:\/\/ee.mlfmonde.org\/comilog\/wp-content\/uploads\/sites\/28\/2026\/02\/WhatsApp-Image-2026-02-12-at-12.47.44-768x576.jpeg 768w, https:\/\/ee.mlfmonde.org\/comilog\/wp-content\/uploads\/sites\/28\/2026\/02\/WhatsApp-Image-2026-02-12-at-12.47.44-570x428.jpeg 570w, https:\/\/ee.mlfmonde.org\/comilog\/wp-content\/uploads\/sites\/28\/2026\/02\/WhatsApp-Image-2026-02-12-at-12.47.44.jpeg 1080w\" sizes=\"(max-width: 1024px) 100vw, 1024px\" \/><\/figure>\n\n\n\n<figure class=\"wp-block-image size-large\"><img loading=\"lazy\" decoding=\"async\" width=\"1024\" height=\"768\" data-id=\"3569\" src=\"https:\/\/ee.mlfmonde.org\/comilog\/wp-content\/uploads\/sites\/28\/2026\/02\/WhatsApp-Image-2026-02-12-at-12.47.44-1-1024x768.jpeg\" alt=\"\" class=\"wp-image-3569\" srcset=\"https:\/\/ee.mlfmonde.org\/comilog\/wp-content\/uploads\/sites\/28\/2026\/02\/WhatsApp-Image-2026-02-12-at-12.47.44-1-1024x768.jpeg 1024w, https:\/\/ee.mlfmonde.org\/comilog\/wp-content\/uploads\/sites\/28\/2026\/02\/WhatsApp-Image-2026-02-12-at-12.47.44-1-300x225.jpeg 300w, https:\/\/ee.mlfmonde.org\/comilog\/wp-content\/uploads\/sites\/28\/2026\/02\/WhatsApp-Image-2026-02-12-at-12.47.44-1-768x576.jpeg 768w, https:\/\/ee.mlfmonde.org\/comilog\/wp-content\/uploads\/sites\/28\/2026\/02\/WhatsApp-Image-2026-02-12-at-12.47.44-1-570x428.jpeg 570w, https:\/\/ee.mlfmonde.org\/comilog\/wp-content\/uploads\/sites\/28\/2026\/02\/WhatsApp-Image-2026-02-12-at-12.47.44-1.jpeg 1080w\" sizes=\"(max-width: 1024px) 100vw, 1024px\" \/><\/figure>\n\n\n\n<figure class=\"wp-block-image size-large\"><img loading=\"lazy\" decoding=\"async\" width=\"1024\" height=\"768\" data-id=\"3560\" src=\"https:\/\/ee.mlfmonde.org\/comilog\/wp-content\/uploads\/sites\/28\/2026\/02\/WhatsApp-Image-2026-02-12-at-12.32.53-1024x768.jpeg\" alt=\"\" class=\"wp-image-3560\" srcset=\"https:\/\/ee.mlfmonde.org\/comilog\/wp-content\/uploads\/sites\/28\/2026\/02\/WhatsApp-Image-2026-02-12-at-12.32.53-1024x768.jpeg 1024w, https:\/\/ee.mlfmonde.org\/comilog\/wp-content\/uploads\/sites\/28\/2026\/02\/WhatsApp-Image-2026-02-12-at-12.32.53-300x225.jpeg 300w, https:\/\/ee.mlfmonde.org\/comilog\/wp-content\/uploads\/sites\/28\/2026\/02\/WhatsApp-Image-2026-02-12-at-12.32.53-768x576.jpeg 768w, https:\/\/ee.mlfmonde.org\/comilog\/wp-content\/uploads\/sites\/28\/2026\/02\/WhatsApp-Image-2026-02-12-at-12.32.53-570x428.jpeg 570w, https:\/\/ee.mlfmonde.org\/comilog\/wp-content\/uploads\/sites\/28\/2026\/02\/WhatsApp-Image-2026-02-12-at-12.32.53.jpeg 1080w\" sizes=\"(max-width: 1024px) 100vw, 1024px\" \/><\/figure>\n\n\n\n<figure class=\"wp-block-image size-large\"><img loading=\"lazy\" decoding=\"async\" width=\"1024\" height=\"768\" data-id=\"3561\" src=\"https:\/\/ee.mlfmonde.org\/comilog\/wp-content\/uploads\/sites\/28\/2026\/02\/WhatsApp-Image-2026-02-12-at-12.33.05-1-1024x768.jpeg\" alt=\"\" class=\"wp-image-3561\" srcset=\"https:\/\/ee.mlfmonde.org\/comilog\/wp-content\/uploads\/sites\/28\/2026\/02\/WhatsApp-Image-2026-02-12-at-12.33.05-1-1024x768.jpeg 1024w, https:\/\/ee.mlfmonde.org\/comilog\/wp-content\/uploads\/sites\/28\/2026\/02\/WhatsApp-Image-2026-02-12-at-12.33.05-1-300x225.jpeg 300w, https:\/\/ee.mlfmonde.org\/comilog\/wp-content\/uploads\/sites\/28\/2026\/02\/WhatsApp-Image-2026-02-12-at-12.33.05-1-768x576.jpeg 768w, https:\/\/ee.mlfmonde.org\/comilog\/wp-content\/uploads\/sites\/28\/2026\/02\/WhatsApp-Image-2026-02-12-at-12.33.05-1-570x428.jpeg 570w, https:\/\/ee.mlfmonde.org\/comilog\/wp-content\/uploads\/sites\/28\/2026\/02\/WhatsApp-Image-2026-02-12-at-12.33.05-1.jpeg 1080w\" sizes=\"(max-width: 1024px) 100vw, 1024px\" \/><\/figure>\n\n\n\n<figure class=\"wp-block-image size-large\"><img loading=\"lazy\" decoding=\"async\" width=\"1024\" height=\"768\" data-id=\"3562\" src=\"https:\/\/ee.mlfmonde.org\/comilog\/wp-content\/uploads\/sites\/28\/2026\/02\/WhatsApp-Image-2026-02-12-at-12.33.05-1024x768.jpeg\" alt=\"\" class=\"wp-image-3562\" srcset=\"https:\/\/ee.mlfmonde.org\/comilog\/wp-content\/uploads\/sites\/28\/2026\/02\/WhatsApp-Image-2026-02-12-at-12.33.05-1024x768.jpeg 1024w, https:\/\/ee.mlfmonde.org\/comilog\/wp-content\/uploads\/sites\/28\/2026\/02\/WhatsApp-Image-2026-02-12-at-12.33.05-300x225.jpeg 300w, https:\/\/ee.mlfmonde.org\/comilog\/wp-content\/uploads\/sites\/28\/2026\/02\/WhatsApp-Image-2026-02-12-at-12.33.05-768x576.jpeg 768w, https:\/\/ee.mlfmonde.org\/comilog\/wp-content\/uploads\/sites\/28\/2026\/02\/WhatsApp-Image-2026-02-12-at-12.33.05-570x428.jpeg 570w, https:\/\/ee.mlfmonde.org\/comilog\/wp-content\/uploads\/sites\/28\/2026\/02\/WhatsApp-Image-2026-02-12-at-12.33.05.jpeg 1080w\" sizes=\"(max-width: 1024px) 100vw, 1024px\" \/><\/figure>\n\n\n\n<figure class=\"wp-block-image size-large\"><img loading=\"lazy\" decoding=\"async\" width=\"1024\" height=\"768\" data-id=\"3563\" src=\"https:\/\/ee.mlfmonde.org\/comilog\/wp-content\/uploads\/sites\/28\/2026\/02\/WhatsApp-Image-2026-02-12-at-12.33.07-1024x768.jpeg\" alt=\"\" class=\"wp-image-3563\" srcset=\"https:\/\/ee.mlfmonde.org\/comilog\/wp-content\/uploads\/sites\/28\/2026\/02\/WhatsApp-Image-2026-02-12-at-12.33.07-1024x768.jpeg 1024w, https:\/\/ee.mlfmonde.org\/comilog\/wp-content\/uploads\/sites\/28\/2026\/02\/WhatsApp-Image-2026-02-12-at-12.33.07-300x225.jpeg 300w, https:\/\/ee.mlfmonde.org\/comilog\/wp-content\/uploads\/sites\/28\/2026\/02\/WhatsApp-Image-2026-02-12-at-12.33.07-768x576.jpeg 768w, https:\/\/ee.mlfmonde.org\/comilog\/wp-content\/uploads\/sites\/28\/2026\/02\/WhatsApp-Image-2026-02-12-at-12.33.07-570x428.jpeg 570w, https:\/\/ee.mlfmonde.org\/comilog\/wp-content\/uploads\/sites\/28\/2026\/02\/WhatsApp-Image-2026-02-12-at-12.33.07.jpeg 1080w\" sizes=\"(max-width: 1024px) 100vw, 1024px\" \/><\/figure>\n<\/figure>\n\n\n\n<p class=\"has-medium-font-size\">Le carnaval est bien plus qu\u2019un moment festif : il permet aux \u00e9l\u00e8ves de d\u00e9velopper leur imagination, de prendre confiance en eux et de vivre une exp\u00e9rience collective inoubliable.<\/p>\n\n\n\n<p class=\"has-medium-font-size\">Un grand merci \u00e0 toute l\u2019\u00e9quipe \u00e9ducative ainsi qu\u2019aux parents pour leur pr\u00e9sence et leur implication dans la r\u00e9ussite de cette belle journ\u00e9e<\/p>\n\n\n\n<p><\/p>\n","protected":false},"excerpt":{"rendered":"<p>L\u2019\u00e9cole a vibr\u00e9 au rythme du carnaval lors d\u2019une journ\u00e9e festive et conviviale qui a rassembl\u00e9 \u00e9l\u00e8ves, enseignants, membres du personnel\u2026 sous le regard \u00e9merveill\u00e9 des parents venus partager ce moment de joie. D\u00e8s le matin, les \u00e9l\u00e8ves sont arriv\u00e9s costum\u00e9s avec cr\u00e9ativit\u00e9 et enthousiasme : super-h\u00e9ros, princesses, animaux, personnages de contes et bien d\u2019autres [&hellip;]<\/p>\n","protected":false},"author":166,"featured_media":3580,"parent":0,"menu_order":0,"comment_status":"closed","ping_status":"closed","template":"","meta":{"_acf_changed":false,"footnotes":""},"class_list":["post-3577","page","type-page","status-publish","has-post-thumbnail","czr-hentry"],"acf":[],"_links":{"self":[{"href":"https:\/\/ee.mlfmonde.org\/comilog\/wp-json\/wp\/v2\/pages\/3577","targetHints":{"allow":["GET"]}}],"collection":[{"href":"https:\/\/ee.mlfmonde.org\/comilog\/wp-json\/wp\/v2\/pages"}],"about":[{"href":"https:\/\/ee.mlfmonde.org\/comilog\/wp-json\/wp\/v2\/types\/page"}],"author":[{"embeddable":true,"href":"https:\/\/ee.mlfmonde.org\/comilog\/wp-json\/wp\/v2\/users\/166"}],"replies":[{"embeddable":true,"href":"https:\/\/ee.mlfmonde.org\/comilog\/wp-json\/wp\/v2\/comments?post=3577"}],"version-history":[{"count":2,"href":"https:\/\/ee.mlfmonde.org\/comilog\/wp-json\/wp\/v2\/pages\/3577\/revisions"}],"predecessor-version":[{"id":3584,"href":"https:\/\/ee.mlfmonde.org\/comilog\/wp-json\/wp\/v2\/pages\/3577\/revisions\/3584"}],"wp:featuredmedia":[{"embeddable":true,"href":"https:\/\/ee.mlfmonde.org\/comilog\/wp-json\/wp\/v2\/media\/3580"}],"wp:attachment":[{"href":"https:\/\/ee.mlfmonde.org\/comilog\/wp-json\/wp\/v2\/media?parent=3577"}],"curies":[{"name":"wp","href":"https:\/\/api.w.org\/{rel}","templated":true}]}}