{"id":3253,"date":"2025-11-12T16:40:25","date_gmt":"2025-11-12T16:40:25","guid":{"rendered":"https:\/\/ee.mlfmonde.org\/comilog\/?page_id=3253"},"modified":"2025-11-12T16:41:53","modified_gmt":"2025-11-12T16:41:53","slug":"les-ce2b-disent-stop-au-harcelement","status":"publish","type":"page","link":"https:\/\/ee.mlfmonde.org\/comilog\/les-ce2b-disent-stop-au-harcelement\/","title":{"rendered":"Les CE2B disent STOP au harc\u00e8lement."},"content":{"rendered":"\n<p class=\"has-medium-font-size\">\u00c0 l\u2019occasion de la Journ\u00e9e de la lutte contre le harc\u00e8lement scolaire, les \u00e9l\u00e8ves de CE2B ont plong\u00e9 le regard au c\u0153ur d\u2019un sujet grave, trop souvent tu.<br>Pendant la matin\u00e9e du 6 novembre 2025, la classe a d\u00e9battu, \u00e9chang\u00e9, visionn\u00e9 des vid\u00e9os, partag\u00e9 des histoires et des \u00e9motions.<br>Et peu \u00e0 peu, les mots se sont d\u00e9li\u00e9s\u2026<br>Les confidences ont surgi, parfois timides, parfois bouleversantes.<br>On d\u00e9couvre alors qu\u2019\u00e0 seulement huit ou neuf ans, beaucoup d\u2019enfants ont d\u00e9j\u00e0 connu, de pr\u00e8s ou de loin, la douleur du harc\u00e8lement.<\/p>\n\n\n\n<p class=\"has-medium-font-size\">De cette prise de conscience est n\u00e9e une belle lumi\u00e8re : celle de la solidarit\u00e9, du respect et du courage.<br>Ensemble, les \u00e9l\u00e8ves ont voulu transformer leurs \u00e9motions en action.<br>Avec beaucoup de c\u0153ur, ils ont \u00e9crit, jou\u00e9 et r\u00e9alis\u00e9 un clip plein de sinc\u00e9rit\u00e9, un cri du c\u0153ur contre la m\u00e9chancet\u00e9 et l\u2019indiff\u00e9rence.<\/p>\n\n\n\n<div class=\"wp-block-media-text is-stacked-on-mobile\" style=\"grid-template-columns:75% auto\"><figure class=\"wp-block-media-text__media\"><video controls src=\"http:\/\/ee.mlfmonde.org\/comilog\/wp-content\/uploads\/sites\/28\/2025\/11\/WhatsApp-Video-2025-11-10-a-23.59.54_a19391e5.mp4\"><\/video><\/figure><div class=\"wp-block-media-text__content\">\n<p class=\"has-medium-font-size\">Ils ont appris qu\u2019un sourire peut apaiser, qu\u2019une main tendue peut tout changer,<br>et que dire \u201cnon\u201d \u00e0 la violence, c\u2019est d\u00e9j\u00e0 faire un pas vers un monde meilleur.<\/p>\n<\/div><\/div>\n\n\n\n<p class=\"has-medium-font-size\"><\/p>\n\n\n\n<p class=\"has-medium-font-size\">\u00ab&nbsp;Je suis extr\u00eamement fi\u00e8re de mes \u00e9l\u00e8ves. Ils ont prouv\u00e9 qu\u2019on peut \u00eatre petit, mais avoir un tr\u00e8s grand c\u0153ur et qu\u2019ensemble, on peut dire haut et fort :<br>STOP \u270b au harc\u00e8lement.&nbsp;\u00bb<\/p>\n\n\n\n<p class=\"has-medium-font-size\">Prisca BONNETTI<br>Enseignante&nbsp;de&nbsp;CE2B<\/p>\n\n\n\n<p><\/p>\n","protected":false},"excerpt":{"rendered":"<p>\u00c0 l\u2019occasion de la Journ\u00e9e de la lutte contre le harc\u00e8lement scolaire, les \u00e9l\u00e8ves de CE2B ont plong\u00e9 le regard au c\u0153ur d\u2019un sujet grave, trop souvent tu.Pendant la matin\u00e9e du 6 novembre 2025, la classe a d\u00e9battu, \u00e9chang\u00e9, visionn\u00e9 des vid\u00e9os, partag\u00e9 des histoires et des \u00e9motions.Et peu \u00e0 peu, les mots se sont [&hellip;]<\/p>\n","protected":false},"author":166,"featured_media":0,"parent":0,"menu_order":0,"comment_status":"closed","ping_status":"closed","template":"","meta":{"_acf_changed":false,"footnotes":""},"class_list":["post-3253","page","type-page","status-publish","czr-hentry"],"acf":[],"_links":{"self":[{"href":"https:\/\/ee.mlfmonde.org\/comilog\/wp-json\/wp\/v2\/pages\/3253","targetHints":{"allow":["GET"]}}],"collection":[{"href":"https:\/\/ee.mlfmonde.org\/comilog\/wp-json\/wp\/v2\/pages"}],"about":[{"href":"https:\/\/ee.mlfmonde.org\/comilog\/wp-json\/wp\/v2\/types\/page"}],"author":[{"embeddable":true,"href":"https:\/\/ee.mlfmonde.org\/comilog\/wp-json\/wp\/v2\/users\/166"}],"replies":[{"embeddable":true,"href":"https:\/\/ee.mlfmonde.org\/comilog\/wp-json\/wp\/v2\/comments?post=3253"}],"version-history":[{"count":4,"href":"https:\/\/ee.mlfmonde.org\/comilog\/wp-json\/wp\/v2\/pages\/3253\/revisions"}],"predecessor-version":[{"id":3267,"href":"https:\/\/ee.mlfmonde.org\/comilog\/wp-json\/wp\/v2\/pages\/3253\/revisions\/3267"}],"wp:attachment":[{"href":"https:\/\/ee.mlfmonde.org\/comilog\/wp-json\/wp\/v2\/media?parent=3253"}],"curies":[{"name":"wp","href":"https:\/\/api.w.org\/{rel}","templated":true}]}}