{"id":2975,"date":"2025-07-02T15:18:58","date_gmt":"2025-07-02T15:18:58","guid":{"rendered":"https:\/\/ee.mlfmonde.org\/comilog\/?page_id=2975"},"modified":"2025-07-02T15:32:21","modified_gmt":"2025-07-02T15:32:21","slug":"%f0%9f%8e%ad-pas-pareils-et-alors-une-piece-engagee-et-creative","status":"publish","type":"page","link":"https:\/\/ee.mlfmonde.org\/comilog\/%f0%9f%8e%ad-pas-pareils-et-alors-une-piece-engagee-et-creative\/","title":{"rendered":"\ud83c\udfad Pas pareils\u202f? Et alors\u202f? : une pi\u00e8ce engag\u00e9e et cr\u00e9ative"},"content":{"rendered":"\n<p><\/p>\n\n\n\n<div class=\"wp-block-media-text is-image-fill\" style=\"grid-template-columns:34% auto\"><figure class=\"wp-block-media-text__media\" style=\"background-image:url(http:\/\/ee.mlfmonde.org\/comilog\/wp-content\/uploads\/sites\/28\/2025\/07\/WhatsApp-Image-2025-06-19-a-21.42.54_a816cb44-687x1024.jpg);background-position:50% 50%\"><img fetchpriority=\"high\" decoding=\"async\" width=\"687\" height=\"1024\" src=\"http:\/\/ee.mlfmonde.org\/comilog\/wp-content\/uploads\/sites\/28\/2025\/07\/WhatsApp-Image-2025-06-19-a-21.42.54_a816cb44-687x1024.jpg\" alt=\"\" class=\"wp-image-2983 size-full\" srcset=\"https:\/\/ee.mlfmonde.org\/comilog\/wp-content\/uploads\/sites\/28\/2025\/07\/WhatsApp-Image-2025-06-19-a-21.42.54_a816cb44-687x1024.jpg 687w, https:\/\/ee.mlfmonde.org\/comilog\/wp-content\/uploads\/sites\/28\/2025\/07\/WhatsApp-Image-2025-06-19-a-21.42.54_a816cb44-201x300.jpg 201w, https:\/\/ee.mlfmonde.org\/comilog\/wp-content\/uploads\/sites\/28\/2025\/07\/WhatsApp-Image-2025-06-19-a-21.42.54_a816cb44-570x850.jpg 570w, https:\/\/ee.mlfmonde.org\/comilog\/wp-content\/uploads\/sites\/28\/2025\/07\/WhatsApp-Image-2025-06-19-a-21.42.54_a816cb44.jpg 733w\" sizes=\"(max-width: 687px) 100vw, 687px\" \/><\/figure><div class=\"wp-block-media-text__content\">\n<p class=\"has-medium-font-size\">Pas pareils\u202f? Et alors\u202f? : une pi\u00e8ce engag\u00e9e et cr\u00e9ative<\/p>\n<\/div><\/div>\n\n\n\n<p class=\"has-medium-font-size\">Cette ann\u00e9e, j&#8217;ai eu le plaisir d&#8217;\u00e9crire une pi\u00e8ce de th\u00e9\u00e2tre sp\u00e9cialement con\u00e7ue pour mes \u00e9l\u00e8ves de CE2. Ce projet a \u00e9t\u00e9 pens\u00e9 en lien avec les grands th\u00e8mes que nous avons abord\u00e9s tout au long de l&#8217;ann\u00e9e : l&#8217;acceptation des diff\u00e9rences, la lutte contre le harc\u00e8lement scolaire et la tol\u00e9rance.<\/p>\n\n\n\n<p><\/p>\n\n\n\n<p class=\"has-medium-font-size\">Au-del\u00e0 de ces valeurs essentielles, cette pi\u00e8ce m&#8217;a permis d&#8217;int\u00e9grer des notions du programme, notamment en sciences et en g\u00e9ographie.La pr\u00e9paration de la pi\u00e8ce nous a ainsi permis de travailler de mani\u00e8re transversale : en fran\u00e7ais \u00e0 travers l&#8217;atelier lecture, en arts plastiques pour la cr\u00e9ation des d\u00e9cors et des costumes, et bien s\u00fbr en expression orale gr\u00e2ce \u00e0 la mise en sc\u00e8ne.<\/p>\n\n\n\n<figure class=\"wp-block-gallery has-nested-images columns-default is-cropped wp-block-gallery-1 is-layout-flex wp-block-gallery-is-layout-flex\">\n<figure class=\"wp-block-image size-large\"><img decoding=\"async\" width=\"1024\" height=\"768\" data-id=\"2982\" src=\"https:\/\/ee.mlfmonde.org\/comilog\/wp-content\/uploads\/sites\/28\/2025\/07\/IMG-20250619-WA0064-1024x768.jpg\" alt=\"\" class=\"wp-image-2982\" srcset=\"https:\/\/ee.mlfmonde.org\/comilog\/wp-content\/uploads\/sites\/28\/2025\/07\/IMG-20250619-WA0064-1024x768.jpg 1024w, https:\/\/ee.mlfmonde.org\/comilog\/wp-content\/uploads\/sites\/28\/2025\/07\/IMG-20250619-WA0064-300x225.jpg 300w, https:\/\/ee.mlfmonde.org\/comilog\/wp-content\/uploads\/sites\/28\/2025\/07\/IMG-20250619-WA0064-768x576.jpg 768w, https:\/\/ee.mlfmonde.org\/comilog\/wp-content\/uploads\/sites\/28\/2025\/07\/IMG-20250619-WA0064-570x428.jpg 570w, https:\/\/ee.mlfmonde.org\/comilog\/wp-content\/uploads\/sites\/28\/2025\/07\/IMG-20250619-WA0064.jpg 1080w\" sizes=\"(max-width: 1024px) 100vw, 1024px\" \/><\/figure>\n\n\n\n<figure class=\"wp-block-image size-large\"><img decoding=\"async\" width=\"768\" height=\"1024\" data-id=\"2980\" src=\"https:\/\/ee.mlfmonde.org\/comilog\/wp-content\/uploads\/sites\/28\/2025\/07\/IMG-20250619-WA0062-768x1024.jpg\" alt=\"\" class=\"wp-image-2980\" srcset=\"https:\/\/ee.mlfmonde.org\/comilog\/wp-content\/uploads\/sites\/28\/2025\/07\/IMG-20250619-WA0062-768x1024.jpg 768w, https:\/\/ee.mlfmonde.org\/comilog\/wp-content\/uploads\/sites\/28\/2025\/07\/IMG-20250619-WA0062-225x300.jpg 225w, https:\/\/ee.mlfmonde.org\/comilog\/wp-content\/uploads\/sites\/28\/2025\/07\/IMG-20250619-WA0062-570x760.jpg 570w, https:\/\/ee.mlfmonde.org\/comilog\/wp-content\/uploads\/sites\/28\/2025\/07\/IMG-20250619-WA0062.jpg 810w\" sizes=\"(max-width: 768px) 100vw, 768px\" \/><\/figure>\n\n\n\n<figure class=\"wp-block-image size-large\"><img loading=\"lazy\" decoding=\"async\" width=\"1024\" height=\"768\" data-id=\"2979\" src=\"https:\/\/ee.mlfmonde.org\/comilog\/wp-content\/uploads\/sites\/28\/2025\/07\/IMG-20250619-WA0061-1024x768.jpg\" alt=\"\" class=\"wp-image-2979\" srcset=\"https:\/\/ee.mlfmonde.org\/comilog\/wp-content\/uploads\/sites\/28\/2025\/07\/IMG-20250619-WA0061-1024x768.jpg 1024w, https:\/\/ee.mlfmonde.org\/comilog\/wp-content\/uploads\/sites\/28\/2025\/07\/IMG-20250619-WA0061-300x225.jpg 300w, https:\/\/ee.mlfmonde.org\/comilog\/wp-content\/uploads\/sites\/28\/2025\/07\/IMG-20250619-WA0061-768x576.jpg 768w, https:\/\/ee.mlfmonde.org\/comilog\/wp-content\/uploads\/sites\/28\/2025\/07\/IMG-20250619-WA0061-570x428.jpg 570w, https:\/\/ee.mlfmonde.org\/comilog\/wp-content\/uploads\/sites\/28\/2025\/07\/IMG-20250619-WA0061.jpg 1080w\" sizes=\"(max-width: 1024px) 100vw, 1024px\" \/><\/figure>\n\n\n\n<figure class=\"wp-block-image size-large\"><img loading=\"lazy\" decoding=\"async\" width=\"768\" height=\"1024\" data-id=\"2977\" src=\"https:\/\/ee.mlfmonde.org\/comilog\/wp-content\/uploads\/sites\/28\/2025\/07\/IMG-20250619-WA0059-768x1024.jpg\" alt=\"\" class=\"wp-image-2977\" srcset=\"https:\/\/ee.mlfmonde.org\/comilog\/wp-content\/uploads\/sites\/28\/2025\/07\/IMG-20250619-WA0059-768x1024.jpg 768w, https:\/\/ee.mlfmonde.org\/comilog\/wp-content\/uploads\/sites\/28\/2025\/07\/IMG-20250619-WA0059-225x300.jpg 225w, https:\/\/ee.mlfmonde.org\/comilog\/wp-content\/uploads\/sites\/28\/2025\/07\/IMG-20250619-WA0059-570x760.jpg 570w, https:\/\/ee.mlfmonde.org\/comilog\/wp-content\/uploads\/sites\/28\/2025\/07\/IMG-20250619-WA0059.jpg 810w\" sizes=\"(max-width: 768px) 100vw, 768px\" \/><\/figure>\n\n\n\n<figure class=\"wp-block-image size-large\"><img loading=\"lazy\" decoding=\"async\" width=\"1024\" height=\"768\" data-id=\"2976\" src=\"https:\/\/ee.mlfmonde.org\/comilog\/wp-content\/uploads\/sites\/28\/2025\/07\/IMG-20250619-WA0058-1024x768.jpg\" alt=\"\" class=\"wp-image-2976\" srcset=\"https:\/\/ee.mlfmonde.org\/comilog\/wp-content\/uploads\/sites\/28\/2025\/07\/IMG-20250619-WA0058-1024x768.jpg 1024w, https:\/\/ee.mlfmonde.org\/comilog\/wp-content\/uploads\/sites\/28\/2025\/07\/IMG-20250619-WA0058-300x225.jpg 300w, https:\/\/ee.mlfmonde.org\/comilog\/wp-content\/uploads\/sites\/28\/2025\/07\/IMG-20250619-WA0058-768x576.jpg 768w, https:\/\/ee.mlfmonde.org\/comilog\/wp-content\/uploads\/sites\/28\/2025\/07\/IMG-20250619-WA0058-570x428.jpg 570w, https:\/\/ee.mlfmonde.org\/comilog\/wp-content\/uploads\/sites\/28\/2025\/07\/IMG-20250619-WA0058.jpg 1080w\" sizes=\"(max-width: 1024px) 100vw, 1024px\" \/><\/figure>\n\n\n\n<figure class=\"wp-block-image size-large\"><img loading=\"lazy\" decoding=\"async\" width=\"1024\" height=\"768\" data-id=\"2978\" src=\"https:\/\/ee.mlfmonde.org\/comilog\/wp-content\/uploads\/sites\/28\/2025\/07\/IMG-20250619-WA0060-1024x768.jpg\" alt=\"\" class=\"wp-image-2978\" srcset=\"https:\/\/ee.mlfmonde.org\/comilog\/wp-content\/uploads\/sites\/28\/2025\/07\/IMG-20250619-WA0060-1024x768.jpg 1024w, https:\/\/ee.mlfmonde.org\/comilog\/wp-content\/uploads\/sites\/28\/2025\/07\/IMG-20250619-WA0060-300x225.jpg 300w, https:\/\/ee.mlfmonde.org\/comilog\/wp-content\/uploads\/sites\/28\/2025\/07\/IMG-20250619-WA0060-768x576.jpg 768w, https:\/\/ee.mlfmonde.org\/comilog\/wp-content\/uploads\/sites\/28\/2025\/07\/IMG-20250619-WA0060-570x428.jpg 570w, https:\/\/ee.mlfmonde.org\/comilog\/wp-content\/uploads\/sites\/28\/2025\/07\/IMG-20250619-WA0060.jpg 1080w\" sizes=\"(max-width: 1024px) 100vw, 1024px\" \/><\/figure>\n<\/figure>\n\n\n\n<p class=\"has-medium-font-size\">Ce fut un v\u00e9ritable fil conducteur de notre ann\u00e9e, m\u00ealant apprentissages, cr\u00e9ativit\u00e9 et travail collectif. Une belle aventure que les enfants ont investie avec enthousiasme.<\/p>\n\n\n\n<div class=\"wp-block-media-text is-stacked-on-mobile\" style=\"grid-template-columns:57% auto\"><figure class=\"wp-block-media-text__media\"><video controls src=\"http:\/\/ee.mlfmonde.org\/comilog\/wp-content\/uploads\/sites\/28\/2025\/07\/WhatsApp-Video-2025-06-19-a-21.01.08_4bb7dd43.mp4\"><\/video><\/figure><div class=\"wp-block-media-text__content\">\n<p><\/p>\n\n\n\n<p class=\"has-medium-font-size\">La finalit\u00e9 de ce joli projet a \u00e9t\u00e9 la pr\u00e9sentation de la pi\u00e8ce le jeudi 19 juin, \u00e0 la salle de cin\u00e9ma devant les parents et les enseignants de l&#8217;EPC \ud83c\udfac<\/p>\n<\/div><\/div>\n\n\n\n<p><\/p>\n\n\n\n<p class=\"has-medium-font-size\"><\/p>\n\n\n\n<p class=\"has-medium-font-size\">Un grand bravo \u00e0 nos petits artistes en herbe.<\/p>\n\n\n\n<p class=\"has-medium-font-size\">Prisca BONNETTI, enseignante de la classe de CE2B.<\/p>\n","protected":false},"excerpt":{"rendered":"<p>Pas pareils\u202f? Et alors\u202f? : une pi\u00e8ce engag\u00e9e et cr\u00e9ative Cette ann\u00e9e, j&#8217;ai eu le plaisir d&#8217;\u00e9crire une pi\u00e8ce de th\u00e9\u00e2tre sp\u00e9cialement con\u00e7ue pour mes \u00e9l\u00e8ves de CE2. Ce projet a \u00e9t\u00e9 pens\u00e9 en lien avec les grands th\u00e8mes que nous avons abord\u00e9s tout au long de l&#8217;ann\u00e9e : l&#8217;acceptation des diff\u00e9rences, la lutte contre [&hellip;]<\/p>\n","protected":false},"author":166,"featured_media":2983,"parent":0,"menu_order":0,"comment_status":"closed","ping_status":"closed","template":"","meta":{"_acf_changed":false,"footnotes":""},"class_list":["post-2975","page","type-page","status-publish","has-post-thumbnail","czr-hentry"],"acf":[],"_links":{"self":[{"href":"https:\/\/ee.mlfmonde.org\/comilog\/wp-json\/wp\/v2\/pages\/2975","targetHints":{"allow":["GET"]}}],"collection":[{"href":"https:\/\/ee.mlfmonde.org\/comilog\/wp-json\/wp\/v2\/pages"}],"about":[{"href":"https:\/\/ee.mlfmonde.org\/comilog\/wp-json\/wp\/v2\/types\/page"}],"author":[{"embeddable":true,"href":"https:\/\/ee.mlfmonde.org\/comilog\/wp-json\/wp\/v2\/users\/166"}],"replies":[{"embeddable":true,"href":"https:\/\/ee.mlfmonde.org\/comilog\/wp-json\/wp\/v2\/comments?post=2975"}],"version-history":[{"count":2,"href":"https:\/\/ee.mlfmonde.org\/comilog\/wp-json\/wp\/v2\/pages\/2975\/revisions"}],"predecessor-version":[{"id":2986,"href":"https:\/\/ee.mlfmonde.org\/comilog\/wp-json\/wp\/v2\/pages\/2975\/revisions\/2986"}],"wp:featuredmedia":[{"embeddable":true,"href":"https:\/\/ee.mlfmonde.org\/comilog\/wp-json\/wp\/v2\/media\/2983"}],"wp:attachment":[{"href":"https:\/\/ee.mlfmonde.org\/comilog\/wp-json\/wp\/v2\/media?parent=2975"}],"curies":[{"name":"wp","href":"https:\/\/api.w.org\/{rel}","templated":true}]}}