{"id":2784,"date":"2025-06-03T07:55:26","date_gmt":"2025-06-03T07:55:26","guid":{"rendered":"https:\/\/ee.mlfmonde.org\/comilog\/?page_id=2784"},"modified":"2025-06-03T07:55:28","modified_gmt":"2025-06-03T07:55:28","slug":"%f0%9f%a5%97semaine-du-gout-sortie-au-buding","status":"publish","type":"page","link":"https:\/\/ee.mlfmonde.org\/comilog\/%f0%9f%a5%97semaine-du-gout-sortie-au-buding\/","title":{"rendered":"\ud83e\udd57Semaine du go\u00fbt : Sortie au Buding"},"content":{"rendered":"\n<p class=\"has-medium-font-size\"><\/p>\n\n\n\n<p class=\"has-medium-font-size\">Toute la classe de PSA de notre \u00e9cole \u00e9tait en sortie !\u00a0Nous avons pris le bus pour aller \u00e0 l&#8217;h\u00f4tel Buding o\u00f9 nous avons \u00e9t\u00e9 tr\u00e8s bien accueillis.<\/p>\n\n\n\n<div class=\"wp-block-media-text is-stacked-on-mobile is-image-fill\" style=\"grid-template-columns:34% auto\"><figure class=\"wp-block-media-text__media\" style=\"background-image:url(http:\/\/ee.mlfmonde.org\/comilog\/wp-content\/uploads\/sites\/28\/2025\/05\/IMG_9765-768x1024.jpg);background-position:50% 50%\"><img fetchpriority=\"high\" decoding=\"async\" width=\"768\" height=\"1024\" src=\"http:\/\/ee.mlfmonde.org\/comilog\/wp-content\/uploads\/sites\/28\/2025\/05\/IMG_9765-768x1024.jpg\" alt=\"\" class=\"wp-image-2790 size-full\" srcset=\"https:\/\/ee.mlfmonde.org\/comilog\/wp-content\/uploads\/sites\/28\/2025\/05\/IMG_9765-768x1024.jpg 768w, https:\/\/ee.mlfmonde.org\/comilog\/wp-content\/uploads\/sites\/28\/2025\/05\/IMG_9765-225x300.jpg 225w, https:\/\/ee.mlfmonde.org\/comilog\/wp-content\/uploads\/sites\/28\/2025\/05\/IMG_9765-1152x1536.jpg 1152w, https:\/\/ee.mlfmonde.org\/comilog\/wp-content\/uploads\/sites\/28\/2025\/05\/IMG_9765-1536x2048.jpg 1536w, https:\/\/ee.mlfmonde.org\/comilog\/wp-content\/uploads\/sites\/28\/2025\/05\/IMG_9765-570x760.jpg 570w, https:\/\/ee.mlfmonde.org\/comilog\/wp-content\/uploads\/sites\/28\/2025\/05\/IMG_9765-scaled.jpg 1920w\" sizes=\"(max-width: 768px) 100vw, 768px\" \/><\/figure><div class=\"wp-block-media-text__content\">\n<p class=\"has-medium-font-size\">L&#8217;\u00e9quipe de l&#8217;h\u00f4tel nous a d&#8217;abord fait visiter les lieux, nous avons m\u00eame pu entrer dans la cuisine o\u00f9 les chefs nous concoctaient quelques plats<\/p>\n<\/div><\/div>\n\n\n\n<p class=\"has-medium-font-size\">Et enfin nous avons pu d\u00e9guster de nombreux fruits et l\u00e9gumes crus et pr\u00e9par\u00e9s : noix de coco, eau de coco, rochers de coco, salade de fruits, pommes, papayes, mangues, bambous frais et en &#8220;confiture&#8221; (pil\u00e9s, cuits avec du sucre et de l&#8217;huile de palme), avocat en salade, cl\u00e9mentines, corossol, tomates, concombre, carottes r\u00e2p\u00e9es, salade d&#8217;aubergines, quiches aux \u00e9pinards, tartelettes aux pommes, quiches aux concombres, <\/p>\n\n\n\n<figure class=\"wp-block-gallery has-nested-images columns-default is-cropped wp-block-gallery-1 is-layout-flex wp-block-gallery-is-layout-flex\">\n<figure class=\"wp-block-image size-large\"><img decoding=\"async\" width=\"1024\" height=\"768\" data-id=\"2789\" src=\"https:\/\/ee.mlfmonde.org\/comilog\/wp-content\/uploads\/sites\/28\/2025\/05\/IMG_9768-1024x768.jpg\" alt=\"\" class=\"wp-image-2789\" srcset=\"https:\/\/ee.mlfmonde.org\/comilog\/wp-content\/uploads\/sites\/28\/2025\/05\/IMG_9768-1024x768.jpg 1024w, https:\/\/ee.mlfmonde.org\/comilog\/wp-content\/uploads\/sites\/28\/2025\/05\/IMG_9768-300x225.jpg 300w, https:\/\/ee.mlfmonde.org\/comilog\/wp-content\/uploads\/sites\/28\/2025\/05\/IMG_9768-768x576.jpg 768w, https:\/\/ee.mlfmonde.org\/comilog\/wp-content\/uploads\/sites\/28\/2025\/05\/IMG_9768-1536x1152.jpg 1536w, https:\/\/ee.mlfmonde.org\/comilog\/wp-content\/uploads\/sites\/28\/2025\/05\/IMG_9768-2048x1536.jpg 2048w, https:\/\/ee.mlfmonde.org\/comilog\/wp-content\/uploads\/sites\/28\/2025\/05\/IMG_9768-570x428.jpg 570w\" sizes=\"(max-width: 1024px) 100vw, 1024px\" \/><\/figure>\n\n\n\n<figure class=\"wp-block-image size-large\"><img decoding=\"async\" width=\"1024\" height=\"768\" data-id=\"2788\" src=\"https:\/\/ee.mlfmonde.org\/comilog\/wp-content\/uploads\/sites\/28\/2025\/05\/IMG_9776-1024x768.jpg\" alt=\"\" class=\"wp-image-2788\" srcset=\"https:\/\/ee.mlfmonde.org\/comilog\/wp-content\/uploads\/sites\/28\/2025\/05\/IMG_9776-1024x768.jpg 1024w, https:\/\/ee.mlfmonde.org\/comilog\/wp-content\/uploads\/sites\/28\/2025\/05\/IMG_9776-300x225.jpg 300w, https:\/\/ee.mlfmonde.org\/comilog\/wp-content\/uploads\/sites\/28\/2025\/05\/IMG_9776-768x576.jpg 768w, https:\/\/ee.mlfmonde.org\/comilog\/wp-content\/uploads\/sites\/28\/2025\/05\/IMG_9776-1536x1152.jpg 1536w, https:\/\/ee.mlfmonde.org\/comilog\/wp-content\/uploads\/sites\/28\/2025\/05\/IMG_9776-2048x1536.jpg 2048w, https:\/\/ee.mlfmonde.org\/comilog\/wp-content\/uploads\/sites\/28\/2025\/05\/IMG_9776-570x428.jpg 570w\" sizes=\"(max-width: 1024px) 100vw, 1024px\" \/><\/figure>\n<\/figure>\n\n\n\n<p class=\"has-medium-font-size\">&nbsp;Merci aussi aux mamans accompagnatrices sans qui nous ne serions pas sortis<\/p>\n\n\n\n<div class=\"wp-block-media-text is-stacked-on-mobile is-image-fill\"><figure class=\"wp-block-media-text__media\" style=\"background-image:url(http:\/\/ee.mlfmonde.org\/comilog\/wp-content\/uploads\/sites\/28\/2025\/05\/IMG_9781-768x1024.jpg);background-position:50% 50%\"><img loading=\"lazy\" decoding=\"async\" width=\"768\" height=\"1024\" src=\"http:\/\/ee.mlfmonde.org\/comilog\/wp-content\/uploads\/sites\/28\/2025\/05\/IMG_9781-768x1024.jpg\" alt=\"\" class=\"wp-image-2791 size-full\" srcset=\"https:\/\/ee.mlfmonde.org\/comilog\/wp-content\/uploads\/sites\/28\/2025\/05\/IMG_9781-768x1024.jpg 768w, https:\/\/ee.mlfmonde.org\/comilog\/wp-content\/uploads\/sites\/28\/2025\/05\/IMG_9781-225x300.jpg 225w, https:\/\/ee.mlfmonde.org\/comilog\/wp-content\/uploads\/sites\/28\/2025\/05\/IMG_9781-1152x1536.jpg 1152w, https:\/\/ee.mlfmonde.org\/comilog\/wp-content\/uploads\/sites\/28\/2025\/05\/IMG_9781-1536x2048.jpg 1536w, https:\/\/ee.mlfmonde.org\/comilog\/wp-content\/uploads\/sites\/28\/2025\/05\/IMG_9781-570x760.jpg 570w, https:\/\/ee.mlfmonde.org\/comilog\/wp-content\/uploads\/sites\/28\/2025\/05\/IMG_9781-scaled.jpg 1920w\" sizes=\"(max-width: 768px) 100vw, 768px\" \/><\/figure><div class=\"wp-block-media-text__content\">\n<p class=\"has-medium-font-size\">tartelettes aux bananes, bourous&#8230;C&#8217;\u00e9tait d\u00e9licieux, excellent, exquis !Merci infiniment \u00e0 toute l&#8217;\u00e9quipe de l&#8217;h\u00f4tel, en particulier \u00e0 M. Morgan, chef ex\u00e9cutif.<\/p>\n<\/div><\/div>\n","protected":false},"excerpt":{"rendered":"<p>Toute la classe de PSA de notre \u00e9cole \u00e9tait en sortie !\u00a0Nous avons pris le bus pour aller \u00e0 l&#8217;h\u00f4tel Buding o\u00f9 nous avons \u00e9t\u00e9 tr\u00e8s bien accueillis. L&#8217;\u00e9quipe de l&#8217;h\u00f4tel nous a d&#8217;abord fait visiter les lieux, nous avons m\u00eame pu entrer dans la cuisine o\u00f9 les chefs nous concoctaient quelques plats Et enfin [&hellip;]<\/p>\n","protected":false},"author":166,"featured_media":0,"parent":0,"menu_order":0,"comment_status":"closed","ping_status":"closed","template":"","meta":{"_acf_changed":false,"footnotes":""},"class_list":["post-2784","page","type-page","status-publish","czr-hentry"],"acf":[],"_links":{"self":[{"href":"https:\/\/ee.mlfmonde.org\/comilog\/wp-json\/wp\/v2\/pages\/2784","targetHints":{"allow":["GET"]}}],"collection":[{"href":"https:\/\/ee.mlfmonde.org\/comilog\/wp-json\/wp\/v2\/pages"}],"about":[{"href":"https:\/\/ee.mlfmonde.org\/comilog\/wp-json\/wp\/v2\/types\/page"}],"author":[{"embeddable":true,"href":"https:\/\/ee.mlfmonde.org\/comilog\/wp-json\/wp\/v2\/users\/166"}],"replies":[{"embeddable":true,"href":"https:\/\/ee.mlfmonde.org\/comilog\/wp-json\/wp\/v2\/comments?post=2784"}],"version-history":[{"count":7,"href":"https:\/\/ee.mlfmonde.org\/comilog\/wp-json\/wp\/v2\/pages\/2784\/revisions"}],"predecessor-version":[{"id":2797,"href":"https:\/\/ee.mlfmonde.org\/comilog\/wp-json\/wp\/v2\/pages\/2784\/revisions\/2797"}],"wp:attachment":[{"href":"https:\/\/ee.mlfmonde.org\/comilog\/wp-json\/wp\/v2\/media?parent=2784"}],"curies":[{"name":"wp","href":"https:\/\/api.w.org\/{rel}","templated":true}]}}