{"id":2559,"date":"2025-05-17T11:48:04","date_gmt":"2025-05-17T11:48:04","guid":{"rendered":"https:\/\/ee.mlfmonde.org\/comilog\/?page_id=2559"},"modified":"2025-05-19T15:47:54","modified_gmt":"2025-05-19T15:47:54","slug":"une-visite-de-marque-a-lecole-primaire-mlf-comilog","status":"publish","type":"page","link":"https:\/\/ee.mlfmonde.org\/comilog\/une-visite-de-marque-a-lecole-primaire-mlf-comilog\/","title":{"rendered":"Une visite de marque \u00e0 l\u2019\u00c9cole Primaire MLF COMILOG"},"content":{"rendered":"\n<p class=\"has-medium-font-size\">Notre \u00e9tablissement a eu l\u2019honneur d\u2019accueillir Monsieur <em>Leod Paul BATOLO<\/em>, Administrateur Directeur G\u00e9n\u00e9ral de la COMILOG, et Monsieur <em>Paulo CASTELLARI<\/em>, futur Directeur G\u00e9n\u00e9ral du groupe Eramet. Apr\u00e8s la mont\u00e9e des couleurs, ils ont pu rencontrer bri\u00e8vement l&#8217;\u00e9quipe p\u00e9dagogique  et visiter une classe en activit\u00e9. <\/p>\n\n\n\n<figure class=\"wp-block-gallery has-nested-images columns-default is-cropped wp-block-gallery-1 is-layout-flex wp-block-gallery-is-layout-flex\">\n<figure class=\"wp-block-image size-large\"><img fetchpriority=\"high\" decoding=\"async\" width=\"1024\" height=\"683\" data-id=\"2731\" src=\"https:\/\/ee.mlfmonde.org\/comilog\/wp-content\/uploads\/sites\/28\/2025\/05\/IMG_5812-1024x683.jpg\" alt=\"\" class=\"wp-image-2731\" srcset=\"https:\/\/ee.mlfmonde.org\/comilog\/wp-content\/uploads\/sites\/28\/2025\/05\/IMG_5812-1024x683.jpg 1024w, https:\/\/ee.mlfmonde.org\/comilog\/wp-content\/uploads\/sites\/28\/2025\/05\/IMG_5812-300x200.jpg 300w, https:\/\/ee.mlfmonde.org\/comilog\/wp-content\/uploads\/sites\/28\/2025\/05\/IMG_5812-768x512.jpg 768w, https:\/\/ee.mlfmonde.org\/comilog\/wp-content\/uploads\/sites\/28\/2025\/05\/IMG_5812-1536x1024.jpg 1536w, https:\/\/ee.mlfmonde.org\/comilog\/wp-content\/uploads\/sites\/28\/2025\/05\/IMG_5812-2048x1365.jpg 2048w, https:\/\/ee.mlfmonde.org\/comilog\/wp-content\/uploads\/sites\/28\/2025\/05\/IMG_5812-570x380.jpg 570w\" sizes=\"(max-width: 1024px) 100vw, 1024px\" \/><\/figure>\n\n\n\n<figure class=\"wp-block-image size-large\"><img decoding=\"async\" width=\"1024\" height=\"512\" data-id=\"2560\" src=\"https:\/\/ee.mlfmonde.org\/comilog\/wp-content\/uploads\/sites\/28\/2025\/05\/image.png\" alt=\"\" class=\"wp-image-2560\" srcset=\"https:\/\/ee.mlfmonde.org\/comilog\/wp-content\/uploads\/sites\/28\/2025\/05\/image.png 1024w, https:\/\/ee.mlfmonde.org\/comilog\/wp-content\/uploads\/sites\/28\/2025\/05\/image-300x150.png 300w, https:\/\/ee.mlfmonde.org\/comilog\/wp-content\/uploads\/sites\/28\/2025\/05\/image-768x384.png 768w, https:\/\/ee.mlfmonde.org\/comilog\/wp-content\/uploads\/sites\/28\/2025\/05\/image-570x285.png 570w\" sizes=\"(max-width: 1024px) 100vw, 1024px\" \/><\/figure>\n<\/figure>\n","protected":false},"excerpt":{"rendered":"<p>Notre \u00e9tablissement a eu l\u2019honneur d\u2019accueillir Monsieur Leod Paul BATOLO, Administrateur Directeur G\u00e9n\u00e9ral de la COMILOG, et Monsieur Paulo CASTELLARI, futur Directeur G\u00e9n\u00e9ral du groupe Eramet. Apr\u00e8s la mont\u00e9e des couleurs, ils ont pu rencontrer bri\u00e8vement l&#8217;\u00e9quipe p\u00e9dagogique et visiter une classe en activit\u00e9.<\/p>\n","protected":false},"author":166,"featured_media":0,"parent":0,"menu_order":0,"comment_status":"closed","ping_status":"closed","template":"","meta":{"_acf_changed":false,"footnotes":""},"class_list":["post-2559","page","type-page","status-publish","czr-hentry"],"acf":[],"_links":{"self":[{"href":"https:\/\/ee.mlfmonde.org\/comilog\/wp-json\/wp\/v2\/pages\/2559","targetHints":{"allow":["GET"]}}],"collection":[{"href":"https:\/\/ee.mlfmonde.org\/comilog\/wp-json\/wp\/v2\/pages"}],"about":[{"href":"https:\/\/ee.mlfmonde.org\/comilog\/wp-json\/wp\/v2\/types\/page"}],"author":[{"embeddable":true,"href":"https:\/\/ee.mlfmonde.org\/comilog\/wp-json\/wp\/v2\/users\/166"}],"replies":[{"embeddable":true,"href":"https:\/\/ee.mlfmonde.org\/comilog\/wp-json\/wp\/v2\/comments?post=2559"}],"version-history":[{"count":4,"href":"https:\/\/ee.mlfmonde.org\/comilog\/wp-json\/wp\/v2\/pages\/2559\/revisions"}],"predecessor-version":[{"id":2737,"href":"https:\/\/ee.mlfmonde.org\/comilog\/wp-json\/wp\/v2\/pages\/2559\/revisions\/2737"}],"wp:attachment":[{"href":"https:\/\/ee.mlfmonde.org\/comilog\/wp-json\/wp\/v2\/media?parent=2559"}],"curies":[{"name":"wp","href":"https:\/\/api.w.org\/{rel}","templated":true}]}}