{"id":2555,"date":"2025-05-17T11:31:49","date_gmt":"2025-05-17T11:31:49","guid":{"rendered":"https:\/\/ee.mlfmonde.org\/comilog\/?page_id=2555"},"modified":"2025-05-19T11:50:33","modified_gmt":"2025-05-19T11:50:33","slug":"%f0%9f%8d%b3-atelier-cuisine-les-enfants-aux-fourneaux","status":"publish","type":"page","link":"https:\/\/ee.mlfmonde.org\/comilog\/%f0%9f%8d%b3-atelier-cuisine-les-enfants-aux-fourneaux\/","title":{"rendered":"\ud83c\udf73 Atelier cuisine : les enfants aux fourneaux"},"content":{"rendered":"\n<p class=\"has-medium-font-size\">Les \u00e9l\u00e8ves ont enfil\u00e9 leur tablier pour d\u00e9couvrir une recette simple et savoureuse : <strong>l&#8217;omelette<\/strong>. Une activit\u00e9 culinaire ludique et p\u00e9dagogique, men\u00e9e dans le cadre des apprentissages.<\/p>\n\n\n\n<h4 class=\"wp-block-heading\">\ud83d\udc69\u200d\ud83c\udfeb Une recette pas aussi simple qu\u2019il n\u2019y para\u00eet !<\/h4>\n\n\n\n<p class=\"has-medium-font-size\">Pendant l\u2019atelier, les enfants ont appris \u00e0 :<\/p>\n\n\n\n<ul class=\"wp-block-list\">\n<li class=\"has-medium-font-size\"><strong>casser les \u0153ufs<\/strong> (sans trop en mettre \u00e0 c\u00f4t\u00e9 \ud83d\ude04),<\/li>\n\n\n\n<li class=\"has-medium-font-size\"><strong>les battre avec une fourchette<\/strong>,<\/li>\n\n\n\n<li class=\"has-medium-font-size\"><strong>ajouter du sel, du poivre<\/strong>, et parfois du fromage ou des herbes,<\/li>\n\n\n\n<li class=\"has-medium-font-size\"><strong>verser la pr\u00e9paration dans la po\u00eale chaude<\/strong>, toujours sous la surveillance d\u2019un adulte.<\/li>\n<\/ul>\n\n\n\n<p class=\"has-medium-font-size\">Cette activit\u00e9 a permis aux enfants d\u2019exp\u00e9rimenter plusieurs gestes techniques en toute s\u00e9curit\u00e9, tout en d\u00e9veloppant leur sens de l\u2019observation et la coordination de leurs gestes.<\/p>\n\n\n\n<figure class=\"wp-block-gallery has-nested-images columns-default is-cropped wp-block-gallery-1 is-layout-flex wp-block-gallery-is-layout-flex\">\n<figure class=\"wp-block-image size-large\"><img fetchpriority=\"high\" decoding=\"async\" width=\"1024\" height=\"512\" data-id=\"2293\" src=\"https:\/\/ee.mlfmonde.org\/comilog\/wp-content\/uploads\/sites\/28\/2025\/05\/62-1024x512.png\" alt=\"\" class=\"wp-image-2293\" srcset=\"https:\/\/ee.mlfmonde.org\/comilog\/wp-content\/uploads\/sites\/28\/2025\/05\/62-1024x512.png 1024w, https:\/\/ee.mlfmonde.org\/comilog\/wp-content\/uploads\/sites\/28\/2025\/05\/62-300x150.png 300w, https:\/\/ee.mlfmonde.org\/comilog\/wp-content\/uploads\/sites\/28\/2025\/05\/62-768x384.png 768w, https:\/\/ee.mlfmonde.org\/comilog\/wp-content\/uploads\/sites\/28\/2025\/05\/62-1536x768.png 1536w, https:\/\/ee.mlfmonde.org\/comilog\/wp-content\/uploads\/sites\/28\/2025\/05\/62-2048x1024.png 2048w, https:\/\/ee.mlfmonde.org\/comilog\/wp-content\/uploads\/sites\/28\/2025\/05\/62-570x285.png 570w\" sizes=\"(max-width: 1024px) 100vw, 1024px\" \/><\/figure>\n\n\n\n<figure class=\"wp-block-image size-large\"><img decoding=\"async\" data-id=\"2291\" src=\"https:\/\/ee.mlfmonde.org\/comilog\/wp-content\/uploads\/sites\/28\/2025\/05\/61-1024x512.png\" alt=\"\" class=\"wp-image-2291\" \/><\/figure>\n<\/figure>\n\n\n\n<h4 class=\"wp-block-heading\">\ud83c\udf7d\ufe0f D\u00e9gustation collective<\/h4>\n\n\n\n<p class=\"has-medium-font-size\">Les omelettes ont \u00e9t\u00e9 partag\u00e9es et d\u00e9gust\u00e9es ensemble. Certains les ont pr\u00e9f\u00e9r\u00e9es bien cuites, d\u2019autres plus moelleuses\u2026 Un moment de plaisir et de d\u00e9couverte des go\u00fbts, dans la bonne humeur.<\/p>\n\n\n\n<h4 class=\"wp-block-heading\">\ud83c\udf93 Objectifs p\u00e9dagogiques :<\/h4>\n\n\n\n<ul class=\"wp-block-list\">\n<li class=\"has-medium-font-size\">Favoriser <strong>l\u2019autonomie<\/strong> et <strong>la prise d\u2019initiative<\/strong>,<\/li>\n\n\n\n<li class=\"has-medium-font-size\">D\u00e9velopper la <strong>motricit\u00e9 fine<\/strong> (casser, battre, verser),<\/li>\n\n\n\n<li class=\"has-medium-font-size\">Apprendre les <strong>gestes de s\u00e9curit\u00e9 en cuisine<\/strong>,<\/li>\n\n\n\n<li class=\"has-medium-font-size\">Valoriser la <strong>coop\u00e9ration<\/strong> et le <strong>partage<\/strong>.<\/li>\n<\/ul>\n\n\n\n<p class=\"has-medium-font-size\">Un grand bravo \u00e0 tous nos petits cuisiniers ! \ud83d\udc4f<\/p>\n","protected":false},"excerpt":{"rendered":"<p>Les \u00e9l\u00e8ves ont enfil\u00e9 leur tablier pour d\u00e9couvrir une recette simple et savoureuse : l&#8217;omelette. Une activit\u00e9 culinaire ludique et p\u00e9dagogique, men\u00e9e dans le cadre des apprentissages. \ud83d\udc69\u200d\ud83c\udfeb Une recette pas aussi simple qu\u2019il n\u2019y para\u00eet ! Pendant l\u2019atelier, les enfants ont appris \u00e0 : Cette activit\u00e9 a permis aux enfants d\u2019exp\u00e9rimenter plusieurs gestes techniques [&hellip;]<\/p>\n","protected":false},"author":166,"featured_media":2295,"parent":0,"menu_order":0,"comment_status":"closed","ping_status":"closed","template":"","meta":{"_acf_changed":false,"footnotes":""},"class_list":["post-2555","page","type-page","status-publish","has-post-thumbnail","czr-hentry"],"acf":[],"_links":{"self":[{"href":"https:\/\/ee.mlfmonde.org\/comilog\/wp-json\/wp\/v2\/pages\/2555","targetHints":{"allow":["GET"]}}],"collection":[{"href":"https:\/\/ee.mlfmonde.org\/comilog\/wp-json\/wp\/v2\/pages"}],"about":[{"href":"https:\/\/ee.mlfmonde.org\/comilog\/wp-json\/wp\/v2\/types\/page"}],"author":[{"embeddable":true,"href":"https:\/\/ee.mlfmonde.org\/comilog\/wp-json\/wp\/v2\/users\/166"}],"replies":[{"embeddable":true,"href":"https:\/\/ee.mlfmonde.org\/comilog\/wp-json\/wp\/v2\/comments?post=2555"}],"version-history":[{"count":2,"href":"https:\/\/ee.mlfmonde.org\/comilog\/wp-json\/wp\/v2\/pages\/2555\/revisions"}],"predecessor-version":[{"id":2725,"href":"https:\/\/ee.mlfmonde.org\/comilog\/wp-json\/wp\/v2\/pages\/2555\/revisions\/2725"}],"wp:featuredmedia":[{"embeddable":true,"href":"https:\/\/ee.mlfmonde.org\/comilog\/wp-json\/wp\/v2\/media\/2295"}],"wp:attachment":[{"href":"https:\/\/ee.mlfmonde.org\/comilog\/wp-json\/wp\/v2\/media?parent=2555"}],"curies":[{"name":"wp","href":"https:\/\/api.w.org\/{rel}","templated":true}]}}