{"id":463,"date":"2019-01-31T05:17:46","date_gmt":"2019-01-31T05:17:46","guid":{"rendered":"http:\/\/ee.mlfmonde.org\/chennai-renault\/?page_id=463"},"modified":"2019-02-04T03:17:41","modified_gmt":"2019-02-04T03:17:41","slug":"liens","status":"publish","type":"page","link":"https:\/\/ee.mlfmonde.org\/chennai-renault\/liens\/","title":{"rendered":"Liens"},"content":{"rendered":"<p><a href=\"http:\/\/www.mlfmonde.org\/\">La Mission La\u00efque Fran\u00e7aise<\/a><\/p>\n<p><a href=\"http:\/\/www.education.gouv.fr\">Le Minist\u00e8re de l&rsquo;Education Nationale<\/a><\/p>\n<p><a href=\"https:\/\/in.ambafrance.org\/-Consulat-de-Pondichery-\">Le Consulat g\u00e9n\u00e9ral de France \u00e0 Pondich\u00e9ry\u00a0<\/a><\/p>\n<p><a href=\"https:\/\/in.ambafrance.org\/-Le-Bureau-de-France-a-Chennai-\">Le Bureau de France \u00e0 Chennai<\/a><\/p>\n<p><a href=\"http:\/\/preparer-assr.education-securite-routiere.fr\">Pr\u00e9paration aux \u00e9preuves de l&rsquo;ASSR<\/a><\/p>\n","protected":false},"excerpt":{"rendered":"<p>La Mission La\u00efque Fran\u00e7aise Le Minist\u00e8re de l&rsquo;Education Nationale Le Consulat g\u00e9n\u00e9ral de France \u00e0 Pondich\u00e9ry\u00a0 Le Bureau de France \u00e0 Chennai Pr\u00e9paration aux \u00e9preuves de l&rsquo;ASSR<\/p>\n","protected":false},"author":2,"featured_media":0,"parent":0,"menu_order":0,"comment_status":"closed","ping_status":"closed","template":"","meta":{"_acf_changed":false,"footnotes":""},"class_list":["post-463","page","type-page","status-publish","czr-hentry"],"acf":[],"_links":{"self":[{"href":"https:\/\/ee.mlfmonde.org\/chennai-renault\/wp-json\/wp\/v2\/pages\/463","targetHints":{"allow":["GET"]}}],"collection":[{"href":"https:\/\/ee.mlfmonde.org\/chennai-renault\/wp-json\/wp\/v2\/pages"}],"about":[{"href":"https:\/\/ee.mlfmonde.org\/chennai-renault\/wp-json\/wp\/v2\/types\/page"}],"author":[{"embeddable":true,"href":"https:\/\/ee.mlfmonde.org\/chennai-renault\/wp-json\/wp\/v2\/users\/2"}],"replies":[{"embeddable":true,"href":"https:\/\/ee.mlfmonde.org\/chennai-renault\/wp-json\/wp\/v2\/comments?post=463"}],"version-history":[{"count":3,"href":"https:\/\/ee.mlfmonde.org\/chennai-renault\/wp-json\/wp\/v2\/pages\/463\/revisions"}],"predecessor-version":[{"id":494,"href":"https:\/\/ee.mlfmonde.org\/chennai-renault\/wp-json\/wp\/v2\/pages\/463\/revisions\/494"}],"wp:attachment":[{"href":"https:\/\/ee.mlfmonde.org\/chennai-renault\/wp-json\/wp\/v2\/media?parent=463"}],"curies":[{"name":"wp","href":"https:\/\/api.w.org\/{rel}","templated":true}]}}