{"id":371,"date":"2019-01-28T03:36:47","date_gmt":"2019-01-28T03:36:47","guid":{"rendered":"http:\/\/ee.mlfmonde.org\/chennai-renault\/?page_id=371"},"modified":"2021-12-15T11:58:12","modified_gmt":"2021-12-15T11:58:12","slug":"horaires","status":"publish","type":"page","link":"https:\/\/ee.mlfmonde.org\/chennai-renault\/horaires\/","title":{"rendered":"Horaires"},"content":{"rendered":"<p dir=\"ltr\"><strong>En primaire<\/strong> : les \u00e9l\u00e8ves viennent tous les matins du lundi au vendredi de 7h30 \u00e0 8h30 et un \u00e0 \u00a0 deux samedis par mois de 8h30 \u00e0 11h30, ce qui correspond \u00e0 6h30 hebdomadaires.<\/p>\n<p dir=\"ltr\"><strong>En secondaire<\/strong> : les \u00e9l\u00e8ves viennent tous les jours de 7h30 \u00e0 8h30 mais \u00e9galement trois soirs par semaine de 15h45 \u00e0 17h (8h30 hebdomadaires).<\/p>\n<p dir=\"ltr\"><strong>Les \u00e9l\u00e8ves de 3\u00e8me , de seconde et de premi\u00e8re<\/strong> sont accueillis dans la classe de francais, de math\u00e9matiques ou d\u2019histoire g\u00e9ographie pendant leur p\u00e9riode de \u201cFree block\u201d.<\/p>\n<p dir=\"ltr\">Une fois par mois, les \u00e9l\u00e8ves de coll\u00e8ge et de lyc\u00e9e viennent de 14h00 \u00e0 15h30 \u00e0 la demande du professeur qui choisit le niveau de classe. Les \u00e9l\u00e8ves du primaire sont \u00e9galement accueillis ces apr\u00e8s-midis \u00ab\u00a0Early Release\u00a0\u00bb de l&rsquo;AISC.<\/p>\n","protected":false},"excerpt":{"rendered":"<p>En primaire : les \u00e9l\u00e8ves viennent tous les matins du lundi au vendredi de 7h30 \u00e0 8h30 et un \u00e0 \u00a0 deux samedis par mois de 8h30 \u00e0 11h30, ce qui correspond \u00e0 6h30 hebdomadaires. En secondaire : les \u00e9l\u00e8ves viennent tous les jours de 7h30 \u00e0 8h30 mais \u00e9galement trois soirs par semaine de [&hellip;]<\/p>\n","protected":false},"author":2,"featured_media":0,"parent":0,"menu_order":0,"comment_status":"closed","ping_status":"closed","template":"","meta":{"_acf_changed":false,"footnotes":""},"class_list":["post-371","page","type-page","status-publish","czr-hentry"],"acf":[],"_links":{"self":[{"href":"https:\/\/ee.mlfmonde.org\/chennai-renault\/wp-json\/wp\/v2\/pages\/371","targetHints":{"allow":["GET"]}}],"collection":[{"href":"https:\/\/ee.mlfmonde.org\/chennai-renault\/wp-json\/wp\/v2\/pages"}],"about":[{"href":"https:\/\/ee.mlfmonde.org\/chennai-renault\/wp-json\/wp\/v2\/types\/page"}],"author":[{"embeddable":true,"href":"https:\/\/ee.mlfmonde.org\/chennai-renault\/wp-json\/wp\/v2\/users\/2"}],"replies":[{"embeddable":true,"href":"https:\/\/ee.mlfmonde.org\/chennai-renault\/wp-json\/wp\/v2\/comments?post=371"}],"version-history":[{"count":4,"href":"https:\/\/ee.mlfmonde.org\/chennai-renault\/wp-json\/wp\/v2\/pages\/371\/revisions"}],"predecessor-version":[{"id":903,"href":"https:\/\/ee.mlfmonde.org\/chennai-renault\/wp-json\/wp\/v2\/pages\/371\/revisions\/903"}],"wp:attachment":[{"href":"https:\/\/ee.mlfmonde.org\/chennai-renault\/wp-json\/wp\/v2\/media?parent=371"}],"curies":[{"name":"wp","href":"https:\/\/api.w.org\/{rel}","templated":true}]}}