{"id":87,"date":"2017-06-04T11:29:30","date_gmt":"2017-06-04T11:29:30","guid":{"rendered":"http:\/\/ee.mlfmonde.org\/qingdao-technip\/?page_id=87"},"modified":"2026-01-10T11:35:47","modified_gmt":"2026-01-10T11:35:47","slug":"calendrier","status":"publish","type":"page","link":"https:\/\/ee.mlfmonde.org\/bata-sogea\/calendrier\/","title":{"rendered":"Calendrier 2025-2026"},"content":{"rendered":"<p>\u00a0<\/p>\n<p><strong><u>Calendrier scolaire 2025-2026<\/u><\/strong><\/p>\n<p>Rentr\u00e9e\u00a0scolaire : <strong>lundi 1<sup>er<\/sup> septembre 2025<\/strong><\/p>\n<p>Vacances de la Toussaint\u00a0: <strong>du samedi 18 octobre 2025 au dimanche 26 octobre 2025<\/strong><\/p>\n<p>Vacances de No\u00ebl\u00a0: <strong>du samedi 13 d\u00e9cembre 2025 au dimanche 4 janvier 2026<\/strong><\/p>\n<p>Vacances de f\u00e9vrier\u00a0: <strong>du 21 f\u00e9vrier 2026 au dimanche 1<sup>er<\/sup>\u00a0 mars 2026<\/strong><\/p>\n<p>Vacances de printemps\u00a0:<strong> du samedi 25 avril 2026 au dimanche 10 mai 2026<\/strong><\/p>\n<p>Fin de l\u2019ann\u00e9e scolaire\u00a0: <strong>mardi 30 juin 2026 au soir<\/strong><\/p>\n<p><em><u>Jours f\u00e9ri\u00e9s<\/u><\/em><em> : Lundi 13 octobre 2025 (Ind\u00e9pendance), Lundi 8 d\u00e9cembre 2025 (Immacul\u00e9e Conception) Jeudi 5 juin 2026 (Anniversaire du Pr\u00e9sident)\u00a0<\/em><\/p>\n<p><span style=\"color: #000000\"><strong>T\u00e9l\u00e9charger<\/strong> <\/span>:\u00a0<a href=\"http:\/\/ee.mlfmonde.org\/bata-sogea\/wp-content\/uploads\/sites\/16\/2026\/01\/calendrier-2526.pdf\"><strong>Calendrier 2025\/2026<\/strong><\/a><\/p>\n\n\n<p><\/p>\n","protected":false},"excerpt":{"rendered":"<p>\u00a0 Calendrier scolaire 2025-2026 Rentr\u00e9e\u00a0scolaire : lundi 1er septembre 2025 Vacances de la Toussaint\u00a0: du samedi 18 octobre 2025 au dimanche 26 octobre 2025 Vacances de No\u00ebl\u00a0: du samedi 13 d\u00e9cembre 2025 au dimanche 4 janvier 2026 Vacances de f\u00e9vrier\u00a0: du 21 f\u00e9vrier 2026 au dimanche 1er\u00a0 mars 2026 Vacances de printemps\u00a0: du samedi 25 [&hellip;]<\/p>\n","protected":false},"author":115,"featured_media":0,"parent":0,"menu_order":0,"comment_status":"closed","ping_status":"closed","template":"","meta":{"_acf_changed":false,"footnotes":""},"class_list":["post-87","page","type-page","status-publish","czr-hentry"],"acf":[],"_links":{"self":[{"href":"https:\/\/ee.mlfmonde.org\/bata-sogea\/wp-json\/wp\/v2\/pages\/87","targetHints":{"allow":["GET"]}}],"collection":[{"href":"https:\/\/ee.mlfmonde.org\/bata-sogea\/wp-json\/wp\/v2\/pages"}],"about":[{"href":"https:\/\/ee.mlfmonde.org\/bata-sogea\/wp-json\/wp\/v2\/types\/page"}],"author":[{"embeddable":true,"href":"https:\/\/ee.mlfmonde.org\/bata-sogea\/wp-json\/wp\/v2\/users\/115"}],"replies":[{"embeddable":true,"href":"https:\/\/ee.mlfmonde.org\/bata-sogea\/wp-json\/wp\/v2\/comments?post=87"}],"version-history":[{"count":45,"href":"https:\/\/ee.mlfmonde.org\/bata-sogea\/wp-json\/wp\/v2\/pages\/87\/revisions"}],"predecessor-version":[{"id":6459,"href":"https:\/\/ee.mlfmonde.org\/bata-sogea\/wp-json\/wp\/v2\/pages\/87\/revisions\/6459"}],"wp:attachment":[{"href":"https:\/\/ee.mlfmonde.org\/bata-sogea\/wp-json\/wp\/v2\/media?parent=87"}],"curies":[{"name":"wp","href":"https:\/\/api.w.org\/{rel}","templated":true}]}}