{"id":82,"date":"2017-06-04T11:29:30","date_gmt":"2017-06-04T11:29:30","guid":{"rendered":"http:\/\/ee.mlfmonde.org\/qingdao-technip\/?page_id=82"},"modified":"2026-01-10T12:09:32","modified_gmt":"2026-01-10T12:09:32","slug":"equipe-pedagogique","status":"publish","type":"page","link":"https:\/\/ee.mlfmonde.org\/bata-sogea\/equipe-pedagogique\/","title":{"rendered":"Personnels scolaires 2025-2026"},"content":{"rendered":"<header class=\"entry-header\"><\/header>\n<div class=\"entry-content\">\n<p><strong>Directeur de l&rsquo;\u00e9tablissement\u00a0<\/strong><\/p>\n<ul>\n<li>M. Didier Le Glatin \/coll\u00e8ge<\/li>\n<\/ul>\n<p><strong>Secr\u00e9tariat de direction\u00a0<\/strong><\/p>\n<ul>\n<li>Mme Vanina Meyia Engonga\/coll\u00e8ge<\/li>\n<\/ul>\n<p><strong>Enseignants\u00a0<\/strong><\/p>\n<ul>\n<li>Mme Paciencia Mengue TPS-PS<\/li>\n<li>Mme Gertrude Abeme, MS-GS<\/li>\n<li>Mme Gaudillat, CP<\/li>\n<li>M. Zoma CE1-CE2<\/li>\n<li>M. Ou\u00e9draogo, CE2-CM1-CM2<\/li>\n<\/ul>\n<p><strong>Assistante maternelle<\/strong><\/p>\n<ul>\n<li>Mme Evelina Akum Obam Nzang PS-MS-GS<\/li>\n<\/ul>\n<p><strong>Professeurs de langues<\/strong><\/p>\n<ul>\n<li>Mme Kiely, anglais coll\u00e8ge (\u00e9lementaire et coll\u00e8ge)<\/li>\n<li>Mme Vanina Meyia Engonga, espagnol primaire et coll\u00e8ge \/ FLE maternelle<\/li>\n<\/ul>\n<p><strong>Gardiens de jour<\/strong><\/p>\n<ul>\n<li>M. Sibiri Diarra<\/li>\n<li>M. Mouhamadou Diarra<\/li>\n<\/ul>\n<p><strong>Gardiens de nuit<\/strong><\/p>\n<ul>\n<li>Idrissa Telly<\/li>\n<li>Luis Mane nsomo<\/li>\n<\/ul>\n<p><strong>Agents d&rsquo;entretien<\/strong><\/p>\n<ul>\n<li>Mme Lucrecia Makina<\/li>\n<li>Mme Restituta Augono Bacale<\/li>\n<\/ul>\n<\/div>\n","protected":false},"excerpt":{"rendered":"<p>Directeur de l&rsquo;\u00e9tablissement\u00a0 M. Didier Le Glatin \/coll\u00e8ge Secr\u00e9tariat de direction\u00a0 Mme Vanina Meyia Engonga\/coll\u00e8ge Enseignants\u00a0 Mme Paciencia Mengue TPS-PS Mme Gertrude Abeme, MS-GS Mme Gaudillat, CP M. Zoma CE1-CE2 M. Ou\u00e9draogo, CE2-CM1-CM2 Assistante maternelle Mme Evelina Akum Obam Nzang PS-MS-GS Professeurs de langues Mme Kiely, anglais coll\u00e8ge (\u00e9lementaire et coll\u00e8ge) Mme Vanina Meyia Engonga, [&hellip;]<\/p>\n","protected":false},"author":115,"featured_media":0,"parent":0,"menu_order":0,"comment_status":"closed","ping_status":"closed","template":"","meta":{"_acf_changed":false,"footnotes":""},"class_list":["post-82","page","type-page","status-publish","czr-hentry"],"acf":[],"_links":{"self":[{"href":"https:\/\/ee.mlfmonde.org\/bata-sogea\/wp-json\/wp\/v2\/pages\/82","targetHints":{"allow":["GET"]}}],"collection":[{"href":"https:\/\/ee.mlfmonde.org\/bata-sogea\/wp-json\/wp\/v2\/pages"}],"about":[{"href":"https:\/\/ee.mlfmonde.org\/bata-sogea\/wp-json\/wp\/v2\/types\/page"}],"author":[{"embeddable":true,"href":"https:\/\/ee.mlfmonde.org\/bata-sogea\/wp-json\/wp\/v2\/users\/115"}],"replies":[{"embeddable":true,"href":"https:\/\/ee.mlfmonde.org\/bata-sogea\/wp-json\/wp\/v2\/comments?post=82"}],"version-history":[{"count":60,"href":"https:\/\/ee.mlfmonde.org\/bata-sogea\/wp-json\/wp\/v2\/pages\/82\/revisions"}],"predecessor-version":[{"id":6475,"href":"https:\/\/ee.mlfmonde.org\/bata-sogea\/wp-json\/wp\/v2\/pages\/82\/revisions\/6475"}],"wp:attachment":[{"href":"https:\/\/ee.mlfmonde.org\/bata-sogea\/wp-json\/wp\/v2\/media?parent=82"}],"curies":[{"name":"wp","href":"https:\/\/api.w.org\/{rel}","templated":true}]}}