{"id":6688,"date":"2026-02-15T12:04:57","date_gmt":"2026-02-15T12:04:57","guid":{"rendered":"https:\/\/ee.mlfmonde.org\/bata-sogea\/?page_id=6688"},"modified":"2026-03-08T17:22:00","modified_gmt":"2026-03-08T17:22:00","slug":"quelques-realisations-a-lecole-francaise-de-bata","status":"publish","type":"page","link":"https:\/\/ee.mlfmonde.org\/bata-sogea\/quelques-realisations-a-lecole-francaise-de-bata\/","title":{"rendered":"Quelques r\u00e9alisations \u00e0 l&rsquo;Ecole Fran\u00e7aise de Bata"},"content":{"rendered":"\n<div class=\"wp-block-group is-layout-grid wp-container-core-group-is-layout-9649a0d9 wp-block-group-is-layout-grid\">\n<figure class=\"wp-block-image size-full wp-container-content-69bc4bdf\"><a href=\"https:\/\/ee.mlfmonde.org\/bata-sogea\/telethon-2026\/\"><img fetchpriority=\"high\" decoding=\"async\" width=\"225\" height=\"225\" src=\"http:\/\/ee.mlfmonde.org\/bata-sogea\/wp-content\/uploads\/sites\/16\/2026\/01\/telethon.png\" alt=\"\" class=\"wp-image-6603\" srcset=\"https:\/\/ee.mlfmonde.org\/bata-sogea\/wp-content\/uploads\/sites\/16\/2026\/01\/telethon.png 225w, https:\/\/ee.mlfmonde.org\/bata-sogea\/wp-content\/uploads\/sites\/16\/2026\/01\/telethon-150x150.png 150w\" sizes=\"(max-width: 225px) 100vw, 225px\" \/><\/a><\/figure>\n\n\n\n<figure class=\"wp-block-image size-large wp-container-content-69bc4bdf\"><a href=\"https:\/\/ee.mlfmonde.org\/bata-sogea\/noel\/\"><img decoding=\"async\" width=\"768\" height=\"1024\" src=\"http:\/\/ee.mlfmonde.org\/bata-sogea\/wp-content\/uploads\/sites\/16\/2026\/02\/IMG_20260108_145320-3-768x1024.jpg\" alt=\"\" class=\"wp-image-6697\" srcset=\"https:\/\/ee.mlfmonde.org\/bata-sogea\/wp-content\/uploads\/sites\/16\/2026\/02\/IMG_20260108_145320-3-768x1024.jpg 768w, https:\/\/ee.mlfmonde.org\/bata-sogea\/wp-content\/uploads\/sites\/16\/2026\/02\/IMG_20260108_145320-3-225x300.jpg 225w, https:\/\/ee.mlfmonde.org\/bata-sogea\/wp-content\/uploads\/sites\/16\/2026\/02\/IMG_20260108_145320-3-1152x1536.jpg 1152w, https:\/\/ee.mlfmonde.org\/bata-sogea\/wp-content\/uploads\/sites\/16\/2026\/02\/IMG_20260108_145320-3-1536x2048.jpg 1536w, https:\/\/ee.mlfmonde.org\/bata-sogea\/wp-content\/uploads\/sites\/16\/2026\/02\/IMG_20260108_145320-3-scaled.jpg 1920w\" sizes=\"(max-width: 768px) 100vw, 768px\" \/><\/a><\/figure>\n\n\n\n<div class=\"wp-block-cover\" style=\"min-height:269px;aspect-ratio:unset;\"><img decoding=\"async\" width=\"380\" height=\"300\" class=\"wp-block-cover__image-background wp-image-6710\" alt=\"\" src=\"http:\/\/ee.mlfmonde.org\/bata-sogea\/wp-content\/uploads\/sites\/16\/2026\/02\/galette-des-rois-1.gif\" data-object-fit=\"cover\" \/><span aria-hidden=\"true\" class=\"wp-block-cover__background has-background-dim\"><\/span><div class=\"wp-block-cover__inner-container is-layout-flow wp-block-cover-is-layout-flow\">\n<p class=\"has-text-align-center has-large-font-size\"><sup><a href=\"https:\/\/ee.mlfmonde.org\/bata-sogea\/la-galette-des-rois-au-cp-et-en-maternelle\/\">La galette<\/a><\/sup><\/p>\n<\/div><\/div>\n\n\n\n<div class=\"wp-block-cover\" style=\"min-height:271px;aspect-ratio:unset;\"><img loading=\"lazy\" decoding=\"async\" width=\"443\" height=\"277\" class=\"wp-block-cover__image-background wp-image-6711\" alt=\"\" src=\"http:\/\/ee.mlfmonde.org\/bata-sogea\/wp-content\/uploads\/sites\/16\/2026\/02\/carnaval-1.png\" data-object-fit=\"cover\" srcset=\"https:\/\/ee.mlfmonde.org\/bata-sogea\/wp-content\/uploads\/sites\/16\/2026\/02\/carnaval-1.png 443w, https:\/\/ee.mlfmonde.org\/bata-sogea\/wp-content\/uploads\/sites\/16\/2026\/02\/carnaval-1-300x188.png 300w\" sizes=\"(max-width: 443px) 100vw, 443px\" \/><span aria-hidden=\"true\" class=\"wp-block-cover__background has-background-dim\"><\/span><div class=\"wp-block-cover__inner-container is-layout-flow wp-block-cover-is-layout-flow\">\n<p class=\"has-text-align-center has-large-font-size\"><sup><a href=\"https:\/\/ee.mlfmonde.org\/bata-sogea\/le-carnaval-a-lefb\/\">Carnaval<\/a><\/sup><\/p>\n<\/div><\/div>\n<\/div>\n\n\n\n<div class=\"wp-block-media-text is-stacked-on-mobile\" style=\"grid-template-columns:17% auto\"><figure class=\"wp-block-media-text__media\"><img loading=\"lazy\" decoding=\"async\" width=\"563\" height=\"430\" src=\"https:\/\/ee.mlfmonde.org\/bata-sogea\/wp-content\/uploads\/sites\/16\/2026\/02\/land-art-aurelia.jpg\" alt=\"\" class=\"wp-image-6724 size-full\" srcset=\"https:\/\/ee.mlfmonde.org\/bata-sogea\/wp-content\/uploads\/sites\/16\/2026\/02\/land-art-aurelia.jpg 563w, https:\/\/ee.mlfmonde.org\/bata-sogea\/wp-content\/uploads\/sites\/16\/2026\/02\/land-art-aurelia-300x229.jpg 300w\" sizes=\"(max-width: 563px) 100vw, 563px\" \/><\/figure><div class=\"wp-block-media-text__content\">\n<p>Les \u00e9l\u00e8ves participant \u00e0 l&rsquo;activit\u00e9 p\u00e9riscolaire \u00ab\u00a0Arts plastiques\u00a0\u00bb se sont initi\u00e9s au LandArt. Pour voir leur r\u00e9alisation, c&rsquo;est par <a href=\"https:\/\/ee.mlfmonde.org\/bata-sogea\/landart\/\">ici&#8230;<\/a><\/p>\n<\/div><\/div>\n\n\n\n<hr class=\"wp-block-separator has-alpha-channel-opacity\" \/>\n\n\n\n<p>Les \u00e9lections des repr\u00e9sentants au Conseil d&rsquo;\u00e9l\u00e8ves ont eu lieu. La campagne \u00e9lectorale a \u00e9t\u00e9 rude mais les urnes ont parl\u00e9. Voici quelques photos de cet \u00e9v\u00e9nement qui a mobilis\u00e9 nos \u00e9l\u00e8ves.<\/p>\n\n\n\n<figure class=\"wp-block-image size-large is-resized\"><a href=\"https:\/\/ee.mlfmonde.org\/bata-sogea\/elections-au-conseil-deleves\/\"><img loading=\"lazy\" decoding=\"async\" width=\"1024\" height=\"910\" src=\"https:\/\/ee.mlfmonde.org\/bata-sogea\/wp-content\/uploads\/sites\/16\/2026\/02\/elections-1024x910.jpg\" alt=\"\" class=\"wp-image-6738\" style=\"width:127px;height:auto\" srcset=\"https:\/\/ee.mlfmonde.org\/bata-sogea\/wp-content\/uploads\/sites\/16\/2026\/02\/elections-1024x910.jpg 1024w, https:\/\/ee.mlfmonde.org\/bata-sogea\/wp-content\/uploads\/sites\/16\/2026\/02\/elections-300x267.jpg 300w, https:\/\/ee.mlfmonde.org\/bata-sogea\/wp-content\/uploads\/sites\/16\/2026\/02\/elections-768x682.jpg 768w, https:\/\/ee.mlfmonde.org\/bata-sogea\/wp-content\/uploads\/sites\/16\/2026\/02\/elections.jpg 1382w\" sizes=\"(max-width: 1024px) 100vw, 1024px\" \/><\/a><\/figure>\n\n\n\n<div class=\"wp-block-media-text is-stacked-on-mobile\"><figure class=\"wp-block-media-text__media\"><img loading=\"lazy\" decoding=\"async\" width=\"1024\" height=\"316\" src=\"http:\/\/ee.mlfmonde.org\/bata-sogea\/wp-content\/uploads\/sites\/16\/2026\/03\/summertime-9a_-pollock-1024x316.jpg\" alt=\"\" class=\"wp-image-6799 size-full\" srcset=\"https:\/\/ee.mlfmonde.org\/bata-sogea\/wp-content\/uploads\/sites\/16\/2026\/03\/summertime-9a_-pollock-1024x316.jpg 1024w, https:\/\/ee.mlfmonde.org\/bata-sogea\/wp-content\/uploads\/sites\/16\/2026\/03\/summertime-9a_-pollock-300x92.jpg 300w, https:\/\/ee.mlfmonde.org\/bata-sogea\/wp-content\/uploads\/sites\/16\/2026\/03\/summertime-9a_-pollock-768x237.jpg 768w, https:\/\/ee.mlfmonde.org\/bata-sogea\/wp-content\/uploads\/sites\/16\/2026\/03\/summertime-9a_-pollock-1536x473.jpg 1536w, https:\/\/ee.mlfmonde.org\/bata-sogea\/wp-content\/uploads\/sites\/16\/2026\/03\/summertime-9a_-pollock-2048x631.jpg 2048w\" sizes=\"(max-width: 1024px) 100vw, 1024px\" \/><\/figure><div class=\"wp-block-media-text__content\">\n<p>Les \u00e9l\u00e8ves participant \u00e0 l&rsquo;activit\u00e9 p\u00e9riscolaire \u00ab\u00a0Arts plastiques\u00a0\u00bb ont d\u00e9couvert le peintre Jackson Pollock, connu pour la technique du \u00ab\u00a0dripping\u00a0\u00bb. Voici le <a href=\"https:\/\/ee.mlfmonde.org\/bata-sogea\/jackson-pollock-en-aps\/\">r\u00e9sultat<\/a>.<\/p>\n<\/div><\/div>\n","protected":false},"excerpt":{"rendered":"<p>Les \u00e9l\u00e8ves participant \u00e0 l&rsquo;activit\u00e9 p\u00e9riscolaire \u00ab\u00a0Arts plastiques\u00a0\u00bb se sont initi\u00e9s au LandArt. Pour voir leur r\u00e9alisation, c&rsquo;est par ici&#8230; Les \u00e9lections des repr\u00e9sentants au Conseil d&rsquo;\u00e9l\u00e8ves ont eu lieu. La campagne \u00e9lectorale a \u00e9t\u00e9 rude mais les urnes ont parl\u00e9. Voici quelques photos de cet \u00e9v\u00e9nement qui a mobilis\u00e9 nos \u00e9l\u00e8ves. Les \u00e9l\u00e8ves participant [&hellip;]<\/p>\n","protected":false},"author":115,"featured_media":0,"parent":0,"menu_order":0,"comment_status":"closed","ping_status":"closed","template":"","meta":{"_acf_changed":false,"footnotes":""},"class_list":["post-6688","page","type-page","status-publish","czr-hentry"],"acf":[],"_links":{"self":[{"href":"https:\/\/ee.mlfmonde.org\/bata-sogea\/wp-json\/wp\/v2\/pages\/6688","targetHints":{"allow":["GET"]}}],"collection":[{"href":"https:\/\/ee.mlfmonde.org\/bata-sogea\/wp-json\/wp\/v2\/pages"}],"about":[{"href":"https:\/\/ee.mlfmonde.org\/bata-sogea\/wp-json\/wp\/v2\/types\/page"}],"author":[{"embeddable":true,"href":"https:\/\/ee.mlfmonde.org\/bata-sogea\/wp-json\/wp\/v2\/users\/115"}],"replies":[{"embeddable":true,"href":"https:\/\/ee.mlfmonde.org\/bata-sogea\/wp-json\/wp\/v2\/comments?post=6688"}],"version-history":[{"count":22,"href":"https:\/\/ee.mlfmonde.org\/bata-sogea\/wp-json\/wp\/v2\/pages\/6688\/revisions"}],"predecessor-version":[{"id":6817,"href":"https:\/\/ee.mlfmonde.org\/bata-sogea\/wp-json\/wp\/v2\/pages\/6688\/revisions\/6817"}],"wp:attachment":[{"href":"https:\/\/ee.mlfmonde.org\/bata-sogea\/wp-json\/wp\/v2\/media?parent=6688"}],"curies":[{"name":"wp","href":"https:\/\/api.w.org\/{rel}","templated":true}]}}