{"id":6605,"date":"2026-01-15T08:05:02","date_gmt":"2026-01-15T08:05:02","guid":{"rendered":"https:\/\/ee.mlfmonde.org\/bata-sogea\/?page_id=6605"},"modified":"2026-02-01T17:45:53","modified_gmt":"2026-02-01T17:45:53","slug":"telethon-2025","status":"publish","type":"page","link":"https:\/\/ee.mlfmonde.org\/bata-sogea\/telethon-2025\/","title":{"rendered":"T\u00e9l\u00e9thon 2025"},"content":{"rendered":"\n<p>Nos \u00e9l\u00e8ves ont particip\u00e9 comme chaque ann\u00e9e \u00e0 ce grand \u00e9lan de solidarit\u00e9. Merci \u00e0 tous les participants pour leurs efforts mais aussi aux parents qui les ont soutenus! Le montant des dons est de 232 000 Francs CFA, soit 354 euros, somme qui sera revers\u00e9e \u00e0 l&rsquo;association AFM-T\u00e9l\u00e9thon. Que tous les contributeurs en soient remerci\u00e9s!<\/p>\n\n\n\n<p><\/p>\n","protected":false},"excerpt":{"rendered":"<p>Nos \u00e9l\u00e8ves ont particip\u00e9 comme chaque ann\u00e9e \u00e0 ce grand \u00e9lan de solidarit\u00e9. Merci \u00e0 tous les participants pour leurs efforts mais aussi aux parents qui les ont soutenus! Le montant des dons est de 232 000 Francs CFA, soit 354 euros, somme qui sera revers\u00e9e \u00e0 l&rsquo;association AFM-T\u00e9l\u00e9thon. Que tous les contributeurs en soient [&hellip;]<\/p>\n","protected":false},"author":115,"featured_media":0,"parent":0,"menu_order":0,"comment_status":"closed","ping_status":"closed","template":"","meta":{"_acf_changed":false,"footnotes":""},"class_list":["post-6605","page","type-page","status-publish","czr-hentry"],"acf":[],"_links":{"self":[{"href":"https:\/\/ee.mlfmonde.org\/bata-sogea\/wp-json\/wp\/v2\/pages\/6605","targetHints":{"allow":["GET"]}}],"collection":[{"href":"https:\/\/ee.mlfmonde.org\/bata-sogea\/wp-json\/wp\/v2\/pages"}],"about":[{"href":"https:\/\/ee.mlfmonde.org\/bata-sogea\/wp-json\/wp\/v2\/types\/page"}],"author":[{"embeddable":true,"href":"https:\/\/ee.mlfmonde.org\/bata-sogea\/wp-json\/wp\/v2\/users\/115"}],"replies":[{"embeddable":true,"href":"https:\/\/ee.mlfmonde.org\/bata-sogea\/wp-json\/wp\/v2\/comments?post=6605"}],"version-history":[{"count":2,"href":"https:\/\/ee.mlfmonde.org\/bata-sogea\/wp-json\/wp\/v2\/pages\/6605\/revisions"}],"predecessor-version":[{"id":6680,"href":"https:\/\/ee.mlfmonde.org\/bata-sogea\/wp-json\/wp\/v2\/pages\/6605\/revisions\/6680"}],"wp:attachment":[{"href":"https:\/\/ee.mlfmonde.org\/bata-sogea\/wp-json\/wp\/v2\/media?parent=6605"}],"curies":[{"name":"wp","href":"https:\/\/api.w.org\/{rel}","templated":true}]}}