{"id":569,"date":"2017-06-23T16:57:37","date_gmt":"2017-06-23T16:57:37","guid":{"rendered":"http:\/\/ee.mlfmonde.org\/qingdao-technip\/?page_id=569"},"modified":"2026-01-10T12:30:46","modified_gmt":"2026-01-10T12:30:46","slug":"horaires","status":"publish","type":"page","link":"https:\/\/ee.mlfmonde.org\/bata-sogea\/horaires\/","title":{"rendered":"Horaires"},"content":{"rendered":"<p><strong>Cours : <\/strong><\/p>\n<ul>\n<li>TPS : de 8h00 \u00e0 13h00 du lundi au vendredi.<\/li>\n<li>PS \u00e0 CM2 : de 8h00 \u00e0 13h00 du lundi au jeudi et de 8h00 \u00e0 12h00 le vendredi.<\/li>\n<li>6\u00b0 \u00e0 3\u00b0 : de 8h00 \u00e0 13h00 du lundi au vendredi, de 15h00 \u00e0 16h30 le lundi et le mardi et de 15h00 \u00e0 17h00 le mercredi.<\/li>\n<\/ul>\n<p><strong>Activit\u00e9s p\u00e9dagogiques compl\u00e9mentaires <\/strong>(activit\u00e9s facultatives, sur proposition des enseignants aux parents)<strong> :<\/strong><\/p>\n<ul>\n<li>MS \u00e0 CM2 : le vendredi de 12h00 \u00e0 13h00<\/li>\n<\/ul>\n<p><strong>Activit\u00e9s p\u00e9riscolaires :<\/strong><\/p>\n<ul>\n<li>MS \u00e0 3\u00b0 : Les lundis, mardis, mercredis et jeudis, de 15h00 \u00e0 17h00.<\/li>\n<\/ul>\n","protected":false},"excerpt":{"rendered":"<p>Cours : TPS : de 8h00 \u00e0 13h00 du lundi au vendredi. PS \u00e0 CM2 : de 8h00 \u00e0 13h00 du lundi au jeudi et de 8h00 \u00e0 12h00 le vendredi. 6\u00b0 \u00e0 3\u00b0 : de 8h00 \u00e0 13h00 du lundi au vendredi, de 15h00 \u00e0 16h30 le lundi et le mardi et de 15h00 [&hellip;]<\/p>\n","protected":false},"author":115,"featured_media":0,"parent":0,"menu_order":0,"comment_status":"closed","ping_status":"closed","template":"","meta":{"_acf_changed":false,"footnotes":""},"class_list":["post-569","page","type-page","status-publish","czr-hentry"],"acf":[],"_links":{"self":[{"href":"https:\/\/ee.mlfmonde.org\/bata-sogea\/wp-json\/wp\/v2\/pages\/569","targetHints":{"allow":["GET"]}}],"collection":[{"href":"https:\/\/ee.mlfmonde.org\/bata-sogea\/wp-json\/wp\/v2\/pages"}],"about":[{"href":"https:\/\/ee.mlfmonde.org\/bata-sogea\/wp-json\/wp\/v2\/types\/page"}],"author":[{"embeddable":true,"href":"https:\/\/ee.mlfmonde.org\/bata-sogea\/wp-json\/wp\/v2\/users\/115"}],"replies":[{"embeddable":true,"href":"https:\/\/ee.mlfmonde.org\/bata-sogea\/wp-json\/wp\/v2\/comments?post=569"}],"version-history":[{"count":23,"href":"https:\/\/ee.mlfmonde.org\/bata-sogea\/wp-json\/wp\/v2\/pages\/569\/revisions"}],"predecessor-version":[{"id":6490,"href":"https:\/\/ee.mlfmonde.org\/bata-sogea\/wp-json\/wp\/v2\/pages\/569\/revisions\/6490"}],"wp:attachment":[{"href":"https:\/\/ee.mlfmonde.org\/bata-sogea\/wp-json\/wp\/v2\/media?parent=569"}],"curies":[{"name":"wp","href":"https:\/\/api.w.org\/{rel}","templated":true}]}}