{"id":4828,"date":"2022-06-14T10:25:11","date_gmt":"2022-06-14T10:25:11","guid":{"rendered":"http:\/\/ee.mlfmonde.org\/bata-sogea\/?page_id=4828"},"modified":"2022-06-14T10:32:36","modified_gmt":"2022-06-14T10:32:36","slug":"les-5-4-nous-alertent-sur-les-fake-news-2","status":"publish","type":"page","link":"https:\/\/ee.mlfmonde.org\/bata-sogea\/les-5-4-nous-alertent-sur-les-fake-news-2\/","title":{"rendered":"Les 5\u00b0- 4\u00b0 nous alertent sur les FAKE NEWS !"},"content":{"rendered":"<div><\/div>\n<div>\n<table>\n<tbody>\n<tr>\n<td width=\"160\"><a href=\"http:\/\/ee.mlfmonde.org\/bata-sogea\/wp-content\/uploads\/sites\/16\/2022\/06\/Fake-News.mp4\"><img fetchpriority=\"high\" decoding=\"async\" class=\"wp-image-4822 alignleft\" src=\"http:\/\/ee.mlfmonde.org\/bata-sogea\/wp-content\/uploads\/sites\/16\/2022\/06\/Fake-news-300x170.jpg\" alt=\"\" width=\"418\" height=\"237\" srcset=\"https:\/\/ee.mlfmonde.org\/bata-sogea\/wp-content\/uploads\/sites\/16\/2022\/06\/Fake-news-300x170.jpg 300w, https:\/\/ee.mlfmonde.org\/bata-sogea\/wp-content\/uploads\/sites\/16\/2022\/06\/Fake-news-768x436.jpg 768w, https:\/\/ee.mlfmonde.org\/bata-sogea\/wp-content\/uploads\/sites\/16\/2022\/06\/Fake-news-1024x582.jpg 1024w, https:\/\/ee.mlfmonde.org\/bata-sogea\/wp-content\/uploads\/sites\/16\/2022\/06\/Fake-news.jpg 1796w\" sizes=\"(max-width: 418px) 100vw, 418px\" \/><\/a><\/td>\n<td width=\"387\">\n<div>Dans le cadre des <span style=\"color: #0000ff\"><strong>C<\/strong><\/span>lasses <span style=\"color: #0000ff\"><strong>C<\/strong><\/span>ulturelles<span style=\"color: #0000ff\"> N<\/span>um\u00e9riques organis\u00e9es par la MLF, les \u00e9l\u00e8ves des classes de 5e et 4e vont s\u2019int\u00e9resser aux m\u00e9dias.<\/div>\n<div><\/div>\n<div>Apr\u00e8s avoir d\u00e9couvert la nature de l\u2019information, le groupe s\u2019est int\u00e9ress\u00e9 \u00e0 la notion de Fake News. Ils nous aideront \u00e0 rep\u00e9rer ces derni\u00e8res afin de pouvoir naviguer en s\u00e9curit\u00e9 dans l\u2019oc\u00e9an d\u2019information qui s\u2019offre \u00e0 nous avec internet et les r\u00e9seaux sociaux.<\/div>\n<div><\/div>\n<div><strong>Cliquer sur la photo<\/strong>\u00a0pour visionner le film des coll\u00e9giens.<\/div>\n<\/td>\n<\/tr>\n<\/tbody>\n<\/table>\n<\/div>\n","protected":false},"excerpt":{"rendered":"<p>Dans le cadre des Classes Culturelles Num\u00e9riques organis\u00e9es par la MLF, les \u00e9l\u00e8ves des classes de 5e et 4e vont s\u2019int\u00e9resser aux m\u00e9dias. Apr\u00e8s avoir d\u00e9couvert la nature de l\u2019information, le groupe s\u2019est int\u00e9ress\u00e9 \u00e0 la notion de Fake News. Ils nous aideront \u00e0 rep\u00e9rer ces derni\u00e8res afin de pouvoir naviguer en s\u00e9curit\u00e9 dans l\u2019oc\u00e9an [&hellip;]<\/p>\n","protected":false},"author":115,"featured_media":0,"parent":0,"menu_order":0,"comment_status":"closed","ping_status":"closed","template":"","meta":{"_acf_changed":false,"footnotes":""},"class_list":["post-4828","page","type-page","status-publish","czr-hentry"],"acf":[],"_links":{"self":[{"href":"https:\/\/ee.mlfmonde.org\/bata-sogea\/wp-json\/wp\/v2\/pages\/4828","targetHints":{"allow":["GET"]}}],"collection":[{"href":"https:\/\/ee.mlfmonde.org\/bata-sogea\/wp-json\/wp\/v2\/pages"}],"about":[{"href":"https:\/\/ee.mlfmonde.org\/bata-sogea\/wp-json\/wp\/v2\/types\/page"}],"author":[{"embeddable":true,"href":"https:\/\/ee.mlfmonde.org\/bata-sogea\/wp-json\/wp\/v2\/users\/115"}],"replies":[{"embeddable":true,"href":"https:\/\/ee.mlfmonde.org\/bata-sogea\/wp-json\/wp\/v2\/comments?post=4828"}],"version-history":[{"count":7,"href":"https:\/\/ee.mlfmonde.org\/bata-sogea\/wp-json\/wp\/v2\/pages\/4828\/revisions"}],"predecessor-version":[{"id":4837,"href":"https:\/\/ee.mlfmonde.org\/bata-sogea\/wp-json\/wp\/v2\/pages\/4828\/revisions\/4837"}],"wp:attachment":[{"href":"https:\/\/ee.mlfmonde.org\/bata-sogea\/wp-json\/wp\/v2\/media?parent=4828"}],"curies":[{"name":"wp","href":"https:\/\/api.w.org\/{rel}","templated":true}]}}