{"id":4769,"date":"2022-05-07T10:25:39","date_gmt":"2022-05-07T10:25:39","guid":{"rendered":"http:\/\/ee.mlfmonde.org\/bata-sogea\/?page_id=4769"},"modified":"2022-05-18T09:39:53","modified_gmt":"2022-05-18T09:39:53","slug":"lecole-francaise-de-bata-en-competition-a-festimaj-2022","status":"publish","type":"page","link":"https:\/\/ee.mlfmonde.org\/bata-sogea\/lecole-francaise-de-bata-en-competition-a-festimaj-2022\/","title":{"rendered":"L&rsquo;\u00e9cole fran\u00e7aise de Bata en comp\u00e9tition \u00e0 FESTIMAJ 2022"},"content":{"rendered":"<p><img fetchpriority=\"high\" decoding=\"async\" class=\"wp-image-4778 alignleft\" src=\"http:\/\/ee.mlfmonde.org\/bata-sogea\/wp-content\/uploads\/sites\/16\/2022\/05\/FESTIMAJ-2022.jpg\" alt=\"\" width=\"380\" height=\"536\" srcset=\"https:\/\/ee.mlfmonde.org\/bata-sogea\/wp-content\/uploads\/sites\/16\/2022\/05\/FESTIMAJ-2022.jpg 454w, https:\/\/ee.mlfmonde.org\/bata-sogea\/wp-content\/uploads\/sites\/16\/2022\/05\/FESTIMAJ-2022-213x300.jpg 213w\" sizes=\"(max-width: 380px) 100vw, 380px\" \/><\/p>\n<p>&nbsp;<\/p>\n<p>&nbsp;<\/p>\n<p>L&rsquo;\u00e9cole fran\u00e7aise de Bata est d\u00e9cid\u00e9ment un haut lieu du cin\u00e9ma !<\/p>\n<p>En effet, nos deux derni\u00e8res r\u00e9alisations cin\u00e9matographiques ont \u00e9t\u00e9 s\u00e9lectionn\u00e9es par le festival FESTIMAJ pour participer \u00e0 sa comp\u00e9tition internationale du film d&rsquo;\u00e9cole.<\/p>\n<p>Nos deux films s\u00e9lectionn\u00e9s sont :\u00a0<strong><em>La pr\u00e9monition de Bella<\/em><\/strong>, r\u00e9alis\u00e9 en 2021 avec les coll\u00e9giens, quelques enseignants et une \u00e9quipe du Centre culturel \u00e9quato-guin\u00e9en de Bata. Ce premier film concourra dans la cat\u00e9gorie <strong>coll\u00e8ge<\/strong>.<\/p>\n<p>Notre deuxi\u00e8me film s\u00e9lectionn\u00e9 pour participer \u00e0 FESTIMAJ 2022 est <strong><em>L&rsquo;\u00e9preuve pour le mariage. <\/em><\/strong>Il concourra dans la cat\u00e9gorie <strong>\u00e9l\u00e9mentaire.<\/strong> Ce film a \u00e9t\u00e9 r\u00e9alis\u00e9, cette ann\u00e9e, par nos \u00e9l\u00e8ves de cycle III.<\/p>\n<p>Pour en savoir plus sur la gen\u00e8se de ces deux r\u00e9alisations :\u00a0<strong><em><a href=\"https:\/\/ee.mlfmonde.org\/bata-sogea\/debut-de-tournage-de-notre-film-la-joie-coulera-a-flots\/\">La pr\u00e9monition de Bella<\/a>\u00a0 &#8211;\u00a0\u00a0<a href=\"https:\/\/ee.mlfmonde.org\/bata-sogea\/lecole-francaise-de-bata-vous-presente-son-nouveau-film-decole-intitule-lepreuve-pour-le-mariage\/\">L&rsquo;\u00e9preuve pour le mariage<\/a><\/em><\/strong><\/p>\n<p>Pour acc\u00e9der \u00e0 la liste des films en comp\u00e9tition : <a href=\"http:\/\/ee.mlfmonde.org\/bata-sogea\/wp-content\/uploads\/sites\/16\/2022\/05\/Programme-s\u00e9lection-Festimaj-2022.pdf\" target=\"_blank\" rel=\"noopener\">Programme s\u00e9lections Festimaj 2022<\/a><\/p>\n<p>Pour en savoir plus sur le Festival international du film d&rsquo;\u00e9cole <a href=\"https:\/\/www.festimaj.fr\/\">FESTIMAJ<\/a> :<\/p>\n","protected":false},"excerpt":{"rendered":"<p>&nbsp; &nbsp; L&rsquo;\u00e9cole fran\u00e7aise de Bata est d\u00e9cid\u00e9ment un haut lieu du cin\u00e9ma ! En effet, nos deux derni\u00e8res r\u00e9alisations cin\u00e9matographiques ont \u00e9t\u00e9 s\u00e9lectionn\u00e9es par le festival FESTIMAJ pour participer \u00e0 sa comp\u00e9tition internationale du film d&rsquo;\u00e9cole. Nos deux films s\u00e9lectionn\u00e9s sont :\u00a0La pr\u00e9monition de Bella, r\u00e9alis\u00e9 en 2021 avec les coll\u00e9giens, quelques enseignants et [&hellip;]<\/p>\n","protected":false},"author":115,"featured_media":0,"parent":0,"menu_order":0,"comment_status":"closed","ping_status":"closed","template":"","meta":{"_acf_changed":false,"footnotes":""},"class_list":["post-4769","page","type-page","status-publish","czr-hentry"],"acf":[],"_links":{"self":[{"href":"https:\/\/ee.mlfmonde.org\/bata-sogea\/wp-json\/wp\/v2\/pages\/4769","targetHints":{"allow":["GET"]}}],"collection":[{"href":"https:\/\/ee.mlfmonde.org\/bata-sogea\/wp-json\/wp\/v2\/pages"}],"about":[{"href":"https:\/\/ee.mlfmonde.org\/bata-sogea\/wp-json\/wp\/v2\/types\/page"}],"author":[{"embeddable":true,"href":"https:\/\/ee.mlfmonde.org\/bata-sogea\/wp-json\/wp\/v2\/users\/115"}],"replies":[{"embeddable":true,"href":"https:\/\/ee.mlfmonde.org\/bata-sogea\/wp-json\/wp\/v2\/comments?post=4769"}],"version-history":[{"count":10,"href":"https:\/\/ee.mlfmonde.org\/bata-sogea\/wp-json\/wp\/v2\/pages\/4769\/revisions"}],"predecessor-version":[{"id":4786,"href":"https:\/\/ee.mlfmonde.org\/bata-sogea\/wp-json\/wp\/v2\/pages\/4769\/revisions\/4786"}],"wp:attachment":[{"href":"https:\/\/ee.mlfmonde.org\/bata-sogea\/wp-json\/wp\/v2\/media?parent=4769"}],"curies":[{"name":"wp","href":"https:\/\/api.w.org\/{rel}","templated":true}]}}