{"id":4621,"date":"2022-03-01T09:20:05","date_gmt":"2022-03-01T09:20:05","guid":{"rendered":"http:\/\/ee.mlfmonde.org\/bata-sogea\/?page_id=4621"},"modified":"2022-03-11T05:09:56","modified_gmt":"2022-03-11T05:09:56","slug":"exposition-dart-contemporain-ceci-nest-pas-une-chaise","status":"publish","type":"page","link":"https:\/\/ee.mlfmonde.org\/bata-sogea\/exposition-dart-contemporain-ceci-nest-pas-une-chaise\/","title":{"rendered":"Exposition d&rsquo;art contemporain \u00ab\u00a0Ceci n&rsquo;est pas une chaise\u00a0\u00bb"},"content":{"rendered":"<h4>Chers visiteurs, vous d\u00e9couvrirez ci-dessous, une exposition remarquable, r\u00e9alis\u00e9e par les coll\u00e9giens et leur professeur, Mme Badis.<br \/>\nGen\u00e8se de l&rsquo;exposition : <a href=\"https:\/\/ee.mlfmonde.org\/bata-sogea\/ceci-nest-pas-une-chaise\/\"><strong>ici<\/strong><\/a> et <a href=\"https:\/\/ee.mlfmonde.org\/bata-sogea\/les-collegiens-preparent-une-exposition-dart-contemporain\/\">l\u00e0<\/a><\/h4>\n<table>\n<tbody>\n<tr>\n<td width=\"201\"><img fetchpriority=\"high\" decoding=\"async\" class=\"wp-image-4623 size-medium aligncenter\" src=\"http:\/\/ee.mlfmonde.org\/bata-sogea\/wp-content\/uploads\/sites\/16\/2022\/03\/1bis-240x300.jpg\" alt=\"\" width=\"240\" height=\"300\" srcset=\"https:\/\/ee.mlfmonde.org\/bata-sogea\/wp-content\/uploads\/sites\/16\/2022\/03\/1bis-240x300.jpg 240w, https:\/\/ee.mlfmonde.org\/bata-sogea\/wp-content\/uploads\/sites\/16\/2022\/03\/1bis.jpg 437w\" sizes=\"(max-width: 240px) 100vw, 240px\" \/><\/p>\n<p style=\"text-align: center\"><strong>Cherry Blossom<\/strong>\u00a0 Damien Hirst<\/p>\n<\/td>\n<td width=\"201\">\n<p style=\"text-align: left\"><span style=\"font-family: 'Lucida Calligraphy'\">Mon \u0153uvre est inspir\u00e9e du tableau intitul\u00e9 <strong>Cherry Blossom<\/strong>, r\u00e9alis\u00e9 par <strong>Damien Hirst.<\/strong> Les \u00e9l\u00e9ments caract\u00e9ristiques qui s&rsquo;en d\u00e9gagent sont la repr\u00e9sentation d&rsquo;un arbre, le cerisier, qui est en fleurs.<\/span><\/p>\n<p style=\"text-align: left\"><span style=\"font-family: 'Lucida Calligraphy'\">Les fleurs sont faites de petits points de couleurs, \u00e0 la mani\u00e8re du <strong>pointillisme<\/strong>, et rendent l&rsquo;ensemble tr\u00e8s<strong> doux<\/strong> et <strong>color\u00e9<\/strong>. <\/span><\/p>\n<p style=\"text-align: left\"><span style=\"font-family: 'Lucida Calligraphy'\">C&rsquo;est cette impression d&rsquo;immersion dans le <strong>printemps japonais<\/strong> que j&rsquo;ai voulu faire revivre dans mon \u0153uvre personnelle.<\/span><\/p>\n<p style=\"text-align: left\"><span style=\"font-family: 'Lucida Calligraphy'\"><strong>Lisa 6\u00b0<\/strong><\/span><span style=\"font-family: 'Lucida Calligraphy'\">\u00a0 \u00a0 \u00a0 \u00a0 \u00a0 \u00a0 \u00a0 \u00a0 \u00a0 \u00a0 \u00a0 \u00a0 \u00a0 \u00a0 \u00a0 \u00a0 \u00a0 \u00a0 \u00a0 \u00a0 \u00a0 \u00a0 \u00a0 \u00a0 \u00a0 \u00a0 \u00a0 \u00a0 \u00a0 \u00a0 \u00a0\u00a0<\/span><\/p>\n<\/td>\n<td width=\"201\"><img decoding=\"async\" class=\"wp-image-4700 size-full aligncenter\" src=\"http:\/\/ee.mlfmonde.org\/bata-sogea\/wp-content\/uploads\/sites\/16\/2022\/03\/1..jpg\" alt=\"\" width=\"328\" height=\"474\" srcset=\"https:\/\/ee.mlfmonde.org\/bata-sogea\/wp-content\/uploads\/sites\/16\/2022\/03\/1..jpg 328w, https:\/\/ee.mlfmonde.org\/bata-sogea\/wp-content\/uploads\/sites\/16\/2022\/03\/1.-208x300.jpg 208w\" sizes=\"(max-width: 328px) 100vw, 328px\" \/><\/td>\n<\/tr>\n<\/tbody>\n<\/table>\n<table style=\"height: 535px\" width=\"1410\">\n<tbody>\n<tr>\n<td width=\"201\"><img decoding=\"async\" class=\"aligncenter wp-image-4627 size-full\" src=\"http:\/\/ee.mlfmonde.org\/bata-sogea\/wp-content\/uploads\/sites\/16\/2022\/03\/2..jpg\" alt=\"\" width=\"454\" height=\"325\" srcset=\"https:\/\/ee.mlfmonde.org\/bata-sogea\/wp-content\/uploads\/sites\/16\/2022\/03\/2..jpg 454w, https:\/\/ee.mlfmonde.org\/bata-sogea\/wp-content\/uploads\/sites\/16\/2022\/03\/2.-300x215.jpg 300w\" sizes=\"(max-width: 454px) 100vw, 454px\" \/><\/td>\n<td width=\"201\">\n<p style=\"text-align: left\"><strong><span style=\"font-family: 'Lucida Calligraphy';font-weight: normal\">Mon \u0153uvre est inspir\u00e9e du tableau intitul\u00e9 V<strong>alley of the Waterfalls<\/strong>, r\u00e9alis\u00e9 par <strong>Jane Deakin<\/strong>. C\u2019est un tableau appartenant \u00e0 l\u2019art abstrait.<br \/>\nCe qui m\u2019a plu, c\u2019est que les <strong>interpr\u00e9tations<\/strong> des spectateurs peuvent diff\u00e9rer grandement d\u2019une personne \u00e0 l\u2019autre. <\/span><\/strong><\/p>\n<p style=\"text-align: left\"><strong><span style=\"font-family: 'Lucida Calligraphy';font-weight: normal\">Cela m\u2019a laiss\u00e9 la libert\u00e9 de ma propre interpr\u00e9tation.<br \/>\n<\/span><\/strong><strong><span style=\"font-family: 'Lucida Calligraphy';font-weight: normal\">Pour cela, j\u2019ai utilis\u00e9 un fond noir sur lequel j\u2019ai appos\u00e9 des touches de <strong>peinture vives<\/strong> afin d\u2019apporter un contraste de couleur qui symbolise la limite entre le r\u00e9el et l\u2019irr\u00e9el, le factuel et la <strong>perception personnelle<\/strong>. Une partie de mon tableau est plus claire que les autres, elle symbolise le <strong>d\u00e9nominateur commun<\/strong> entre toutes les interpr\u00e9tations pouvant \u00eatre faites par les spectateurs, \u00e0 savoir leur c\u00f4t\u00e9 <strong>unique et intime<\/strong> li\u00e9 au v\u00e9cu, \u00e0 la personnalit\u00e9 et au <strong>chemin de vi<\/strong>e de chacun.<\/span><\/strong><\/p>\n<p style=\"text-align: left\"><strong style=\"text-align: right;font-family: inherit;font-size: inherit\"><span style=\"font-family: 'Lucida Calligraphy'\">Abdoul 6\u00b0<\/span><\/strong><\/p>\n<\/td>\n<td width=\"201\"><img loading=\"lazy\" decoding=\"async\" class=\"wp-image-4628 size-full aligncenter\" src=\"http:\/\/ee.mlfmonde.org\/bata-sogea\/wp-content\/uploads\/sites\/16\/2022\/03\/2bis.jpg\" alt=\"\" width=\"460\" height=\"308\" srcset=\"https:\/\/ee.mlfmonde.org\/bata-sogea\/wp-content\/uploads\/sites\/16\/2022\/03\/2bis.jpg 460w, https:\/\/ee.mlfmonde.org\/bata-sogea\/wp-content\/uploads\/sites\/16\/2022\/03\/2bis-300x201.jpg 300w\" sizes=\"(max-width: 460px) 100vw, 460px\" \/><\/p>\n<p style=\"text-align: center\"><strong>Valley of the Waterfalls\u00a0\u00a0<\/strong>Jane Deakin<\/p>\n<\/td>\n<\/tr>\n<\/tbody>\n<\/table>\n<table>\n<tbody>\n<tr>\n<td width=\"201\"><img loading=\"lazy\" decoding=\"async\" class=\"aligncenter wp-image-4633 size-full\" src=\"http:\/\/ee.mlfmonde.org\/bata-sogea\/wp-content\/uploads\/sites\/16\/2022\/03\/3bis.jpg\" alt=\"\" width=\"423\" height=\"331\" srcset=\"https:\/\/ee.mlfmonde.org\/bata-sogea\/wp-content\/uploads\/sites\/16\/2022\/03\/3bis.jpg 423w, https:\/\/ee.mlfmonde.org\/bata-sogea\/wp-content\/uploads\/sites\/16\/2022\/03\/3bis-300x235.jpg 300w\" sizes=\"(max-width: 423px) 100vw, 423px\" \/><\/p>\n<p style=\"text-align: center\"><strong>Forever Bicycles\u00a0 <\/strong>Ai Weiwei<\/p>\n<\/td>\n<td width=\"201\"><strong><span style=\"font-family: 'Lucida Calligraphy';font-weight: normal\">Ma cr\u00e9ation est inspir\u00e9e de l\u2019\u0153uvre <\/span><\/strong><strong><span style=\"font-family: 'Lucida Calligraphy'\">Forever bicycles<\/span><\/strong><strong><span style=\"font-family: 'Lucida Calligraphy';font-weight: normal\"> de <\/span><\/strong><strong><span style=\"font-family: 'Lucida Calligraphy'\">Ai Weiwei<\/span><\/strong><strong><span style=\"font-family: 'Lucida Calligraphy';font-weight: normal\">.<\/span><\/strong> <strong><span style=\"font-family: 'Lucida Calligraphy';font-weight: normal\">Elle repr\u00e9sente un ensemble de plusieurs v\u00e9los <\/span><\/strong><strong><span style=\"font-family: 'Lucida Calligraphy'\">compil\u00e9s<\/span><\/strong><strong><span style=\"font-family: 'Lucida Calligraphy';font-weight: normal\">, cela exprime la <\/span><\/strong><strong><span style=\"font-family: 'Lucida Calligraphy'\">libert\u00e9<\/span><\/strong><strong><span style=\"font-family: 'Lucida Calligraphy';font-weight: normal\">, le fait qu\u2019on ne doit pas se donner des <\/span><\/strong><strong><span style=\"font-family: 'Lucida Calligraphy'\">limites<\/span><\/strong><strong><span style=\"font-family: 'Lucida Calligraphy';font-weight: normal\">.<\/span><\/strong><\/p>\n<p><strong><span style=\"font-family: 'Lucida Calligraphy';font-weight: normal\">C\u2019est pour cela qu\u2019il y en a beaucoup<\/span><\/strong><strong><span style=\"font-family: 'Lucida Calligraphy';font-weight: normal\">. Les couleurs sont unies, l&rsquo;artiste joue surtout avec la <\/span><\/strong><strong><span style=\"font-family: 'Lucida Calligraphy'\">lumi\u00e8re <\/span><\/strong><strong><span style=\"font-family: 'Lucida Calligraphy';font-weight: normal\">et les <\/span><\/strong><strong><span style=\"font-family: 'Lucida Calligraphy'\">formes<\/span><\/strong><strong><span style=\"font-family: 'Lucida Calligraphy';font-weight: normal\">. Je me suis inspir\u00e9 de son <\/span><\/strong><strong><span style=\"font-family: 'Lucida Calligraphy'\">style conceptuel<\/span><\/strong><strong><span style=\"font-family: 'Lucida Calligraphy';font-weight: normal\"> afin de mettre \u00e0 l\u2019honneur la chaise au milieu de cet emboitement tr\u00e8s <\/span><\/strong><strong><span style=\"font-family: 'Lucida Calligraphy'\">structur\u00e9<\/span><\/strong><strong><span style=\"font-family: 'Lucida Calligraphy';font-weight: normal\"> de parties <\/span><\/strong><strong><span style=\"font-family: 'Lucida Calligraphy'\">m\u00e9talliques<\/span><\/strong><strong><span style=\"font-family: 'Lucida Calligraphy';font-weight: normal\"> du v\u00e9lo. <\/span><\/strong><\/p>\n<p><strong><span style=\"font-family: 'Lucida Calligraphy';font-weight: normal\"><strong>Yohann 4\u00b0<\/strong><\/span><\/strong><\/td>\n<td width=\"201\"><img loading=\"lazy\" decoding=\"async\" class=\"aligncenter wp-image-4632 size-full\" src=\"http:\/\/ee.mlfmonde.org\/bata-sogea\/wp-content\/uploads\/sites\/16\/2022\/03\/3.jpg\" alt=\"\" width=\"307\" height=\"375\" srcset=\"https:\/\/ee.mlfmonde.org\/bata-sogea\/wp-content\/uploads\/sites\/16\/2022\/03\/3.jpg 307w, https:\/\/ee.mlfmonde.org\/bata-sogea\/wp-content\/uploads\/sites\/16\/2022\/03\/3-246x300.jpg 246w\" sizes=\"(max-width: 307px) 100vw, 307px\" \/><\/td>\n<\/tr>\n<\/tbody>\n<\/table>\n<table>\n<tbody>\n<tr>\n<td width=\"201\">\n<p style=\"text-align: center\"><img loading=\"lazy\" decoding=\"async\" class=\"alignnone wp-image-4635 size-full\" src=\"http:\/\/ee.mlfmonde.org\/bata-sogea\/wp-content\/uploads\/sites\/16\/2022\/03\/4.jpg\" alt=\"\" width=\"375\" height=\"320\" srcset=\"https:\/\/ee.mlfmonde.org\/bata-sogea\/wp-content\/uploads\/sites\/16\/2022\/03\/4.jpg 375w, https:\/\/ee.mlfmonde.org\/bata-sogea\/wp-content\/uploads\/sites\/16\/2022\/03\/4-300x256.jpg 300w\" sizes=\"(max-width: 375px) 100vw, 375px\" \/><\/p>\n<\/td>\n<td width=\"201\"><strong><span style=\"font-family: 'Lucida Calligraphy';font-weight: normal\">Mon \u0153uvre d\u00e9crit en grandes lignes la vie de <\/span><\/strong><strong><span style=\"font-family: 'Lucida Calligraphy'\">Jean-Michel Basquiat<\/span><\/strong><strong><span style=\"font-family: 'Lucida Calligraphy';font-weight: normal\">, peintre am\u00e9ricain \u00e0 la vie tragique. Sa carri\u00e8re est \u00e0 peine lanc\u00e9e qu\u2019il plonge dans l\u2019univers des <\/span><\/strong><strong><span style=\"font-family: 'Lucida Calligraphy'\">drogues<\/span><\/strong><strong><span style=\"font-family: 'Lucida Calligraphy';font-weight: normal\">. Il augmente sa consommation en d\u00e9pensant les sommes consid\u00e9rables qu\u2019il gagne en tant qu\u2019<\/span><\/strong><strong><span style=\"font-family: 'Lucida Calligraphy'\">artiste<\/span><\/strong><strong><span style=\"font-family: 'Lucida Calligraphy';font-weight: normal\"> tr\u00e8s pris\u00e9 sur le <\/span><\/strong><strong><span style=\"font-family: 'Lucida Calligraphy'\">march\u00e9 de l\u2019art<\/span><\/strong><strong><span style=\"font-family: 'Lucida Calligraphy';font-weight: normal\">.<\/span><\/strong><\/p>\n<p><strong><span style=\"font-family: 'Lucida Calligraphy';font-weight: normal\">Tr\u00e8s profond\u00e9ment affect\u00e9 par la mort d\u2019un grand ami, <\/span><\/strong><strong><span style=\"font-family: 'Lucida Calligraphy'\">Andy Warhol<\/span><\/strong><strong><span style=\"font-family: 'Lucida Calligraphy';font-weight: normal\">, il fera une overdose de coca\u00efne un an plus tard. Son \u0153uvre repr\u00e9sente son <\/span><\/strong><strong><span style=\"font-family: 'Lucida Calligraphy'\">angoisse, <\/span><\/strong><strong><span style=\"font-family: 'Lucida Calligraphy';font-weight: normal\">sa<\/span><\/strong><strong><span style=\"font-family: 'Lucida Calligraphy'\"> tristesse<\/span><\/strong><strong><span style=\"font-family: 'Lucida Calligraphy';font-weight: normal\"> et v\u00e9hicule une atmosph\u00e8re lourde et froide. <\/span><\/strong><\/p>\n<p><strong><span style=\"font-family: 'Lucida Calligraphy'\">Monica 4\u00b0<\/span><\/strong><\/td>\n<td width=\"201\">\n<p style=\"text-align: center\"><img loading=\"lazy\" decoding=\"async\" class=\"alignnone wp-image-4636 size-full\" src=\"http:\/\/ee.mlfmonde.org\/bata-sogea\/wp-content\/uploads\/sites\/16\/2022\/03\/4bis.jpg\" alt=\"\" width=\"454\" height=\"276\" srcset=\"https:\/\/ee.mlfmonde.org\/bata-sogea\/wp-content\/uploads\/sites\/16\/2022\/03\/4bis.jpg 454w, https:\/\/ee.mlfmonde.org\/bata-sogea\/wp-content\/uploads\/sites\/16\/2022\/03\/4bis-300x182.jpg 300w\" sizes=\"(max-width: 454px) 100vw, 454px\" \/><\/p>\n<p style=\"text-align: center\"><strong>Slave Auction<\/strong> Jean-Michel Basquiat<\/p>\n<\/td>\n<\/tr>\n<\/tbody>\n<\/table>\n<table>\n<tbody>\n<tr>\n<td width=\"201\"><img loading=\"lazy\" decoding=\"async\" class=\"aligncenter wp-image-4640 size-full\" src=\"http:\/\/ee.mlfmonde.org\/bata-sogea\/wp-content\/uploads\/sites\/16\/2022\/03\/5.BIS_.jpg\" alt=\"\" width=\"378\" height=\"252\" srcset=\"https:\/\/ee.mlfmonde.org\/bata-sogea\/wp-content\/uploads\/sites\/16\/2022\/03\/5.BIS_.jpg 378w, https:\/\/ee.mlfmonde.org\/bata-sogea\/wp-content\/uploads\/sites\/16\/2022\/03\/5.BIS_-300x200.jpg 300w\" sizes=\"(max-width: 378px) 100vw, 378px\" \/><\/p>\n<p style=\"text-align: center\"><strong>Rainbow Smiley<\/strong> Takashi Murakami<\/p>\n<\/td>\n<td width=\"201\"><strong><span style=\"font-family: 'Lucida Calligraphy';font-weight: normal\">Mon \u0153uvre est inspir\u00e9e du tableau intitul\u00e9 <\/span><\/strong><strong><span style=\"font-family: 'Lucida Calligraphy'\">Rainbow Smiley<\/span><\/strong><strong><span style=\"font-family: 'Lucida Calligraphy';font-weight: normal\"> r\u00e9alis\u00e9 par <\/span><\/strong><strong><span style=\"font-family: 'Lucida Calligraphy'\">Takashi Murakami<\/span><\/strong><strong><span style=\"font-family: 'Lucida Calligraphy';font-weight: normal\">. Les \u00e9l\u00e9ments caract\u00e9ristiques qui s\u2019en d\u00e9gagent sont les <\/span><\/strong><strong><span style=\"font-family: 'Lucida Calligraphy'\">couleurs <\/span><\/strong><strong><span style=\"font-family: 'Lucida Calligraphy';font-weight: normal\">tr\u00e8s <\/span><\/strong><strong><span style=\"font-family: 'Lucida Calligraphy'\">vives<\/span><\/strong><strong><span style=\"font-family: 'Lucida Calligraphy';font-weight: normal\">, des <\/span><\/strong><strong><span style=\"font-family: 'Lucida Calligraphy'\">formes arrondies<\/span><\/strong><strong><span style=\"font-family: 'Lucida Calligraphy';font-weight: normal\">, des fleurs avec des expressions de smiley qui rendent l\u2019univers de l\u2019artiste tr\u00e8s joyeux, dans un style cor\u00e9en \u00ab\u00a0<\/span><\/strong><strong><span style=\"font-family: 'Lucida Calligraphy'\">kawai<\/span><\/strong><strong><span style=\"font-family: 'Lucida Calligraphy';font-weight: normal\">\u00a0\u00bb qui signifie \u00ab\u00a0<\/span><\/strong><strong><span style=\"font-family: 'Lucida Calligraphy'\">mignon<\/span><\/strong><strong><span style=\"font-family: 'Lucida Calligraphy';font-weight: normal\">\u00a0\u00bb en fran\u00e7ais.<\/span><\/strong><\/p>\n<p><strong><span style=\"font-family: 'Lucida Calligraphy';font-weight: normal\">Pour mon interpr\u00e9tation personnelle de l\u2019univers de l\u2019artiste, j\u2019ai r\u00e9investi ce c\u00f4t\u00e9 color\u00e9 et enfantin. <\/span><\/strong><\/p>\n<p><strong><span style=\"font-family: 'Lucida Calligraphy'\">Carlos 6\u00b0<\/span><\/strong><\/td>\n<td width=\"201\"><img loading=\"lazy\" decoding=\"async\" class=\"aligncenter wp-image-4639 size-full\" src=\"http:\/\/ee.mlfmonde.org\/bata-sogea\/wp-content\/uploads\/sites\/16\/2022\/03\/5..jpg\" alt=\"\" width=\"493\" height=\"356\" srcset=\"https:\/\/ee.mlfmonde.org\/bata-sogea\/wp-content\/uploads\/sites\/16\/2022\/03\/5..jpg 493w, https:\/\/ee.mlfmonde.org\/bata-sogea\/wp-content\/uploads\/sites\/16\/2022\/03\/5.-300x217.jpg 300w\" sizes=\"(max-width: 493px) 100vw, 493px\" \/><\/td>\n<\/tr>\n<\/tbody>\n<\/table>\n<table>\n<tbody>\n<tr>\n<td width=\"201\"><img loading=\"lazy\" decoding=\"async\" class=\"aligncenter wp-image-4642 size-full\" src=\"http:\/\/ee.mlfmonde.org\/bata-sogea\/wp-content\/uploads\/sites\/16\/2022\/03\/unnamed-file.jpg\" alt=\"\" width=\"311\" height=\"454\" srcset=\"https:\/\/ee.mlfmonde.org\/bata-sogea\/wp-content\/uploads\/sites\/16\/2022\/03\/unnamed-file.jpg 311w, https:\/\/ee.mlfmonde.org\/bata-sogea\/wp-content\/uploads\/sites\/16\/2022\/03\/unnamed-file-206x300.jpg 206w\" sizes=\"(max-width: 311px) 100vw, 311px\" \/><\/td>\n<td width=\"201\"><span style=\"font-family: 'Lucida Calligraphy'\">Notre <strong><span style=\"font-family: 'Lucida Calligraphy';font-weight: normal\">\u0153uvre<\/span><\/strong> est inspir\u00e9e des tableaux intitul\u00e9s <strong>Parachute et R\u00e9gion<\/strong> qui ont \u00e9t\u00e9 r\u00e9alis\u00e9s par <strong>Pierre Montillo<\/strong>.<\/span><\/p>\n<p><span style=\"font-family: 'Lucida Calligraphy'\">Les \u00e9l\u00e9ments caract\u00e9ristiques qui s\u2019en d\u00e9gagent sont les formes tr\u00e8s <strong>g\u00e9om\u00e9triques<\/strong>, voire graphiques, qui constituent le <strong>paysage <\/strong>d\u00e9peint ainsi que des couleurs dominantes tr\u00e8s contrast\u00e9es telles que le rouge, le gris, le blanc et le noir.<\/span><\/p>\n<p><span style=\"font-family: 'Lucida Calligraphy'\">Pour notre <strong>interpr\u00e9tation<\/strong>, nous avons <strong>fusionn\u00e9<\/strong> les \u00e9l\u00e9ments cl\u00e9s de chacune de ses \u0153uvres pour former une repr\u00e9sentation sur le th\u00e8me de la libert\u00e9 repr\u00e9sent\u00e9e par un parachute dans la ville d\u2019aujourd\u2019hui, caract\u00e9ris\u00e9e par son <strong>aspect b\u00e9tonn\u00e9, uniforme et g\u00e9om\u00e9trique<\/strong>.<\/span><\/p>\n<p><strong><span style=\"font-family: 'Lucida Calligraphy'\">Lucia et Asil 5\u00b0<\/span><\/strong><\/td>\n<td width=\"201\">&nbsp;<\/p>\n<p><img loading=\"lazy\" decoding=\"async\" class=\"aligncenter wp-image-4644 size-full\" src=\"http:\/\/ee.mlfmonde.org\/bata-sogea\/wp-content\/uploads\/sites\/16\/2022\/03\/6bis..jpg\" alt=\"\" width=\"378\" height=\"378\" srcset=\"https:\/\/ee.mlfmonde.org\/bata-sogea\/wp-content\/uploads\/sites\/16\/2022\/03\/6bis..jpg 378w, https:\/\/ee.mlfmonde.org\/bata-sogea\/wp-content\/uploads\/sites\/16\/2022\/03\/6bis.-150x150.jpg 150w, https:\/\/ee.mlfmonde.org\/bata-sogea\/wp-content\/uploads\/sites\/16\/2022\/03\/6bis.-300x300.jpg 300w\" sizes=\"(max-width: 378px) 100vw, 378px\" \/><\/p>\n<p style=\"text-align: center\"><strong>Parachute et R\u00e9gion<\/strong> Pierre Montillo<\/p>\n<\/td>\n<\/tr>\n<\/tbody>\n<\/table>\n<p><strong>Ceci n&rsquo;est pas une chaise :<\/strong> suite de l&rsquo;exposition, cliquer sur les miniatures.<\/p>\n\n\t\t<style type=\"text\/css\">\n\t\t\t#gallery-1 {\n\t\t\t\tmargin: auto;\n\t\t\t}\n\t\t\t#gallery-1 .gallery-item {\n\t\t\t\tfloat: left;\n\t\t\t\tmargin-top: 10px;\n\t\t\t\ttext-align: center;\n\t\t\t\twidth: 16%;\n\t\t\t}\n\t\t\t#gallery-1 img {\n\t\t\t\tborder: 2px solid #cfcfcf;\n\t\t\t}\n\t\t\t#gallery-1 .gallery-caption {\n\t\t\t\tmargin-left: 0;\n\t\t\t}\n\t\t\t\/* see gallery_shortcode() in wp-includes\/media.php *\/\n\t\t<\/style>\n\t\t<div id='gallery-1' class='gallery galleryid-4621 gallery-columns-6 gallery-size-thumbnail'><dl class='gallery-item'>\n\t\t\t<dt class='gallery-icon landscape'>\n\t\t\t\t<a class=\"grouped_elements\" rel=\"tc-fancybox-group\" href=\"https:\/\/ee.mlfmonde.org\/bata-sogea\/wp-content\/uploads\/sites\/16\/2022\/03\/Chaise-monstrueuse.jpg\" title=\"Chaise monstrueuse\"><img loading=\"lazy\" decoding=\"async\" width=\"150\" height=\"150\" src=\"https:\/\/ee.mlfmonde.org\/bata-sogea\/wp-content\/uploads\/sites\/16\/2022\/03\/Chaise-monstrueuse-150x150.jpg\" class=\"attachment-thumbnail size-thumbnail\" alt=\"\" \/><\/a>\n\t\t\t<\/dt><\/dl><dl class='gallery-item'>\n\t\t\t<dt class='gallery-icon portrait'>\n\t\t\t\t<a class=\"grouped_elements\" rel=\"tc-fancybox-group\" href=\"https:\/\/ee.mlfmonde.org\/bata-sogea\/wp-content\/uploads\/sites\/16\/2022\/03\/La-chaise-coffre-au-tr\u00e9sor.jpg\" title=\"La chaise coffre au tr\u00e9sor\"><img loading=\"lazy\" decoding=\"async\" width=\"150\" height=\"150\" src=\"https:\/\/ee.mlfmonde.org\/bata-sogea\/wp-content\/uploads\/sites\/16\/2022\/03\/La-chaise-coffre-au-tr\u00e9sor-150x150.jpg\" class=\"attachment-thumbnail size-thumbnail\" alt=\"\" \/><\/a>\n\t\t\t<\/dt><\/dl><dl class='gallery-item'>\n\t\t\t<dt class='gallery-icon portrait'>\n\t\t\t\t<a class=\"grouped_elements\" rel=\"tc-fancybox-group\" href=\"https:\/\/ee.mlfmonde.org\/bata-sogea\/wp-content\/uploads\/sites\/16\/2022\/03\/Si\u00e8ge-\u00e9jectable.jpg\" title=\"Si\u00e8ge \u00e9jectable\"><img loading=\"lazy\" decoding=\"async\" width=\"150\" height=\"150\" src=\"https:\/\/ee.mlfmonde.org\/bata-sogea\/wp-content\/uploads\/sites\/16\/2022\/03\/Si\u00e8ge-\u00e9jectable-150x150.jpg\" class=\"attachment-thumbnail size-thumbnail\" alt=\"\" \/><\/a>\n\t\t\t<\/dt><\/dl><dl class='gallery-item'>\n\t\t\t<dt class='gallery-icon landscape'>\n\t\t\t\t<a class=\"grouped_elements\" rel=\"tc-fancybox-group\" href=\"https:\/\/ee.mlfmonde.org\/bata-sogea\/wp-content\/uploads\/sites\/16\/2022\/03\/Chaise-\u00e0-monter-chaise-\u00e0-compter-et-chaise-\u00e9chiquier.jpg\" title=\"Chaise \u00e0 monter, chaise \u00e0 compter et chaise \u00e9chiquier\"><img loading=\"lazy\" decoding=\"async\" width=\"150\" height=\"150\" src=\"https:\/\/ee.mlfmonde.org\/bata-sogea\/wp-content\/uploads\/sites\/16\/2022\/03\/Chaise-\u00e0-monter-chaise-\u00e0-compter-et-chaise-\u00e9chiquier-150x150.jpg\" class=\"attachment-thumbnail size-thumbnail\" alt=\"\" \/><\/a>\n\t\t\t<\/dt><\/dl><dl class='gallery-item'>\n\t\t\t<dt class='gallery-icon landscape'>\n\t\t\t\t<a class=\"grouped_elements\" rel=\"tc-fancybox-group\" href=\"https:\/\/ee.mlfmonde.org\/bata-sogea\/wp-content\/uploads\/sites\/16\/2022\/03\/Chaise-de-r\u00eave-chaise-tr\u00e8s-confortable-et-chaise-de-cirque.jpg\" title=\"Chaise de r\u00eave, chaise tr\u00e8s confortable et chaise de cirque\"><img loading=\"lazy\" decoding=\"async\" width=\"150\" height=\"150\" src=\"https:\/\/ee.mlfmonde.org\/bata-sogea\/wp-content\/uploads\/sites\/16\/2022\/03\/Chaise-de-r\u00eave-chaise-tr\u00e8s-confortable-et-chaise-de-cirque-150x150.jpg\" class=\"attachment-thumbnail size-thumbnail\" alt=\"\" \/><\/a>\n\t\t\t<\/dt><\/dl><dl class='gallery-item'>\n\t\t\t<dt class='gallery-icon portrait'>\n\t\t\t\t<a class=\"grouped_elements\" rel=\"tc-fancybox-group\" href=\"https:\/\/ee.mlfmonde.org\/bata-sogea\/wp-content\/uploads\/sites\/16\/2022\/03\/Chaise-explosive.jpg\" title=\"Chaise explosive\"><img loading=\"lazy\" decoding=\"async\" width=\"150\" height=\"150\" src=\"https:\/\/ee.mlfmonde.org\/bata-sogea\/wp-content\/uploads\/sites\/16\/2022\/03\/Chaise-explosive-150x150.jpg\" class=\"attachment-thumbnail size-thumbnail\" alt=\"\" \/><\/a>\n\t\t\t<\/dt><\/dl><br style=\"clear: both\" \/>\n\t\t<\/div>\n\n<p style=\"text-align: center\"><strong><span style=\"font-family: 'Lucida Calligraphy'\">Livre d\u2019or de l\u2019exposition <a href=\"https:\/\/ee.mlfmonde.org\/bata-sogea\/livre-dor\/\">ici<\/a><\/span><\/strong><b><\/b><\/p>\n","protected":false},"excerpt":{"rendered":"<p>Chers visiteurs, vous d\u00e9couvrirez ci-dessous, une exposition remarquable, r\u00e9alis\u00e9e par les coll\u00e9giens et leur professeur, Mme Badis. Gen\u00e8se de l&rsquo;exposition : ici et l\u00e0 Cherry Blossom\u00a0 Damien Hirst Mon \u0153uvre est inspir\u00e9e du tableau intitul\u00e9 Cherry Blossom, r\u00e9alis\u00e9 par Damien Hirst. Les \u00e9l\u00e9ments caract\u00e9ristiques qui s&rsquo;en d\u00e9gagent sont la repr\u00e9sentation d&rsquo;un arbre, le cerisier, qui [&hellip;]<\/p>\n","protected":false},"author":115,"featured_media":0,"parent":0,"menu_order":0,"comment_status":"closed","ping_status":"closed","template":"","meta":{"_acf_changed":false,"footnotes":""},"class_list":["post-4621","page","type-page","status-publish","czr-hentry"],"acf":[],"_links":{"self":[{"href":"https:\/\/ee.mlfmonde.org\/bata-sogea\/wp-json\/wp\/v2\/pages\/4621","targetHints":{"allow":["GET"]}}],"collection":[{"href":"https:\/\/ee.mlfmonde.org\/bata-sogea\/wp-json\/wp\/v2\/pages"}],"about":[{"href":"https:\/\/ee.mlfmonde.org\/bata-sogea\/wp-json\/wp\/v2\/types\/page"}],"author":[{"embeddable":true,"href":"https:\/\/ee.mlfmonde.org\/bata-sogea\/wp-json\/wp\/v2\/users\/115"}],"replies":[{"embeddable":true,"href":"https:\/\/ee.mlfmonde.org\/bata-sogea\/wp-json\/wp\/v2\/comments?post=4621"}],"version-history":[{"count":21,"href":"https:\/\/ee.mlfmonde.org\/bata-sogea\/wp-json\/wp\/v2\/pages\/4621\/revisions"}],"predecessor-version":[{"id":4625,"href":"https:\/\/ee.mlfmonde.org\/bata-sogea\/wp-json\/wp\/v2\/pages\/4621\/revisions\/4625"}],"wp:attachment":[{"href":"https:\/\/ee.mlfmonde.org\/bata-sogea\/wp-json\/wp\/v2\/media?parent=4621"}],"curies":[{"name":"wp","href":"https:\/\/api.w.org\/{rel}","templated":true}]}}